-- Table structure for table `oc_share_external`
--

CREATE TABLE `oc_share_external` (
  `id` int(11) NOT NULL AUTO_INCREMENT,
  `remote` varchar(512) COLLATE utf8_bin NOT NULL COMMENT 'Url of the remove owncloud instance',
  `share_token` varchar(64) COLLATE utf8_bin NOT NULL COMMENT 'Public share token',
  `password` varchar(64) COLLATE utf8_bin DEFAULT NULL COMMENT 'Optional password for the public share',
  `name` varchar(64) COLLATE utf8_bin NOT NULL COMMENT 'Original name on the remote server',
  `owner` varchar(64) COLLATE utf8_bin NOT NULL COMMENT 'User that owns the public share on the remote server',
  `user` varchar(64) COLLATE utf8_bin NOT NULL COMMENT 'Local user which added the external share',
  `mountpoint` varchar(4000) COLLATE utf8_bin NOT NULL COMMENT 'Full path where the share is mounted',
  `mountpoint_hash` varchar(32) COLLATE utf8_bin NOT NULL COMMENT 'md5 hash of the mountpoint',
  `remote_id` int(11) NOT NULL DEFAULT '-1',
  `accepted` int(11) NOT NULL DEFAULT '0',
  PRIMARY KEY (`id`),
  UNIQUE KEY `sh_external_mp` (`user`,`mountpoint_hash`),
  KEY `sh_external_user` (`user`)
) ENGINE=InnoDB DEFAULT CHARSET=utf8 COLLATE=utf8_bin;

--
-- Dumping data for table `oc_share_external`
--


--
-- Table structure for table `oc_storages`
--

CREATE TABLE `oc_storages` (
  `id` varchar(64) COLLATE utf8_bin DEFAULT NULL,
  `numeric_id` int(11) NOT NULL AUTO_INCREMENT,
  PRIMARY KEY (`numeric_id`),
  UNIQUE KEY `storages_id_index` (`id`)
) ENGINE=InnoDB AUTO_INCREMENT=86 DEFAULT CHARSET=utf8 COLLATE=utf8_bin;

--
-- Dumping data for table `oc_storages`
--

INSERT INTO `oc_storages` VALUES ('home::ACG',56),('home::EXT',43),('home::GF',40),('home::LF',41),('home::MB',42),('home::anr',83),('home::anz',10),('home::aro',46),('home::beq',11),('home::bew',12),('home::cki',14),('home::dmu',70),('home::dob',8),('home::econtel',68),('home::eha',79),('home::eka',77),('home::ese',74),('home::fkr',19),('home::gok',20),('home::hsc',84),('home::ibi',50),('home::jdu',23),('home::jma',24),('home::jmo',25),('home::jpi',49),('home::jsc',80),('home::jta',75),('home::jwr',7),('home::kar',4),('home::kay',38),('home::lmw',26),('home::mak',51),('home::mar',28),('home::mas',52),('home::may',60),('home::mbi',61),('home::mgr',57),('home::mhu',29),('home::mma',30),('home::moc',9),('home::mre',73),('home::msc',31),('home::mzi',76),('home::oc-001-admin',1),('home::pkr',32),('home::pro',82),('home::pzi',64),('home::rna',58),('home::rro',33),('home::rsc',48),('home::sbl',66),('home::sbo',81),('home::ser',72),('home::service1',55),('home::service2',54),('home::sot',34),('home::tki',3),('home::tkl',35),('home::tko',45),('home::tli',6),('home::uos',53),('home::uwe',36),('home::vhi',37),('home::vwe',85),('home::wof',62),('local::/var/www/oc-001/oc-data/',2);

--
-- Table structure for table `oc_users`
--

CREATE TABLE `oc_users` (
  `uid` varchar(64) COLLATE utf8_bin NOT NULL DEFAULT '',
  `displayname` varchar(64) COLLATE utf8_bin DEFAULT NULL,
  `password` varchar(255) COLLATE utf8_bin NOT NULL DEFAULT '',
  PRIMARY KEY (`uid`)
) ENGINE=InnoDB DEFAULT CHARSET=utf8 COLLATE=utf8_bin;

--
-- Dumping data for table `oc_users`
--

INSERT INTO `oc_users` VALUES ('ACG','ACG Praha','1|$2y$10$syBm8J4udWv4Ors.YMjTIe3niMciQGdy8hM7h2HRYBemh32Vg1trO'),('EXT','Extern','$2a$08$BDAsQ05cb8Bh91jV98bCn.sPitgPc.fYsxgmqGKrhq4RCdvmppHL2'),('GF','Leitungsebene','$2a$08$JAMfW9VvVZ8MfvW3Jq7tZOhtTyOaCT5wjV/80guBE7QEzPcWa1Sxq'),('LF','Lohnfertigung','$2a$08$cLrTz7GDQWzT4DRfFZrpZ.UlByw24TzOxUS5ORSeJxFWLSMfYbj32'),('MB','Maschinenbau','1|$2y$10$icQ9QVKZgmrTZ66y/A/1PeR.VLLdbsTAlg2/wOK4o8i2ONLFIpTIi'),('anr','Anett Röder','1|$2y$10$Labva2T255yewO65N16thuYK2.ndkwZCYV3QLE/yxwOVYJHHPkTT.'),('anz','Andreas Zeugner','1|$2y$10$qG1rObkdHZ85RmztDt8eXOX10LCo0kNXrRIi.2qneNKxwi0BJFmlO'),('aro','Anett Röttig','1|$2y$10$8FsiRzl04l3F9nEpWDrn.uyeds1ZdWzugWJDWG/T5JHa./1RbZHd6'),('beq','Benjamin Quellmalz','1|$2y$10$Y4UesHy3pOyFMWvUAWFNHuXp7UqOg7dTIMTF7iDQPcn8cC/c3gpIK'),('bew','Bert Wensel','1|$2y$10$fQ9RQZbN.jdxKEV6VhocauzSCUc0CFabOEJbWpVkwJM1fQ4gLjH5i'),('cki','Christhild Kimme','1|$2y$10$t7aSYeodPgHndqybLnXLZuJRW0l4p5FCz7hkreo1hBq6pGPstxqU6'),('dmu','David Müller','1|$2y$10$OPl3oh.dqtvcvGf0KT/dXejUKGwQHOtQZq4HqYqKFyAS35tsZ1x6m'),('dob','Dominique Bauch','1|$2y$10$vEHTC7/ZYa9fnp30hJQOYu47HTieXQ8KDi0zjAC6usv97lsKHYv/6'),('econtel','econtel Münster','1|$2y$10$dsWMYkpLYygau68tff6/tu99s0oOsEL2vvRhORHFsD2KlTtH.0w9O'),('eha','Elke Hartwig','1|$2y$10$eylo/lMzG1Y9N2fXVrIPEON2UMkOjHjamcm5e6FAIEbb.DftCWFFO'),('eka','Eric Kasymov','1|$2y$10$SfoAuFJNae7oTo4PFgCJk.5Aqr1v2Wnomdo73miMZFt1iK72YAXC.'),('ese','Erik Seiner','1|$2y$10$2oqd/criLa13/r.BBv2AqOl7RPs/R2p.sO1DQyP92F75GW6Rttaim'),('fkr','Frank Krug','1|$2y$10$XNo3G1CjLqNZc/aaKOzHlOl8Dj1sQmkNFhllAbgJDS35lEU39YZSW'),('gok','Gordon Klimm','1|$2y$10$A5gSO.u1RBlhpFDCWgK4S./ZQRfhXiLHfGG55qiyaMPrYdjbcGdI2'),('hsc','Hendrik Schuricht','1|$2y$10$K7NONL.d9qmXLD7ZGnNdduQSoBeH4tWfyaMrmcHi3B1q4/SWExQqe'),('ibi','István BIRÓ','1|$2y$10$Crthnnx739wfEYT0j./Z..L6D8hV2sKoiWQpTWE2vRlfZ.919u5aq'),('jdu','Jens Dunger','1|$2y$10$R.wWKOG7rv1segbslgvlru83YrEuOAuBXLUFk5fyA8FOXyvvKV3Eu'),('jma','Jens Mauersberger','1|$2y$10$mSjL/muhib96n/PQSFsqLe7q6B9fUnm2Jme6vypVl4AtQGy0WECbi'),('jmo','Johannes Moritz','1|$2y$10$weQpqMSWiCqmbaaHHRwpTOhU4hLgDbYh4uoIEoAvu3X1xohDvMueC'),('jpi','José PINHEIRO','1|$2y$10$g4QbRTAbIvLF3/h7D4Uswe3pj6uSfi8irrDRO9Yc9l5s8I1TP0JXW'),('jsc','Jörg Schmalian','1|$2y$10$hQfxwaPEl0XTF3TD1xEwXuI/1E1zavqgF2uYmXclEQfsZ7QV.0gXy'),('jta','Jens Taubenheim','1|$2y$10$CHF7Q9DmOFe8SfWTWndwz.lnqpLtO43LB2w9wZD9yEu3L71TJu/gS'),('jwr','Jacek W. Rogalewski','1|$2y$10$oqHgQLWNwdlARsccM2DarOKPuEwzzUfIl0XBh1bNtynys6gjilrLe'),('kar','Katrin Rüger','1|$2y$10$DivTZ9sgBx7wn7Rd1wb3WOgDJ4jV3Qe7gR6bL/Kc7dXNkkH6cipS6'),('kay','Kemal AYDIN','1|$2y$10$oAT5mc.b.JFNUQkyD.I4/eOZcSaKxSPiY0OMo7zk8jyZ3mxNvrVpS'),('lmw',NULL,'1|$2y$10$bOtqAboHOaTlox3d/oqFpepjexJHTLcGZXNnQTg3vKoDWvMLwpm/S'),('mak','Maximilian Kürth','1|$2y$10$22tmV.BkFqRbpFzLjRoYPODbPgfNVpECMDYLudQ5uuQO0QXhCdn0O'),('mar','Maria Klimm','1|$2y$10$4QHysv8GLL89V17Yv8QZfeZKOFm.VAxIf9kVrLvgIT8F8taGK5L2K'),('mas','Mandy Seifert','1|$2y$10$RiEyX2mEwvu4KUdGc6SvzeUgJetcPve693pVaGlZKS0wAyBZqChAO'),('may','Melanie May','1|$2y$10$M8I34mTSfPal5VWfp93C4Ohs4/JynuYoS.lPxVfulmJYRCHQ4zguG'),('mbi','Martin Bienek','1|$2y$10$5Dzx6y0yKAv8wTt.6rN.B.MyOafNCG4SFAym835IYFqZqyu1K4PYa'),('mgr','Marco Griglione','1|$2y$10$0zjRljswUg.4k24IdQV6nuhvK1AshpQ/mK1TJQhEiR.W5gMwWT9Xq'),('mhu','Matthias Hubricht','$2a$08$FptMd4la4ENcTb.6A0s58ewcCy99/eeDKTWMUXhhQFtkX0hl4hzQK'),('mma','Martin Mahnstein','1|$2y$10$tzq6p6zNRPnJcT4leathnO03Smm/YKOw3yC2Vgx0DMlP4BoTALFtS'),('moc','Hans-Michael Ochlich','1|$2y$10$yDJuWlWXrZ3HofjQ5nqLVOSXIEon7l8RzkUFM/2dw0SohaAAWjYIW'),('mre','Martin Reiter','1|$2y$10$DG6gzYK.ovdZLkhrO57UPeZWF9TcZxorDURDBIerGzSSLJ6/I/P3a'),('msc','Matthias Schulze','1|$2y$10$b/atDPmjWktWv5n6QLA8JuhUuW9uEQUZSML8X2aJrXB2xx2fEJgOa'),('mzi','Marcel Ziller','1|$2y$10$rvvy.PE2Be56OCXOLu.ESOE/P8AIMDNNtXnHdNm9TakorDFNGQFD.'),('oc-001-admin','LASERVORM_oc_admin','1|$2y$10$Io0xKBt1uhmdYR1TusJ2B.H35rvVFwDV2y.JKUywdprCCtNnuf3Ym'),('pkr','Peter Kruck','$2a$08$XwE2uehhKTfvG1bpShoNZOf0euRnjq7yXHbVmPpVVhe9xht.y..su'),('pro','Patrick Röder','1|$2y$10$39WIpk/CHGcZiFbJbpPypOrrvDiZaUwfsibuVbL4GZt/8C7ATPb4e'),('pzi','Philipp Zimmer','1|$2y$10$kI7vvUdAIXtTlPM837tUGuF4k2N268QuGP2nSK/tPtIbxLNDjIKQq'),('rna','R. Narendran','1|$2y$10$AowL973te0qytQpr3.O76eDDlZDEGwz3jYmBoQrqMJ1II.StaPNZW'),('rro','Rico Römer','1|$2y$10$.qOg/0IsnDjm376fmEDZD.sGwZjp.e2gF7jVzbaB7KZ0Lu9RIkfxy'),('rsc','Robby Hubricht','1|$2y$10$EHRIx67UgkSm.asOZNLotuuCG8DwUe3pMo2.W7pejaRg6tpsyQHYy'),('sbl','Stefanie Ziller','1|$2y$10$iRob0g894hfCDcQYa9ZJ2ODvFXC.vbLdCVAbDi/YvUYbscau.KLoS'),('sbo','Sven Bochmann','1|$2y$10$FRaa8B1tj2CZ2Zm0tEDUdeCS3QnLEyVmyLG.dbvNaOMBPC.jgEWju'),('ser','Sandra Ernst','1|$2y$10$E6wEmqd5QSBg6t/4ARWwtOigPNhUzK5ep.ePGFyNbTdFnQ2274GAq'),('service1',NULL,'1|$2y$10$.LLs43qsWSYxebulNsdVZeaKf32IHil3obCjdK5FGN3YOOTk.NARm'),('service2',NULL,'1|$2y$10$e.3Eu75AjKb00jcEVCnjTun2TaIQQtsZLPxac6.axqRpFCU5J4zsa'),('sot','Sebastian Otto','1|$2y$10$KFy9RfmU8IkDoHCwDERCtOvW1HyGNzr.v9KzmeR9WN6wGN/RA5JVy'),('tki','Thomas Kimme','1|$2y$10$EnMmvpomG7sa4/x3fRXzQeZ8a.j2VySx2OiQPz5UYPXCDswb9RJzC'),('tkl','Tom Klietsch','$2a$08$X.WFZvXnMIUGUjrLxonpjeUqjp7cApP/Pa8DMlIGN8xD0cv96OwEe'),('tko','Thomas Köhler','1|$2y$10$tnKU5Fbo9d638BUGtHu07O.nvn2owPDg0QHZkBdJgHBlhRNa3.wOG'),('tli','Tommy Lindner','1|$2y$10$a7OI6aCqHk.GS3F.eCYCKO2jInxEZkbGUJn/miHB645LD.VaaCVea'),('uos','Umut Onur SAHIN','1|$2y$10$zu2kL9lAbwUzdQPNqSWtHu0sFhaV/OmJWFPdXYOWIkQ70HzE0Oqvi'),('uwe','Undine Weber','1|$2y$10$m2O5pj2iYIZWauQynpMma.vC7B2ej7DBy9UvR43I7F2anZ9vtnW7K'),('vhi','Volker Hintzsche','1|$2y$10$ywONSUOqfImUH6Ro4yOUDO2Ck38ree8PrdOCfjE8nUO8ZLarbzOSq'),('vwe','Vincent Westenberg','1|$2y$10$dLcjvDyDsz/EC2ProXil.Ooa1kZWG6QlbpjZ2U/2FZMkNGCQO.g.C'),('wof','Wolfgang Fütterer','1|$2y$10$b2NxOlks6ewewN/Mmssuye0Or9hPpX7BBDUlfHr2PDl5X91f8y9/i');

--
-- Table structure for table `oc_vcategory`
--

CREATE TABLE `oc_vcategory` (
  `id` int(10) unsigned NOT NULL AUTO_INCREMENT,
  `uid` varchar(64) COLLATE utf8_bin NOT NULL DEFAULT '',
  `type` varchar(64) COLLATE utf8_bin NOT NULL DEFAULT '',
  `category` varchar(255) COLLATE utf8_bin NOT NULL DEFAULT '',
  PRIMARY KEY (`id`),
  KEY `uid_index` (`uid`),
  KEY `type_index` (`type`),
  KEY `category_index` (`category`)
) ENGINE=InnoDB AUTO_INCREMENT=1293 DEFAULT CHARSET=utf8 COLLATE=utf8_bin;

--
-- Dumping data for table `oc_vcategory`
--

INSERT INTO `oc_vcategory` VALUES (1,'oc-001-admin','event','Geburtstag'),(2,'oc-001-admin','event','Geschäftlich'),(3,'oc-001-admin','event','Anruf'),(4,'oc-001-admin','event','Kunden'),(5,'oc-001-admin','event','Lieferant'),(6,'oc-001-admin','event','Urlaub'),(7,'oc-001-admin','event','Ideen'),(8,'oc-001-admin','event','Reise'),(9,'oc-001-admin','event','Jubiläum'),(10,'oc-001-admin','event','Treffen'),(11,'oc-001-admin','event','Anderes'),(12,'oc-001-admin','event','Persönlich'),(13,'oc-001-admin','event','Projekte'),(14,'oc-001-admin','event','Fragen'),(15,'oc-001-admin','event','Arbeit'),(16,'tki','event','Geburtstag'),(17,'tki','event','Geschäftlich'),(18,'tki','event','Anruf'),(19,'tki','event','Kunden'),(20,'tki','event','Lieferant'),(21,'tki','event','Urlaub'),(22,'tki','event','Ideen'),(23,'tki','event','Reise'),(24,'tki','event','Jubiläum'),(25,'tki','event','Treffen'),(26,'tki','event','Anderes'),(27,'tki','event','Persönlich'),(28,'tki','event','Projekte'),(29,'tki','event','Fragen'),(30,'tki','event','Arbeit'),(31,'kar','event','Geburtstag'),(32,'kar','event','Geschäftlich'),(33,'kar','event','Anruf'),(34,'kar','event','Kunden'),(35,'kar','event','Lieferant'),(36,'kar','event','Urlaub'),(37,'kar','event','Ideen'),(38,'kar','event','Reise'),(39,'kar','event','Jubiläum'),(40,'kar','event','Treffen'),(41,'kar','event','Anderes'),(42,'kar','event','Persönlich'),(43,'kar','event','Projekte'),(44,'kar','event','Fragen'),(45,'kar','event','Arbeit'),(46,'luehr','event','Geburtstag'),(47,'luehr','event','Geschäftlich'),(48,'luehr','event','Anruf'),(49,'luehr','event','Kunden'),(50,'luehr','event','Lieferant'),(51,'luehr','event','Urlaub'),(52,'luehr','event','Ideen'),(53,'luehr','event','Reise'),(54,'luehr','event','Jubiläum'),(55,'luehr','event','Treffen'),(56,'luehr','event','Anderes'),(57,'luehr','event','Persönlich'),(58,'luehr','event','Projekte'),(59,'luehr','event','Fragen'),(60,'luehr','event','Arbeit'),(61,'tli','event','Geburtstag'),(62,'tli','event','Geschäftlich'),(63,'tli','event','Anruf'),(64,'tli','event','Kunden'),(65,'tli','event','Lieferant'),(66,'tli','event','Urlaub'),(67,'tli','event','Ideen'),(68,'tli','event','Reise'),(69,'tli','event','Jubiläum'),(70,'tli','event','Treffen'),(71,'tli','event','Anderes'),(72,'tli','event','Persönlich'),(73,'tli','event','Projekte'),(74,'tli','event','Fragen'),(75,'tli','event','Arbeit'),(76,'tli','event','inquiry'),(77,'tki','contact','PL'),(78,'tki','contact','LV'),(79,'jwr','event','Geburtstag'),(80,'jwr','event','Geschäftlich'),(81,'jwr','event','Anruf'),(82,'jwr','event','Kunden'),(83,'jwr','event','Lieferant'),(84,'jwr','event','Urlaub'),(85,'jwr','event','Ideen'),(86,'jwr','event','Reise'),(87,'jwr','event','Jubiläum'),(88,'jwr','event','Treffen'),(89,'jwr','event','Anderes'),(90,'jwr','event','Persönlich'),(91,'jwr','event','Projekte'),(92,'jwr','event','Fragen'),(93,'jwr','event','Arbeit'),(94,'dob','event','Geburtstag'),(95,'dob','event','Geschäftlich'),(96,'dob','event','Anruf'),(97,'dob','event','Kunden'),(98,'dob','event','Lieferant'),(99,'dob','event','Urlaub'),(100,'dob','event','Ideen'),(101,'dob','event','Reise'),(102,'dob','event','Jubiläum'),(103,'dob','event','Treffen'),(104,'dob','event','Anderes'),(105,'dob','event','Persönlich'),(106,'dob','event','Projekte'),(107,'dob','event','Fragen'),(108,'dob','event','Arbeit'),(109,'moc','event','Geburtstag'),(110,'moc','event','Geschäftlich'),(111,'moc','event','Anruf'),(112,'moc','event','Kunden'),(113,'moc','event','Lieferant'),(114,'moc','event','Urlaub'),(115,'moc','event','Ideen'),(116,'moc','event','Reise'),(117,'moc','event','Jubiläum'),(118,'moc','event','Treffen'),(119,'moc','event','Anderes'),(120,'moc','event','Persönlich'),(121,'moc','event','Projekte'),(122,'moc','event','Fragen'),(123,'moc','event','Arbeit'),(124,'','event','Geburtstag'),(125,'','event','Geschäftlich'),(126,'','event','Anruf'),(127,'','event','Kunden'),(128,'','event','Lieferant'),(129,'','event','Urlaub'),(130,'','event','Ideen'),(131,'','event','Reise'),(132,'','event','Jubiläum'),(133,'','event','Treffen'),(134,'','event','Anderes'),(135,'','event','Persönlich'),(136,'','event','Projekte'),(137,'','event','Fragen'),(138,'','event','Arbeit'),(140,'jdu','event','Geburtstag'),(141,'jdu','event','Geschäftlich'),(142,'jdu','event','Anruf'),(143,'jdu','event','Kunden'),(144,'jdu','event','Lieferant'),(145,'jdu','event','Urlaub'),(146,'jdu','event','Ideen'),(147,'jdu','event','Reise'),(148,'jdu','event','Jubiläum'),(149,'jdu','event','Treffen'),(150,'jdu','event','Anderes'),(151,'jdu','event','Persönlich'),(152,'jdu','event','Projekte'),(153,'jdu','event','Fragen'),(154,'jdu','event','Arbeit'),(155,'tli','contact','sales (tki)'),(156,'jdu','event','Besprechung'),(157,'uwe','event','Geburtstag'),(158,'uwe','event','Geschäftlich'),(159,'uwe','event','Anruf'),(160,'uwe','event','Kunden'),(161,'uwe','event','Lieferant'),(162,'uwe','event','Urlaub'),(163,'uwe','event','Ideen'),(164,'uwe','event','Reise'),(165,'uwe','event','Jubiläum'),(166,'uwe','event','Treffen'),(167,'uwe','event','Anderes'),(168,'uwe','event','Persönlich'),(169,'uwe','event','Projekte'),(170,'uwe','event','Fragen'),(171,'uwe','event','Arbeit'),(172,'mca','event','Geburtstag'),(173,'mca','event','Geschäftlich'),(174,'mca','event','Anruf'),(175,'mca','event','Kunden'),(176,'mca','event','Lieferant'),(177,'mca','event','Urlaub'),(178,'mca','event','Ideen'),(179,'mca','event','Reise'),(180,'mca','event','Jubiläum'),(181,'mca','event','Treffen'),(182,'mca','event','Anderes'),(183,'mca','event','Persönlich'),(184,'mca','event','Projekte'),(185,'mca','event','Fragen'),(186,'mca','event','Arbeit'),(188,'lmw','event','Geburtstag'),(189,'lmw','event','Geschäftlich'),(190,'lmw','event','Anruf'),(191,'lmw','event','Kunden'),(192,'lmw','event','Lieferant'),(193,'lmw','event','Urlaub'),(194,'lmw','event','Ideen'),(195,'lmw','event','Reise'),(196,'lmw','event','Jubiläum'),(197,'lmw','event','Treffen'),(198,'lmw','event','Anderes'),(199,'lmw','event','Persönlich'),(200,'lmw','event','Projekte'),(201,'lmw','event','Fragen'),(202,'lmw','event','Arbeit'),(203,'GF','event','Geburtstag'),(204,'GF','event','Geschäftlich'),(205,'GF','event','Anruf'),(206,'GF','event','Kunden'),(207,'GF','event','Lieferant'),(208,'GF','event','Urlaub'),(209,'GF','event','Ideen'),(210,'GF','event','Reise'),(211,'GF','event','Jubiläum'),(212,'GF','event','Treffen'),(213,'GF','event','Anderes'),(214,'GF','event','Persönlich'),(215,'GF','event','Projekte'),(216,'GF','event','Fragen'),(217,'GF','event','Arbeit'),(218,'LF','event','Geburtstag'),(219,'LF','event','Geschäftlich'),(220,'LF','event','Anruf'),(221,'LF','event','Kunden'),(222,'LF','event','Lieferant'),(223,'LF','event','Urlaub'),(224,'LF','event','Ideen'),(225,'LF','event','Reise'),(226,'LF','event','Jubiläum'),(227,'LF','event','Treffen'),(228,'LF','event','Anderes'),(229,'LF','event','Persönlich'),(230,'LF','event','Projekte'),(231,'LF','event','Fragen'),(232,'LF','event','Arbeit'),(233,'MB','event','Geburtstag'),(234,'MB','event','Geschäftlich'),(235,'MB','event','Anruf'),(236,'MB','event','Kunden'),(237,'MB','event','Lieferant'),(238,'MB','event','Urlaub'),(239,'MB','event','Ideen'),(240,'MB','event','Reise'),(241,'MB','event','Jubiläum'),(242,'MB','event','Treffen'),(243,'MB','event','Anderes'),(244,'MB','event','Persönlich'),(245,'MB','event','Projekte'),(246,'MB','event','Fragen'),(247,'MB','event','Arbeit'),(248,'EXT','event','Geburtstag'),(249,'EXT','event','Geschäftlich'),(250,'EXT','event','Anruf'),(251,'EXT','event','Kunden'),(252,'EXT','event','Lieferant'),(253,'EXT','event','Urlaub'),(254,'EXT','event','Ideen'),(255,'EXT','event','Reise'),(256,'EXT','event','Jubiläum'),(257,'EXT','event','Treffen'),(258,'EXT','event','Anderes'),(259,'EXT','event','Persönlich'),(260,'EXT','event','Projekte'),(261,'EXT','event','Fragen'),(262,'EXT','event','Arbeit'),(263,'cki','event','Geburtstag'),(264,'cki','event','Geschäftlich'),(265,'cki','event','Anruf'),(266,'cki','event','Kunden'),(267,'cki','event','Lieferant'),(268,'cki','event','Urlaub'),(269,'cki','event','Ideen'),(270,'cki','event','Reise'),(271,'cki','event','Jubiläum'),(272,'cki','event','Treffen'),(273,'cki','event','Anderes'),(274,'cki','event','Persönlich'),(275,'cki','event','Projekte'),(276,'cki','event','Fragen'),(277,'cki','event','Arbeit'),(278,'vhi','event','Geburtstag'),(279,'vhi','event','Geschäftlich'),(280,'vhi','event','Anruf'),(281,'vhi','event','Kunden'),(282,'vhi','event','Lieferant'),(283,'vhi','event','Urlaub'),(284,'vhi','event','Ideen'),(285,'vhi','event','Reise'),(286,'vhi','event','Jubiläum'),(287,'vhi','event','Treffen'),(288,'vhi','event','Anderes'),(289,'vhi','event','Persönlich'),(290,'vhi','event','Projekte'),(291,'vhi','event','Fragen'),(292,'vhi','event','Arbeit'),(293,'anz','event','Geburtstag'),(294,'anz','event','Geschäftlich'),(295,'anz','event','Anruf'),(296,'anz','event','Kunden'),(297,'anz','event','Lieferant'),(298,'anz','event','Urlaub'),(299,'anz','event','Ideen'),(300,'anz','event','Reise'),(301,'anz','event','Jubiläum'),(302,'anz','event','Treffen'),(303,'anz','event','Anderes'),(304,'anz','event','Persönlich'),(305,'anz','event','Projekte'),(306,'anz','event','Fragen'),(307,'anz','event','Arbeit'),(308,'dki','event','Geburtstag'),(309,'dki','event','Geschäftlich'),(310,'dki','event','Anruf'),(311,'dki','event','Kunden'),(312,'dki','event','Lieferant'),(313,'dki','event','Urlaub'),(314,'dki','event','Ideen'),(315,'dki','event','Reise'),(316,'dki','event','Jubiläum'),(317,'dki','event','Treffen'),(318,'dki','event','Anderes'),(319,'dki','event','Persönlich'),(320,'dki','event','Projekte'),(321,'dki','event','Fragen'),(322,'dki','event','Arbeit'),(323,'bob','event','Geburtstag'),(324,'bob','event','Geschäftlich'),(325,'bob','event','Anruf'),(326,'bob','event','Kunden'),(327,'bob','event','Lieferant'),(328,'bob','event','Urlaub'),(329,'bob','event','Ideen'),(330,'bob','event','Reise'),(331,'bob','event','Jubiläum'),(332,'bob','event','Treffen'),(333,'bob','event','Anderes'),(334,'bob','event','Persönlich'),(335,'bob','event','Projekte'),(336,'bob','event','Fragen'),(337,'bob','event','Arbeit'),(338,'dkr','event','Geburtstag'),(339,'dkr','event','Geschäftlich'),(340,'dkr','event','Anruf'),(341,'dkr','event','Kunden'),(342,'dkr','event','Lieferant'),(343,'dkr','event','Urlaub'),(344,'dkr','event','Ideen'),(345,'dkr','event','Reise'),(346,'dkr','event','Jubiläum'),(347,'dkr','event','Treffen'),(348,'dkr','event','Anderes'),(349,'dkr','event','Persönlich'),(350,'dkr','event','Projekte'),(351,'dkr','event','Fragen'),(352,'dkr','event','Arbeit'),(353,'jma','event','Geburtstag'),(354,'jma','event','Geschäftlich'),(355,'jma','event','Anruf'),(356,'jma','event','Kunden'),(357,'jma','event','Lieferant'),(358,'jma','event','Urlaub'),(359,'jma','event','Ideen'),(360,'jma','event','Reise'),(361,'jma','event','Jubiläum'),(362,'jma','event','Treffen'),(363,'jma','event','Anderes'),(364,'jma','event','Persönlich'),(365,'jma','event','Projekte'),(366,'jma','event','Fragen'),(367,'jma','event','Arbeit'),(368,'tkl','event','Geburtstag'),(369,'tkl','event','Geschäftlich'),(370,'tkl','event','Anruf'),(371,'tkl','event','Kunden'),(372,'tkl','event','Lieferant'),(373,'tkl','event','Urlaub'),(374,'tkl','event','Ideen'),(375,'tkl','event','Reise'),(376,'tkl','event','Jubiläum'),(377,'tkl','event','Treffen'),(378,'tkl','event','Anderes'),(379,'tkl','event','Persönlich'),(380,'tkl','event','Projekte'),(381,'tkl','event','Fragen'),(382,'tkl','event','Arbeit'),(383,'msc','event','Geburtstag'),(384,'msc','event','Geschäftlich'),(385,'msc','event','Anruf'),(386,'msc','event','Kunden'),(387,'msc','event','Lieferant'),(388,'msc','event','Urlaub'),(389,'msc','event','Ideen'),(390,'msc','event','Reise'),(391,'msc','event','Jubiläum'),(392,'msc','event','Treffen'),(393,'msc','event','Anderes'),(394,'msc','event','Persönlich'),(395,'msc','event','Projekte'),(396,'msc','event','Fragen'),(397,'msc','event','Arbeit'),(398,'bew','event','Birthday'),(399,'bew','event','Business'),(400,'bew','event','Call'),(401,'bew','event','Clients'),(402,'bew','event','Deliverer'),(403,'bew','event','Holidays'),(404,'bew','event','Ideas'),(405,'bew','event','Journey'),(406,'bew','event','Jubilee'),(407,'bew','event','Meeting'),(408,'bew','event','Other'),(409,'bew','event','Personal'),(410,'bew','event','Projects'),(411,'bew','event','Questions'),(412,'bew','event','Work'),(413,'dil','event','Geburtstag'),(414,'dil','event','Geschäftlich'),(415,'dil','event','Anruf'),(416,'dil','event','Kunden'),(417,'dil','event','Lieferant'),(418,'dil','event','Urlaub'),(419,'dil','event','Ideen'),(420,'dil','event','Reise'),(421,'dil','event','Jubiläum'),(422,'dil','event','Treffen'),(423,'dil','event','Anderes'),(424,'dil','event','Persönlich'),(425,'dil','event','Projekte'),(426,'dil','event','Fragen'),(427,'dil','event','Arbeit'),(428,'mar','event','Geburtstag'),(429,'mar','event','Geschäftlich'),(430,'mar','event','Anruf'),(431,'mar','event','Kunden'),(432,'mar','event','Lieferant'),(433,'mar','event','Urlaub'),(434,'mar','event','Ideen'),(435,'mar','event','Reise'),(436,'mar','event','Jubiläum'),(437,'mar','event','Treffen'),(438,'mar','event','Anderes'),(439,'mar','event','Persönlich'),(440,'mar','event','Projekte'),(441,'mar','event','Fragen'),(442,'mar','event','Arbeit'),(443,'xxx','event','Geburtstag'),(444,'xxx','event','Geschäftlich'),(445,'xxx','event','Anruf'),(446,'xxx','event','Kunden'),(447,'xxx','event','Lieferant'),(448,'xxx','event','Urlaub'),(449,'xxx','event','Ideen'),(450,'xxx','event','Reise'),(451,'xxx','event','Jubiläum'),(452,'xxx','event','Treffen'),(453,'xxx','event','Anderes'),(454,'xxx','event','Persönlich'),(455,'xxx','event','Projekte'),(456,'xxx','event','Fragen'),(457,'xxx','event','Arbeit'),(458,'rro','event','Geburtstag'),(459,'rro','event','Geschäftlich'),(460,'rro','event','Anruf'),(461,'rro','event','Kunden'),(462,'rro','event','Lieferant'),(463,'rro','event','Urlaub'),(464,'rro','event','Ideen'),(465,'rro','event','Reise'),(466,'rro','event','Jubiläum'),(467,'rro','event','Treffen'),(468,'rro','event','Anderes'),(469,'rro','event','Persönlich'),(470,'rro','event','Projekte'),(471,'rro','event','Fragen'),(472,'rro','event','Arbeit'),(473,'fkr','event','Geburtstag'),(474,'fkr','event','Geschäftlich'),(475,'fkr','event','Anruf'),(476,'fkr','event','Kunden'),(477,'fkr','event','Lieferant'),(478,'fkr','event','Urlaub'),(479,'fkr','event','Ideen'),(480,'fkr','event','Reise'),(481,'fkr','event','Jubiläum'),(482,'fkr','event','Treffen'),(483,'fkr','event','Anderes'),(484,'fkr','event','Persönlich'),(485,'fkr','event','Projekte'),(486,'fkr','event','Fragen'),(487,'fkr','event','Arbeit'),(488,'beq','event','Geburtstag'),(489,'beq','event','Geschäftlich'),(490,'beq','event','Anruf'),(491,'beq','event','Kunden'),(492,'beq','event','Lieferant'),(493,'beq','event','Urlaub'),(494,'beq','event','Ideen'),(495,'beq','event','Reise'),(496,'beq','event','Jubiläum'),(497,'beq','event','Treffen'),(498,'beq','event','Anderes'),(499,'beq','event','Persönlich'),(500,'beq','event','Projekte'),(501,'beq','event','Fragen'),(502,'beq','event','Arbeit'),(503,'gok','event','Geburtstag'),(504,'gok','event','Geschäftlich'),(505,'gok','event','Anruf'),(506,'gok','event','Kunden'),(507,'gok','event','Lieferant'),(508,'gok','event','Urlaub'),(509,'gok','event','Ideen'),(510,'gok','event','Reise'),(511,'gok','event','Jubiläum'),(512,'gok','event','Treffen'),(513,'gok','event','Anderes'),(514,'gok','event','Persönlich'),(515,'gok','event','Projekte'),(516,'gok','event','Fragen'),(517,'gok','event','Arbeit'),(518,'jdr','event','Geburtstag'),(519,'jdr','event','Geschäftlich'),(520,'jdr','event','Anruf'),(521,'jdr','event','Kunden'),(522,'jdr','event','Lieferant'),(523,'jdr','event','Urlaub'),(524,'jdr','event','Ideen'),(525,'jdr','event','Reise'),(526,'jdr','event','Jubiläum'),(527,'jdr','event','Treffen'),(528,'jdr','event','Anderes'),(529,'jdr','event','Persönlich'),(530,'jdr','event','Projekte'),(531,'jdr','event','Fragen'),(532,'jdr','event','Arbeit'),(533,'jmo','event','Geburtstag'),(534,'jmo','event','Geschäftlich'),(535,'jmo','event','Anruf'),(536,'jmo','event','Kunden'),(537,'jmo','event','Lieferant'),(538,'jmo','event','Urlaub'),(539,'jmo','event','Ideen'),(540,'jmo','event','Reise'),(541,'jmo','event','Jubiläum'),(542,'jmo','event','Treffen'),(543,'jmo','event','Anderes'),(544,'jmo','event','Persönlich'),(545,'jmo','event','Projekte'),(546,'jmo','event','Fragen'),(547,'jmo','event','Arbeit'),(548,'kay','event','Birthday'),(549,'kay','event','Business'),(550,'kay','event','Call'),(551,'kay','event','Clients'),(552,'kay','event','Deliverer'),(553,'kay','event','Holidays'),(554,'kay','event','Ideas'),(555,'kay','event','Journey'),(556,'kay','event','Jubilee'),(557,'kay','event','Meeting'),(558,'kay','event','Other'),(559,'kay','event','Personal'),(560,'kay','event','Projects'),(561,'kay','event','Questions'),(562,'kay','event','Work'),(563,'mab','event','Geburtstag'),(564,'mab','event','Geschäftlich'),(565,'mab','event','Anruf'),(566,'mab','event','Kunden'),(567,'mab','event','Lieferant'),(568,'mab','event','Urlaub'),(569,'mab','event','Ideen'),(570,'mab','event','Reise'),(571,'mab','event','Jubiläum'),(572,'mab','event','Treffen'),(573,'mab','event','Anderes'),(574,'mab','event','Persönlich'),(575,'mab','event','Projekte'),(576,'mab','event','Fragen'),(577,'mab','event','Arbeit'),(578,'mhu','event','Geburtstag'),(579,'mhu','event','Geschäftlich'),(580,'mhu','event','Anruf'),(581,'mhu','event','Kunden'),(582,'mhu','event','Lieferant'),(583,'mhu','event','Urlaub'),(584,'mhu','event','Ideen'),(585,'mhu','event','Reise'),(586,'mhu','event','Jubiläum'),(587,'mhu','event','Treffen'),(588,'mhu','event','Anderes'),(589,'mhu','event','Persönlich'),(590,'mhu','event','Projekte'),(591,'mhu','event','Fragen'),(592,'mhu','event','Arbeit'),(593,'mma','event','Geburtstag'),(594,'mma','event','Geschäftlich'),(595,'mma','event','Anruf'),(596,'mma','event','Kunden'),(597,'mma','event','Lieferant'),(598,'mma','event','Urlaub'),(599,'mma','event','Ideen'),(600,'mma','event','Reise'),(601,'mma','event','Jubiläum'),(602,'mma','event','Treffen'),(603,'mma','event','Anderes'),(604,'mma','event','Persönlich'),(605,'mma','event','Projekte'),(606,'mma','event','Fragen'),(607,'mma','event','Arbeit'),(608,'pkr','event','Geburtstag'),(609,'pkr','event','Geschäftlich'),(610,'pkr','event','Anruf'),(611,'pkr','event','Kunden'),(612,'pkr','event','Lieferant'),(613,'pkr','event','Urlaub'),(614,'pkr','event','Ideen'),(615,'pkr','event','Reise'),(616,'pkr','event','Jubiläum'),(617,'pkr','event','Treffen'),(618,'pkr','event','Anderes'),(619,'pkr','event','Persönlich'),(620,'pkr','event','Projekte'),(621,'pkr','event','Fragen'),(622,'pkr','event','Arbeit'),(623,'sot','event','Geburtstag'),(624,'sot','event','Geschäftlich'),(625,'sot','event','Anruf'),(626,'sot','event','Kunden'),(627,'sot','event','Lieferant'),(628,'sot','event','Urlaub'),(629,'sot','event','Ideen'),(630,'sot','event','Reise'),(631,'sot','event','Jubiläum'),(632,'sot','event','Treffen'),(633,'sot','event','Anderes'),(634,'sot','event','Persönlich'),(635,'sot','event','Projekte'),(636,'sot','event','Fragen'),(637,'sot','event','Arbeit'),(638,'tko','event','Geburtstag'),(639,'tko','event','Geschäftlich'),(640,'tko','event','Anruf'),(641,'tko','event','Kunden'),(642,'tko','event','Lieferant'),(643,'tko','event','Urlaub'),(644,'tko','event','Ideen'),(645,'tko','event','Reise'),(646,'tko','event','Jubiläum'),(647,'tko','event','Treffen'),(648,'tko','event','Anderes'),(649,'tko','event','Persönlich'),(650,'tko','event','Projekte'),(651,'tko','event','Fragen'),(652,'tko','event','Arbeit'),(653,'aro','event','Geburtstag'),(654,'aro','event','Geschäftlich'),(655,'aro','event','Anruf'),(656,'aro','event','Kunden'),(657,'aro','event','Lieferant'),(658,'aro','event','Urlaub'),(659,'aro','event','Ideen'),(660,'aro','event','Reise'),(661,'aro','event','Jubiläum'),(662,'aro','event','Treffen'),(663,'aro','event','Anderes'),(664,'aro','event','Persönlich'),(665,'aro','event','Projekte'),(666,'aro','event','Fragen'),(667,'aro','event','Arbeit'),(668,'shi','event','Geburtstag'),(669,'shi','event','Geschäftlich'),(670,'shi','event','Anruf'),(671,'shi','event','Kunden'),(672,'shi','event','Lieferant'),(673,'shi','event','Urlaub'),(674,'shi','event','Ideen'),(675,'shi','event','Reise'),(676,'shi','event','Jubiläum'),(677,'shi','event','Treffen'),(678,'shi','event','Anderes'),(679,'shi','event','Persönlich'),(680,'shi','event','Projekte'),(681,'shi','event','Fragen'),(682,'shi','event','Arbeit'),(683,'rsc','event','Geburtstag'),(684,'rsc','event','Geschäftlich'),(685,'rsc','event','Anruf'),(686,'rsc','event','Kunden'),(687,'rsc','event','Lieferant'),(688,'rsc','event','Urlaub'),(689,'rsc','event','Ideen'),(690,'rsc','event','Reise'),(691,'rsc','event','Jubiläum'),(692,'rsc','event','Treffen'),(693,'rsc','event','Anderes'),(695,'rsc','event','Projekte'),(696,'rsc','event','Fragen'),(697,'rsc','event','Arbeit'),(698,'fgu','event','Geburtstag'),(699,'fgu','event','Geschäftlich'),(700,'fgu','event','Anruf'),(701,'fgu','event','Kunden'),(702,'fgu','event','Lieferant'),(703,'fgu','event','Urlaub'),(704,'fgu','event','Ideen'),(705,'fgu','event','Reise'),(706,'fgu','event','Jubiläum'),(707,'fgu','event','Treffen'),(708,'fgu','event','Anderes'),(709,'fgu','event','Persönlich'),(710,'fgu','event','Projekte'),(711,'fgu','event','Fragen'),(712,'fgu','event','Arbeit'),(713,'fgu','files','_$!<Favorite>!$_'),(714,'kay','contact','TR (tki)'),(715,'anz','contact','LV'),(716,'anz','contact','Koki'),(717,'rro','event','Besprechung'),(718,'moc','event','Besprechung'),(719,'dkr','event','Projektberatung'),(721,'dkr','event','Vorstellung LV-Leistungsspektrum'),(722,'dkr','event','Laserschweißen'),(723,'dkr','event','Vorstellung LV und Leistungsspektrum'),(724,'jpi','event','Geburtstag'),(725,'jpi','event','Geschäftlich'),(726,'jpi','event','Anruf'),(727,'jpi','event','Kunden'),(728,'jpi','event','Lieferant'),(729,'jpi','event','Urlaub'),(730,'jpi','event','Ideen'),(731,'jpi','event','Reise'),(732,'jpi','event','Jubiläum'),(733,'jpi','event','Treffen'),(734,'jpi','event','Anderes'),(735,'jpi','event','Persönlich'),(736,'jpi','event','Projekte'),(737,'jpi','event','Fragen'),(738,'jpi','event','Arbeit'),(739,'dkr','event','Laserauftragschweißen'),(740,'dkr','event','Messebesuch zur Kundenakquise und als Basis evtl. zukünftiger Teilnahme'),(741,'uwe','event','Nachgehen'),(742,'rro','event','Nachgehen'),(743,'dkr','event','Messebesuch'),(744,'ibi','event','Geburtstag'),(745,'ibi','event','Geschäftlich'),(746,'ibi','event','Anruf'),(747,'ibi','event','Kunden'),(748,'ibi','event','Lieferant'),(749,'ibi','event','Urlaub'),(750,'ibi','event','Ideen'),(751,'ibi','event','Reise'),(752,'ibi','event','Jubiläum'),(753,'ibi','event','Treffen'),(754,'ibi','event','Anderes'),(755,'ibi','event','Persönlich'),(756,'ibi','event','Projekte'),(757,'ibi','event','Fragen'),(758,'ibi','event','Arbeit'),(759,'dkr','event','Projektrealisierung bewerten'),(760,'dkr','event','Technologie Laserhärten'),(761,'dkr','event','Projektrealisierung Laserschweißen bewerten'),(762,'dkr','event','Kontakte herstellen'),(763,'tki','files','_$!<Favorite>!$_'),(764,'dkr','event','Abschließende Angebotsbewertung'),(765,'dkr','event','Fachkolloqium'),(766,'dkr','event','Kooperationsbörse'),(767,'mak','event','Geburtstag'),(768,'mak','event','Geschäftlich'),(769,'mak','event','Anruf'),(770,'mak','event','Kunden'),(771,'mak','event','Lieferant'),(772,'mak','event','Urlaub'),(773,'mak','event','Ideen'),(774,'mak','event','Reise'),(775,'mak','event','Jubiläum'),(776,'mak','event','Treffen'),(777,'mak','event','Anderes'),(778,'mak','event','Persönlich'),(779,'mak','event','Projekte'),(780,'mak','event','Fragen'),(781,'mak','event','Arbeit'),(782,'mas','event','Geburtstag'),(783,'mas','event','Geschäftlich'),(784,'mas','event','Anruf'),(785,'mas','event','Kunden'),(786,'mas','event','Lieferant'),(787,'mas','event','Urlaub'),(788,'mas','event','Ideen'),(789,'mas','event','Reise'),(790,'mas','event','Jubiläum'),(791,'mas','event','Treffen'),(792,'mas','event','Anderes'),(793,'mas','event','Persönlich'),(794,'mas','event','Projekte'),(795,'mas','event','Fragen'),(796,'mas','event','Arbeit'),(797,'dki','event','Besprechung'),(798,'dkr','event','Roadshow Forschung'),(799,'dkr','event','insbesondere LPA'),(800,'uos','event','Birthday'),(801,'uos','event','Business'),(802,'uos','event','Call'),(803,'uos','event','Clients'),(804,'uos','event','Deliverer'),(805,'uos','event','Holidays'),(806,'uos','event','Ideas'),(807,'uos','event','Journey'),(808,'uos','event','Jubilee'),(809,'uos','event','Meeting'),(810,'uos','event','Other'),(811,'uos','event','Personal'),(812,'uos','event','Projects'),(813,'uos','event','Questions'),(814,'uos','event','Work'),(815,'tli','contact','TR (tki)'),(816,'dkr','event','Vorstellung Handarbeitsplätze'),(817,'dkr','event','Laserschweißen von Miniatur-Sensorgehäusen'),(818,'dkr','event','Vorstellung Lasermaschinenbau'),(819,'rsc','files','_$!<Favorite>!$_'),(820,'dkr','event','Analyse Aufgabenstellung - Maschinenbau'),(821,'dkr','event','Vorstellung Laserhärten'),(822,'dkr','event','Weiterbildung'),(823,'dkr','event','Information Tschechien'),(824,'dkr','event','Persönliche Vorstellung'),(825,'jwr','contact','PL'),(826,'dkr','event','Probeteile'),(827,'mgr','event','Birthday'),(828,'mgr','event','Business'),(829,'mgr','event','Call'),(830,'mgr','event','Clients'),(831,'mgr','event','Deliverer'),(832,'mgr','event','Holidays'),(833,'mgr','event','Ideas'),(834,'mgr','event','Journey'),(835,'mgr','event','Jubilee'),(836,'mgr','event','Meeting'),(837,'mgr','event','Other'),(838,'mgr','event','Personal'),(839,'mgr','event','Projects'),(840,'mgr','event','Questions'),(841,'mgr','event','Work'),(842,'dkr','event','Projektstatus Maschinenangebot'),(843,'tli','event','Besprechung'),(844,'tli','event','Messe'),(845,'tli','event','Anrufe'),(846,'kar','files','_$!<Favorite>!$_'),(847,'rna','event','Birthday'),(848,'rna','event','Business'),(849,'rna','event','Call'),(850,'rna','event','Clients'),(851,'rna','event','Deliverer'),(852,'rna','event','Holidays'),(853,'rna','event','Ideas'),(854,'rna','event','Journey'),(855,'rna','event','Jubilee'),(856,'rna','event','Meeting'),(857,'rna','event','Other'),(858,'rna','event','Personal'),(859,'rna','event','Projects'),(860,'rna','event','Questions'),(861,'rna','event','Work'),(862,'mel','event','Geburtstag'),(863,'mel','event','Geschäftlich'),(864,'mel','event','Anruf'),(865,'mel','event','Kunden'),(866,'mel','event','Lieferant'),(867,'mel','event','Urlaub'),(868,'mel','event','Ideen'),(869,'mel','event','Reise'),(870,'mel','event','Jubiläum'),(871,'mel','event','Treffen'),(872,'mel','event','Anderes'),(873,'mel','event','Persönlich'),(874,'mel','event','Projekte'),(875,'mel','event','Fragen'),(876,'mel','event','Arbeit'),(877,'may','event','Geburtstag'),(878,'may','event','Geschäftlich'),(879,'may','event','Anruf'),(880,'may','event','Kunden'),(881,'may','event','Lieferant'),(882,'may','event','Urlaub'),(883,'may','event','Ideen'),(884,'may','event','Reise'),(885,'may','event','Jubiläum'),(886,'may','event','Treffen'),(887,'may','event','Anderes'),(888,'may','event','Persönlich'),(889,'may','event','Projekte'),(890,'may','event','Fragen'),(891,'may','event','Arbeit'),(892,'tli','contact','vcard'),(893,'mbi','event','Geburtstag'),(894,'mbi','event','Geschäftlich'),(895,'mbi','event','Anruf'),(896,'mbi','event','Kunden'),(897,'mbi','event','Lieferant'),(898,'mbi','event','Urlaub'),(899,'mbi','event','Ideen'),(900,'mbi','event','Reise'),(901,'mbi','event','Jubiläum'),(902,'mbi','event','Treffen'),(903,'mbi','event','Anderes'),(904,'mbi','event','Persönlich'),(905,'mbi','event','Projekte'),(906,'mbi','event','Fragen'),(907,'mbi','event','Arbeit'),(908,'wof','event','Geburtstag'),(909,'wof','event','Geschäftlich'),(910,'wof','event','Anruf'),(911,'wof','event','Kunden'),(912,'wof','event','Lieferant'),(913,'wof','event','Urlaub'),(914,'wof','event','Ideen'),(915,'wof','event','Reise'),(916,'wof','event','Jubiläum'),(917,'wof','event','Treffen'),(918,'wof','event','Anderes'),(919,'wof','event','Persönlich'),(920,'wof','event','Projekte'),(921,'wof','event','Fragen'),(922,'wof','event','Arbeit'),(923,'mas','files','_$!<Favorite>!$_'),(924,'tbo','event','Geburtstag'),(925,'tbo','event','Geschäftlich'),(926,'tbo','event','Anruf'),(927,'tbo','event','Kunden'),(928,'tbo','event','Lieferant'),(929,'tbo','event','Urlaub'),(930,'tbo','event','Ideen'),(931,'tbo','event','Reise'),(932,'tbo','event','Jubiläum'),(933,'tbo','event','Treffen'),(934,'tbo','event','Anderes'),(935,'tbo','event','Persönlich'),(936,'tbo','event','Projekte'),(937,'tbo','event','Fragen'),(938,'tbo','event','Arbeit'),(939,'uwe','files','_$!<Favorite>!$_'),(940,'pzi','event','Geburtstag'),(941,'pzi','event','Geschäftlich'),(942,'pzi','event','Anruf'),(943,'pzi','event','Kunden'),(944,'pzi','event','Lieferant'),(945,'pzi','event','Urlaub'),(946,'pzi','event','Ideen'),(947,'pzi','event','Reise'),(948,'pzi','event','Jubiläum'),(949,'pzi','event','Treffen'),(950,'pzi','event','Anderes'),(951,'pzi','event','Persönlich'),(952,'pzi','event','Projekte'),(953,'pzi','event','Fragen'),(954,'pzi','event','Arbeit'),(955,'pku','event','Geburtstag'),(956,'pku','event','Geschäftlich'),(957,'pku','event','Anruf'),(958,'pku','event','Kunden'),(959,'pku','event','Lieferant'),(960,'pku','event','Urlaub'),(961,'pku','event','Ideen'),(962,'pku','event','Reise'),(963,'pku','event','Jubiläum'),(964,'pku','event','Treffen'),(965,'pku','event','Anderes'),(966,'pku','event','Persönlich'),(967,'pku','event','Projekte'),(968,'pku','event','Fragen'),(969,'pku','event','Arbeit'),(970,'sbl','event','Geburtstag'),(971,'sbl','event','Geschäftlich'),(972,'sbl','event','Anruf'),(973,'sbl','event','Kunden'),(974,'sbl','event','Lieferant'),(975,'sbl','event','Urlaub'),(976,'sbl','event','Ideen'),(977,'sbl','event','Reise'),(978,'sbl','event','Jubiläum'),(979,'sbl','event','Treffen'),(980,'sbl','event','Anderes'),(981,'sbl','event','Persönlich'),(982,'sbl','event','Projekte'),(983,'sbl','event','Fragen'),(984,'sbl','event','Arbeit'),(985,'skr','event','Geburtstag'),(986,'skr','event','Geschäftlich'),(987,'skr','event','Anruf'),(988,'skr','event','Kunden'),(989,'skr','event','Lieferant'),(990,'skr','event','Urlaub'),(991,'skr','event','Ideen'),(992,'skr','event','Reise'),(993,'skr','event','Jubiläum'),(994,'skr','event','Treffen'),(995,'skr','event','Anderes'),(996,'skr','event','Persönlich'),(997,'skr','event','Projekte'),(998,'skr','event','Fragen'),(999,'skr','event','Arbeit'),(1000,'rna','files','_$!<Favorite>!$_'),(1001,'skr','files','_$!<Favorite>!$_'),(1002,'econtel','event','Geburtstag'),(1003,'econtel','event','Geschäftlich'),(1004,'econtel','event','Anruf'),(1005,'econtel','event','Kunden'),(1006,'econtel','event','Lieferant'),(1007,'econtel','event','Urlaub'),(1008,'econtel','event','Ideen'),(1009,'econtel','event','Reise'),(1010,'econtel','event','Jubiläum'),(1011,'econtel','event','Treffen'),(1012,'econtel','event','Anderes'),(1013,'econtel','event','Persönlich'),(1014,'econtel','event','Projekte'),(1015,'econtel','event','Fragen'),(1016,'econtel','event','Arbeit'),(1017,'fef','event','Geburtstag'),(1018,'fef','event','Geschäftlich'),(1019,'fef','event','Anruf'),(1020,'fef','event','Kunden'),(1021,'fef','event','Lieferant'),(1022,'fef','event','Urlaub'),(1023,'fef','event','Ideen'),(1024,'fef','event','Reise'),(1025,'fef','event','Jubiläum'),(1026,'fef','event','Treffen'),(1027,'fef','event','Anderes'),(1028,'fef','event','Persönlich'),(1029,'fef','event','Projekte'),(1030,'fef','event','Fragen'),(1031,'fef','event','Arbeit'),(1032,'tki','contact','Braillevermittler'),(1033,'vhi','files','_$!<Favorite>!$_'),(1034,'tli','files','_$!<Favorite>!$_'),(1035,'tki','contact','Kunde'),(1036,'tki','contact','Lieferant'),(1037,'dmu','event','Geburtstag'),(1038,'dmu','event','Geschäftlich'),(1039,'dmu','event','Anruf'),(1040,'dmu','event','Kunden'),(1041,'dmu','event','Lieferant'),(1042,'dmu','event','Urlaub'),(1043,'dmu','event','Ideen'),(1044,'dmu','event','Reise'),(1045,'dmu','event','Jubiläum'),(1046,'dmu','event','Treffen'),(1047,'dmu','event','Anderes'),(1048,'dmu','event','Persönlich'),(1049,'dmu','event','Projekte'),(1050,'dmu','event','Fragen'),(1051,'dmu','event','Arbeit'),(1052,'scr','event','Geburtstag'),(1053,'scr','event','Geschäftlich'),(1054,'scr','event','Anruf'),(1055,'scr','event','Kunden'),(1056,'scr','event','Lieferant'),(1057,'scr','event','Urlaub'),(1058,'scr','event','Ideen'),(1059,'scr','event','Reise'),(1060,'scr','event','Jubiläum'),(1061,'scr','event','Treffen'),(1062,'scr','event','Anderes'),(1063,'scr','event','Persönlich'),(1064,'scr','event','Projekte'),(1065,'scr','event','Fragen'),(1066,'scr','event','Arbeit'),(1067,'ser','event','Geburtstag'),(1068,'ser','event','Geschäftlich'),(1069,'ser','event','Anruf'),(1070,'ser','event','Kunden'),(1071,'ser','event','Lieferant'),(1072,'ser','event','Urlaub'),(1073,'ser','event','Ideen'),(1074,'ser','event','Reise'),(1075,'ser','event','Jubiläum'),(1076,'ser','event','Treffen'),(1077,'ser','event','Anderes'),(1078,'ser','event','Persönlich'),(1079,'ser','event','Projekte'),(1080,'ser','event','Fragen'),(1081,'ser','event','Arbeit'),(1082,'wof','contact','LaserVorm'),(1084,'skr','contact','TR'),(1085,'mre','event','Geburtstag'),(1086,'mre','event','Geschäftlich'),(1087,'mre','event','Anruf'),(1088,'mre','event','Kunden'),(1089,'mre','event','Lieferant'),(1090,'mre','event','Urlaub'),(1091,'mre','event','Ideen'),(1092,'mre','event','Reise'),(1093,'mre','event','Jubiläum'),(1094,'mre','event','Treffen'),(1095,'mre','event','Anderes'),(1096,'mre','event','Persönlich'),(1097,'mre','event','Projekte'),(1098,'mre','event','Fragen'),(1099,'mre','event','Arbeit'),(1100,'mre','files','_$!<Favorite>!$_'),(1101,'ese','event','Geburtstag'),(1102,'ese','event','Geschäftlich'),(1103,'ese','event','Anruf'),(1104,'ese','event','Kunden'),(1105,'ese','event','Lieferant'),(1106,'ese','event','Urlaub'),(1107,'ese','event','Ideen'),(1108,'ese','event','Reise'),(1109,'ese','event','Jubiläum'),(1110,'ese','event','Treffen'),(1111,'ese','event','Anderes'),(1112,'ese','event','Persönlich'),(1113,'ese','event','Projekte'),(1114,'ese','event','Fragen'),(1115,'ese','event','Arbeit'),(1116,'jwr','files','_$!<Favorite>!$_'),(1117,'jta','event','Geburtstag'),(1118,'jta','event','Geschäftlich'),(1119,'jta','event','Anruf'),(1120,'jta','event','Kunden'),(1121,'jta','event','Lieferant'),(1122,'jta','event','Urlaub'),(1123,'jta','event','Ideen'),(1124,'jta','event','Reise'),(1125,'jta','event','Jubiläum'),(1126,'jta','event','Treffen'),(1127,'jta','event','Anderes'),(1128,'jta','event','Persönlich'),(1129,'jta','event','Projekte'),(1130,'jta','event','Fragen'),(1131,'jta','event','Arbeit'),(1132,'mzi','event','Geburtstag'),(1133,'mzi','event','Geschäftlich'),(1134,'mzi','event','Anruf'),(1135,'mzi','event','Kunden'),(1136,'mzi','event','Lieferant'),(1137,'mzi','event','Urlaub'),(1138,'mzi','event','Ideen'),(1139,'mzi','event','Reise'),(1140,'mzi','event','Jubiläum'),(1141,'mzi','event','Treffen'),(1142,'mzi','event','Anderes'),(1143,'mzi','event','Persönlich'),(1144,'mzi','event','Projekte'),(1145,'mzi','event','Fragen'),(1146,'mzi','event','Arbeit'),(1147,'eka','event','Geburtstag'),(1148,'eka','event','Geschäftlich'),(1149,'eka','event','Anruf'),(1150,'eka','event','Kunden'),(1151,'eka','event','Lieferant'),(1152,'eka','event','Urlaub'),(1153,'eka','event','Ideen'),(1154,'eka','event','Reise'),(1155,'eka','event','Jubiläum'),(1156,'eka','event','Treffen'),(1157,'eka','event','Anderes'),(1158,'eka','event','Persönlich'),(1159,'eka','event','Projekte'),(1160,'eka','event','Fragen'),(1161,'eka','event','Arbeit'),(1162,'jhi','event','Geburtstag'),(1163,'jhi','event','Geschäftlich'),(1164,'jhi','event','Anruf'),(1165,'jhi','event','Kunden'),(1166,'jhi','event','Lieferant'),(1167,'jhi','event','Urlaub'),(1168,'jhi','event','Ideen'),(1169,'jhi','event','Reise'),(1170,'jhi','event','Jubiläum'),(1171,'jhi','event','Treffen'),(1172,'jhi','event','Anderes'),(1173,'jhi','event','Persönlich'),(1174,'jhi','event','Projekte'),(1175,'jhi','event','Fragen'),(1176,'jhi','event','Arbeit'),(1177,'tki','contact','AT'),(1178,'eha','event','Geburtstag'),(1179,'eha','event','Geschäftlich'),(1180,'eha','event','Anruf'),(1181,'eha','event','Kunden'),(1182,'eha','event','Lieferant'),(1183,'eha','event','Urlaub'),(1184,'eha','event','Ideen'),(1185,'eha','event','Reise'),(1186,'eha','event','Jubiläum'),(1187,'eha','event','Treffen'),(1188,'eha','event','Anderes'),(1189,'eha','event','Persönlich'),(1190,'eha','event','Projekte'),(1191,'eha','event','Fragen'),(1192,'eha','event','Arbeit'),(1193,'moc','files','_$!<Favorite>!$_'),(1194,'dmu','files','_$!<Favorite>!$_'),(1195,'eha','files','_$!<Favorite>!$_'),(1196,'jsc','event','Geburtstag'),(1197,'jsc','event','Geschäftlich'),(1198,'jsc','event','Anruf'),(1199,'jsc','event','Kunden'),(1200,'jsc','event','Lieferant'),(1201,'jsc','event','Urlaub'),(1202,'jsc','event','Ideen'),(1203,'jsc','event','Reise'),(1204,'jsc','event','Jubiläum'),(1205,'jsc','event','Treffen'),(1206,'jsc','event','Anderes'),(1207,'jsc','event','Persönlich'),(1208,'jsc','event','Projekte'),(1209,'jsc','event','Fragen'),(1210,'jsc','event','Arbeit'),(1211,'sbo','event','Geburtstag'),(1212,'sbo','event','Geschäftlich'),(1213,'sbo','event','Anruf'),(1214,'sbo','event','Kunden'),(1215,'sbo','event','Lieferant'),(1216,'sbo','event','Urlaub'),(1217,'sbo','event','Ideen'),(1218,'sbo','event','Reise'),(1219,'sbo','event','Jubiläum'),(1220,'sbo','event','Treffen'),(1221,'sbo','event','Anderes'),(1222,'sbo','event','Persönlich'),(1223,'sbo','event','Projekte'),(1224,'sbo','event','Fragen'),(1225,'sbo','event','Arbeit'),(1226,'pro','event','Geburtstag'),(1227,'pro','event','Geschäftlich'),(1228,'pro','event','Anruf'),(1229,'pro','event','Kunden'),(1230,'pro','event','Lieferant'),(1231,'pro','event','Urlaub'),(1232,'pro','event','Ideen'),(1233,'pro','event','Reise'),(1234,'pro','event','Jubiläum'),(1235,'pro','event','Treffen'),(1236,'pro','event','Anderes'),(1237,'pro','event','Persönlich'),(1238,'pro','event','Projekte'),(1239,'pro','event','Fragen'),(1240,'pro','event','Arbeit'),(1241,'anr','event','Geburtstag'),(1242,'anr','event','Geschäftlich'),(1243,'anr','event','Anruf'),(1244,'anr','event','Kunden'),(1245,'anr','event','Lieferant'),(1246,'anr','event','Urlaub'),(1247,'anr','event','Ideen'),(1248,'anr','event','Reise'),(1249,'anr','event','Jubiläum'),(1250,'anr','event','Treffen'),(1251,'anr','event','Anderes'),(1252,'anr','event','Persönlich'),(1253,'anr','event','Projekte'),(1254,'anr','event','Fragen'),(1255,'anr','event','Arbeit'),(1256,'sbo','files','_$!<Favorite>!$_'),(1257,'hsc','event','Geburtstag'),(1258,'hsc','event','Geschäftlich'),(1259,'hsc','event','Anruf'),(1260,'hsc','event','Kunden'),(1261,'hsc','event','Lieferant'),(1262,'hsc','event','Urlaub'),(1263,'hsc','event','Ideen'),(1264,'hsc','event','Reise'),(1265,'hsc','event','Jubiläum'),(1266,'hsc','event','Treffen'),(1267,'hsc','event','Anderes'),(1268,'hsc','event','Persönlich'),(1269,'hsc','event','Projekte'),(1270,'hsc','event','Fragen'),(1271,'hsc','event','Arbeit'),(1272,'vwe','event','Geburtstag'),(1273,'vwe','event','Geschäftlich'),(1274,'vwe','event','Anruf'),(1275,'vwe','event','Kunden'),(1276,'vwe','event','Lieferant'),(1277,'vwe','event','Urlaub'),(1278,'vwe','event','Ideen'),(1279,'vwe','event','Reise'),(1280,'vwe','event','Jubiläum'),(1281,'vwe','event','Treffen'),(1282,'vwe','event','Anderes'),(1283,'vwe','event','Persönlich'),(1284,'vwe','event','Projekte'),(1285,'vwe','event','Fragen'),(1286,'vwe','event','Arbeit'),(1287,'anr','event','Wartung'),(1288,'anr','event','Fernwartung'),(1289,'anr','event','Reparatur'),(1290,'anr','event','Inbetriebnahme'),(1291,'anr','event','Sonstiges'),(1292,'anr','event','Schulung beim Kunden');

--
-- Table structure for table `oc_vcategory_to_object`
--

CREATE TABLE `oc_vcategory_to_object` (
  `objid` int(10) unsigned NOT NULL DEFAULT '0',
  `categoryid` int(10) unsigned NOT NULL DEFAULT '0',
  `type` varchar(64) COLLATE utf8_bin NOT NULL DEFAULT '',
  PRIMARY KEY (`categoryid`,`objid`,`type`),
  KEY `vcategory_objectd_index` (`objid`,`type`)
) ENGINE=InnoDB DEFAULT CHARSET=utf8 COLLATE=utf8_bin;

--
-- Dumping data for table `oc_vcategory_to_object`
--

INSERT INTO `oc_vcategory_to_object` VALUES (16,763,'files'),(129,819,'files'),(211,76,'event'),(221,846,'files'),(343,156,'event'),(649,169,'event'),(676,717,'event'),(679,403,'event'),(748,459,'event'),(816,16,'contact'),(826,77,'contact'),(826,78,'contact'),(833,16,'contact'),(834,16,'contact'),(835,16,'contact'),(836,16,'contact'),(847,741,'event'),(848,742,'event'),(912,15,'contact'),(972,688,'event'),(981,718,'event'),(1007,719,'event'),(1008,723,'event'),(1016,723,'event'),(1017,723,'event'),(1035,719,'event'),(1035,721,'event'),(1035,722,'event'),(1036,723,'event'),(1037,721,'event'),(1045,721,'event'),(1045,739,'event'),(1053,740,'event'),(1077,723,'event'),(1098,723,'event'),(1106,723,'event'),(1108,723,'event'),(1125,723,'event'),(1159,723,'event'),(1162,743,'event'),(1170,723,'event'),(1175,721,'event'),(1305,719,'event'),(1381,723,'event'),(1383,721,'event'),(1389,723,'event'),(1428,723,'event'),(1429,759,'event'),(1430,723,'event'),(1433,723,'event'),(1434,719,'event'),(1435,739,'event'),(1448,719,'event'),(1450,719,'event'),(1456,723,'event'),(1457,723,'event'),(1463,723,'event'),(1478,760,'event'),(1479,719,'event'),(1480,761,'event'),(1481,762,'event'),(1514,721,'event'),(1514,722,'event'),(1585,764,'event'),(1586,765,'event'),(1586,766,'event'),(1594,723,'event'),(1595,723,'event'),(1731,718,'event'),(1738,761,'event'),(1761,723,'event'),(1766,723,'event'),(1788,797,'event'),(1804,723,'event'),(1873,798,'event'),(1878,15,'contact'),(1901,1082,'contact'),(1902,1082,'contact'),(1903,1082,'contact'),(1905,1082,'contact'),(1907,1082,'contact'),(1911,1082,'contact'),(1912,1082,'contact'),(1914,1082,'contact'),(1915,1082,'contact'),(1918,1082,'contact'),(1923,1082,'contact'),(1924,1082,'contact'),(1925,1082,'contact'),(1928,1082,'contact'),(1930,1082,'contact'),(1931,1082,'contact'),(2037,721,'event'),(2037,799,'event'),(2051,723,'event'),(2055,723,'event'),(2616,718,'event'),(2721,718,'event'),(2736,719,'event'),(2738,723,'event'),(2758,721,'event'),(2778,816,'event'),(2785,817,'event'),(2786,817,'event'),(2787,723,'event'),(2800,723,'event'),(3401,719,'event'),(3425,723,'event'),(3429,818,'event'),(3449,723,'event'),(3453,721,'event'),(3454,723,'event'),(3542,470,'event'),(3604,723,'event'),(3604,821,'event'),(3616,818,'event'),(3663,721,'event'),(3666,820,'event'),(3671,723,'event'),(3791,721,'event'),(3810,719,'event'),(3816,721,'event'),(3817,723,'event'),(3835,723,'event'),(3836,816,'event'),(3884,723,'event'),(3951,723,'event'),(3952,822,'event'),(3954,723,'event'),(3966,723,'event'),(4010,823,'event'),(4079,723,'event'),(4097,824,'event'),(4240,818,'event'),(4491,818,'event'),(4492,826,'event'),(4503,842,'event'),(4627,818,'event'),(4631,818,'event'),(4632,818,'event'),(4643,723,'event'),(4644,723,'event'),(4652,723,'event'),(4653,723,'event'),(4656,818,'event'),(4657,818,'event'),(4670,818,'event'),(4671,818,'event'),(4683,721,'event'),(4703,723,'event'),(4751,843,'event'),(4752,844,'event'),(4753,843,'event'),(4791,843,'event'),(4813,66,'event'),(4814,66,'event'),(4820,843,'event'),(4829,66,'event'),(4830,845,'event'),(4834,844,'event'),(4845,845,'event'),(4854,845,'event'),(4869,843,'event'),(4871,843,'event'),(4872,843,'event'),(4899,723,'event'),(4943,816,'event'),(4946,816,'event'),(4972,818,'event'),(4994,721,'event'),(5131,723,'event'),(5151,722,'event'),(5153,723,'event'),(5215,779,'event'),(5267,723,'event'),(5288,717,'event'),(5309,723,'event'),(5316,723,'event'),(5812,717,'event'),(6435,1000,'files'),(6435,1001,'files'),(6435,1256,'files'),(19903,1100,'files'),(20605,1193,'files'),(20707,515,'event'),(22824,1289,'event'),(22836,1194,'files'),(26734,1256,'files');

--
-- Current Database: `oc-002`
--

CREATE DATABASE /*!32312 IF NOT EXISTS*/ `oc-002` /*!40100 DEFAULT CHARACTER SET latin1 */;

USE `oc-002`;

--
-- Table structure for table `oc_account_terms`
--

CREATE TABLE `oc_account_terms` (
  `id` bigint(20) unsigned NOT NULL AUTO_INCREMENT,
  `account_id` bigint(20) unsigned NOT NULL,
  `term` varchar(191) COLLATE utf8_bin NOT NULL,
  PRIMARY KEY (`id`),
  KEY `account_id_index` (`account_id`),
  KEY `term_index` (`term`)
) ENGINE=InnoDB DEFAULT CHARSET=utf8 COLLATE=utf8_bin;

--
-- Dumping data for table `oc_account_terms`
--


--
-- Table structure for table `oc_accounts`
--

CREATE TABLE `oc_accounts` (
  `id` bigint(20) unsigned NOT NULL AUTO_INCREMENT,
  `email` varchar(255) COLLATE utf8_bin DEFAULT NULL,
  `user_id` varchar(255) COLLATE utf8_bin NOT NULL,
  `lower_user_id` varchar(255) COLLATE utf8_bin NOT NULL,
  `display_name` varchar(255) COLLATE utf8_bin DEFAULT NULL,
  `quota` varchar(32) COLLATE utf8_bin DEFAULT NULL,
  `last_login` int(11) NOT NULL DEFAULT '0',
  `backend` varchar(64) COLLATE utf8_bin NOT NULL,
  `home` varchar(1024) COLLATE utf8_bin NOT NULL,
  `state` smallint(6) NOT NULL DEFAULT '0' COMMENT '0: initial, 1: enabled, 2: disabled, 3: deleted',
  PRIMARY KEY (`id`),
  UNIQUE KEY `UNIQ_907AA303A76ED395` (`user_id`),
  UNIQUE KEY `lower_user_id_index` (`lower_user_id`),
  KEY `display_name_index` (`display_name`),
  KEY `email_index` (`email`)
) ENGINE=InnoDB AUTO_INCREMENT=3 DEFAULT CHARSET=utf8 COLLATE=utf8_bin;

--
-- Dumping data for table `oc_accounts`
--

INSERT INTO `oc_accounts` VALUES (1,NULL,'oc-002-admin','oc-002-admin','oc-002-admin',NULL,1520607809,'OC\\User\\Database','/var/www/oc-002/oc-data/oc-002-admin',1),(2,'edv@buergerwind-recke.de','FRieke','frieke','FRieke',NULL,1556368560,'OC\\User\\Database','/var/www/oc-002/oc-data/FRieke',1);

--
-- Table structure for table `oc_addressbookchanges`
--

CREATE TABLE `oc_addressbookchanges` (
  `id` int(10) unsigned NOT NULL AUTO_INCREMENT,
  `uri` varchar(255) COLLATE utf8_bin DEFAULT NULL,
  `synctoken` int(10) unsigned NOT NULL DEFAULT '1',
  `addressbookid` int(11) NOT NULL,
  `operation` smallint(6) NOT NULL,
  PRIMARY KEY (`id`),
  KEY `addressbookid_synctoken` (`addressbookid`,`synctoken`)
) ENGINE=InnoDB AUTO_INCREMENT=14 DEFAULT CHARSET=utf8 COLLATE=utf8_bin;

--
-- Dumping data for table `oc_addressbookchanges`
--

INSERT INTO `oc_addressbookchanges` VALUES (1,'Database:oc-002-admin.vcf',1,1,1),(2,'Database:FRieke.vcf',2,1,1),(3,'Database:NLF.vcf',3,1,1),(4,'Database:FRieke.vcf',4,1,2),(5,'Database:FRieke.vcf',5,1,2),(6,'Database:NRaehlmann.vcf',6,1,1),(7,'Database:GFlake.vcf',7,1,1),(8,'Database:GFlake.vcf',8,1,3),(9,'Database:GFlacke.vcf',9,1,1),(10,'Database:NRaehlmann.vcf',10,1,2),(11,'Database:GFlacke.vcf',11,1,3),(12,'Database:NLF.vcf',12,1,3),(13,'Database:NRaehlmann.vcf',13,1,3);

--
-- Table structure for table `oc_addressbooks`
--

CREATE TABLE `oc_addressbooks` (
  `id` int(10) unsigned NOT NULL AUTO_INCREMENT,
  `principaluri` varchar(255) COLLATE utf8_bin DEFAULT NULL,
  `displayname` varchar(255) COLLATE utf8_bin DEFAULT NULL,
  `uri` varchar(255) COLLATE utf8_bin DEFAULT NULL,
  `description` varchar(255) COLLATE utf8_bin DEFAULT NULL,
  `synctoken` int(10) unsigned NOT NULL DEFAULT '1',
  PRIMARY KEY (`id`),
  UNIQUE KEY `addressbook_index` (`principaluri`,`uri`)
) ENGINE=InnoDB AUTO_INCREMENT=4 DEFAULT CHARSET=utf8 COLLATE=utf8_bin;

--
-- Dumping data for table `oc_addressbooks`
--

INSERT INTO `oc_addressbooks` VALUES (1,'principals/system/system','system','system','System addressbook which holds all users of this instance',14),(2,'principals/users/oc-002-admin','Kontakte','contacts',NULL,1),(3,'principals/users/FRieke','Kontakte','contacts',NULL,1);

--
-- Table structure for table `oc_appconfig`
--

CREATE TABLE `oc_appconfig` (
  `appid` varchar(32) COLLATE utf8_bin NOT NULL DEFAULT '',
  `configkey` varchar(64) COLLATE utf8_bin NOT NULL DEFAULT '',
  `configvalue` longtext COLLATE utf8_bin,
  PRIMARY KEY (`appid`,`configkey`),
  KEY `appconfig_config_key_index` (`configkey`),
  KEY `appconfig_appid_key` (`appid`)
) ENGINE=InnoDB DEFAULT CHARSET=utf8 COLLATE=utf8_bin;

--
-- Dumping data for table `oc_appconfig`
--

INSERT INTO `oc_appconfig` VALUES ('backgroundjob','lastjob','7'),('calendar','enabled','yes'),('calendar','installed_version','1.5.7'),('calendar','signed','true'),('calendar','types',''),('comments','enabled','yes'),('comments','installed_version','0.3.0'),('comments','types','logging,dav'),('configreport','enabled','yes'),('configreport','installed_version','0.1.1'),('configreport','types','filesystem'),('contacts','enabled','yes'),('contacts','installed_version','1.5.4'),('contacts','signed','true'),('contacts','types',''),('core','backgroundjobs_mode','cron'),('core','enable_external_storage','no'),('core','encryption_enabled','yes'),('core','installedat','1520499005.8815'),('core','lastcron','1776435304'),('core','lastupdateResult','{\"version\":\"10.1.1\",\"versionstring\":\"ownCloud 10.1.1\",\"url\":\"https:\\/\\/download.owncloud.org\\/community\\/owncloud-10.1.1.zip\",\"web\":\"https:\\/\\/doc.owncloud.com\\/server\\/latest\\/admin_manual\\/maintenance\\/upgrading\\/upgrade.html\"}'),('core','lastupdatedat','1776377703'),('core','oc.integritycheck.checker','[]'),('core','public_files','files_sharing/public.php'),('core','public_webdav','dav/appinfo/v1/publicwebdav.php'),('core','shareapi_allow_mail_notification','yes'),('core','shareapi_allow_public_notification','yes'),('core','shareapi_only_share_with_group_members','yes'),('dav','enabled','yes'),('dav','installed_version','0.3.2'),('dav','types','filesystem'),('federatedfilesharing','enabled','yes'),('federatedfilesharing','installed_version','0.3.1'),('federatedfilesharing','types','filesystem'),('federation','enabled','yes'),('federation','installed_version','0.1.0'),('federation','types','authentication'),('files','cronjob_scan_files','500'),('files','enabled','yes'),('files','installed_version','1.5.1'),('files','types','filesystem'),('files_external','enabled','yes'),('files_external','installed_version','0.7.1'),('files_external','ocsid','166048'),('files_external','types','filesystem'),('files_sharing','enabled','yes'),('files_sharing','installed_version','0.10.1'),('files_sharing','types','filesystem'),('files_trashbin','enabled','yes'),('files_trashbin','installed_version','0.9.1'),('files_trashbin','types','filesystem'),('files_versions','enabled','yes'),('files_versions','installed_version','1.3.0'),('files_versions','types','filesystem'),('files_videoplayer','enabled','yes'),('files_videoplayer','installed_version','0.9.8'),('files_videoplayer','types',''),('firstrunwizard','enabled','yes'),('firstrunwizard','installed_version','1.1'),('firstrunwizard','ocsid','166055'),('firstrunwizard','types',''),('gallery','enabled','yes'),('gallery','installed_version','16.0.2'),('gallery','signed','true'),('gallery','types',''),('market','calendar','1.6.4'),('market','contacts','1.5.5'),('market','enabled','yes'),('market','gallery','16.1.1'),('market','installed_version','0.2.3'),('market','market','0.4.0'),('market','templateeditor','0.5.0'),('market','types',''),('notifications','enabled','yes'),('notifications','installed_version','0.3.2'),('notifications','types','logging'),('provisioning_api','enabled','yes'),('provisioning_api','installed_version','0.5.0'),('provisioning_api','types','prevent_group_restriction'),('systemtags','enabled','yes'),('systemtags','installed_version','0.3.0'),('systemtags','types','logging'),('templateeditor','enabled','yes'),('templateeditor','installed_version','0.2'),('templateeditor','types',''),('updatenotification','core','10.1.1'),('updatenotification','enabled','yes'),('updatenotification','installed_version','0.2.1'),('updatenotification','types','');

--
-- Table structure for table `oc_authtoken`
--

CREATE TABLE `oc_authtoken` (
  `id` int(10) unsigned NOT NULL AUTO_INCREMENT,
  `uid` varchar(64) COLLATE utf8_bin NOT NULL DEFAULT '',
  `login_name` varchar(64) COLLATE utf8_bin NOT NULL DEFAULT '',
  `password` longtext COLLATE utf8_bin,
  `name` longtext COLLATE utf8_bin NOT NULL,
  `token` varchar(200) COLLATE utf8_bin NOT NULL DEFAULT '',
  `type` smallint(5) unsigned NOT NULL DEFAULT '0',
  `last_activity` int(10) unsigned NOT NULL DEFAULT '0',
  `last_check` int(10) unsigned NOT NULL DEFAULT '0',
  PRIMARY KEY (`id`),
  UNIQUE KEY `authtoken_token_index` (`token`),
  KEY `authtoken_last_activity_index` (`last_activity`)
) ENGINE=InnoDB DEFAULT CHARSET=utf8 COLLATE=utf8_bin;

--
-- Dumping data for table `oc_authtoken`
--


--
-- Table structure for table `oc_calendarchanges`
--

CREATE TABLE `oc_calendarchanges` (
  `id` int(10) unsigned NOT NULL AUTO_INCREMENT,
  `uri` varchar(255) COLLATE utf8_bin DEFAULT NULL,
  `synctoken` int(10) unsigned NOT NULL DEFAULT '1',
  `calendarid` int(11) NOT NULL,
  `operation` smallint(6) NOT NULL,
  PRIMARY KEY (`id`),
  KEY `calendarid_synctoken` (`calendarid`,`synctoken`)
) ENGINE=InnoDB AUTO_INCREMENT=13 DEFAULT CHARSET=utf8 COLLATE=utf8_bin;

--
-- Dumping data for table `oc_calendarchanges`
--

INSERT INTO `oc_calendarchanges` VALUES (1,'system-Database:GFlake.vcf.ics',1,1,3),(2,'system-Database:GFlake.vcf-death.ics',2,1,3),(3,'system-Database:GFlake.vcf-anniversary.ics',3,1,3),(4,'system-Database:GFlacke.vcf.ics',4,1,3),(5,'system-Database:GFlacke.vcf-death.ics',5,1,3),(6,'system-Database:GFlacke.vcf-anniversary.ics',6,1,3),(7,'system-Database:NLF.vcf.ics',7,1,3),(8,'system-Database:NLF.vcf-death.ics',8,1,3),(9,'system-Database:NLF.vcf-anniversary.ics',9,1,3),(10,'system-Database:NRaehlmann.vcf.ics',10,1,3),(11,'system-Database:NRaehlmann.vcf-death.ics',11,1,3),(12,'system-Database:NRaehlmann.vcf-anniversary.ics',12,1,3);

--
-- Table structure for table `oc_calendarobjects`
--

CREATE TABLE `oc_calendarobjects` (
  `id` int(10) unsigned NOT NULL AUTO_INCREMENT,
  `calendardata` longblob,
  `uri` varchar(255) COLLATE utf8_bin DEFAULT NULL,
  `calendarid` int(10) unsigned NOT NULL,
  `lastmodified` int(10) unsigned DEFAULT NULL,
  `etag` varchar(32) COLLATE utf8_bin DEFAULT NULL,
  `size` bigint(20) unsigned NOT NULL,
  `componenttype` varchar(8) COLLATE utf8_bin DEFAULT NULL,
  `firstoccurence` bigint(20) unsigned DEFAULT NULL,
  `lastoccurence` bigint(20) unsigned DEFAULT NULL,
  `uid` varchar(255) COLLATE utf8_bin DEFAULT NULL,
  `classification` int(11) DEFAULT '0',
  PRIMARY KEY (`id`),
  UNIQUE KEY `calobjects_index` (`calendarid`,`uri`)
) ENGINE=InnoDB DEFAULT CHARSET=utf8 COLLATE=utf8_bin;

--
-- Dumping data for table `oc_calendarobjects`
--


--
-- Table structure for table `oc_calendars`
--

CREATE TABLE `oc_calendars` (
  `id` int(10) unsigned NOT NULL AUTO_INCREMENT,
  `principaluri` varchar(255) COLLATE utf8_bin DEFAULT NULL,
  `displayname` varchar(255) COLLATE utf8_bin DEFAULT NULL,
  `uri` varchar(255) COLLATE utf8_bin DEFAULT NULL,
  `synctoken` int(10) unsigned NOT NULL DEFAULT '1',
  `description` varchar(255) COLLATE utf8_bin DEFAULT NULL,
  `calendarorder` int(10) unsigned NOT NULL DEFAULT '0',
  `calendarcolor` varchar(255) COLLATE utf8_bin DEFAULT NULL,
  `timezone` longtext COLLATE utf8_bin,
  `components` varchar(20) COLLATE utf8_bin DEFAULT NULL,
  `transparent` smallint(6) NOT NULL DEFAULT '0',
  PRIMARY KEY (`id`),
  UNIQUE KEY `calendars_index` (`principaluri`,`uri`)
) ENGINE=InnoDB AUTO_INCREMENT=4 DEFAULT CHARSET=utf8 COLLATE=utf8_bin;

--
-- Dumping data for table `oc_calendars`
--

INSERT INTO `oc_calendars` VALUES (1,'principals/system/system','Contact birthdays','contact_birthdays',13,NULL,0,'#FFFFCA',NULL,'VEVENT,VTODO',0),(2,'principals/users/oc-002-admin','Persönlich','personal',1,NULL,0,'#1d2d44',NULL,'VEVENT,VTODO',0),(3,'principals/users/FRieke','Persönlich','personal',1,NULL,0,'#1d2d44',NULL,'VEVENT,VTODO',0);

--
-- Table structure for table `oc_calendarsubscriptions`
--

CREATE TABLE `oc_calendarsubscriptions` (
  `id` int(10) unsigned NOT NULL AUTO_INCREMENT,
  `uri` varchar(255) COLLATE utf8_bin DEFAULT NULL,
  `principaluri` varchar(255) COLLATE utf8_bin DEFAULT NULL,
  `source` varchar(255) COLLATE utf8_bin DEFAULT NULL,
  `displayname` varchar(100) COLLATE utf8_bin DEFAULT NULL,
  `refreshrate` varchar(10) COLLATE utf8_bin DEFAULT NULL,
  `calendarorder` int(10) unsigned NOT NULL DEFAULT '0',
  `calendarcolor` varchar(255) COLLATE utf8_bin DEFAULT NULL,
  `striptodos` smallint(6) DEFAULT NULL,
  `stripalarms` smallint(6) DEFAULT NULL,
  `stripattachments` smallint(6) DEFAULT NULL,
  `lastmodified` int(10) unsigned NOT NULL,
  PRIMARY KEY (`id`),
  UNIQUE KEY `calsub_index` (`principaluri`,`uri`)
) ENGINE=InnoDB DEFAULT CHARSET=utf8 COLLATE=utf8_bin;

--
-- Dumping data for table `oc_calendarsubscriptions`
--


--
-- Table structure for table `oc_cards`
--

CREATE TABLE `oc_cards` (
  `id` int(10) unsigned NOT NULL AUTO_INCREMENT,
  `addressbookid` int(11) NOT NULL DEFAULT '0',
  `carddata` longblob,
  `uri` varchar(255) COLLATE utf8_bin DEFAULT NULL,
  `lastmodified` bigint(20) unsigned DEFAULT NULL,
  `etag` varchar(32) COLLATE utf8_bin DEFAULT NULL,
  `size` bigint(20) unsigned NOT NULL,
  PRIMARY KEY (`id`),
  KEY `addressbookid_uri_index` (`addressbookid`,`uri`)
) ENGINE=InnoDB AUTO_INCREMENT=3 DEFAULT CHARSET=utf8 COLLATE=utf8_bin;

--
-- Dumping data for table `oc_cards`
--

INSERT INTO `oc_cards` VALUES (1,1,'BEGIN:VCARD\r\nVERSION:3.0\r\nPRODID:-//Sabre//Sabre VObject 4.1.2//EN\r\nUID:oc-002-admin\r\nFN:oc-002-admin\r\nN:oc-002-admin;;;;\r\nCLOUD:oc-002-admin@bwr.edv-luehr.de\r\nEND:VCARD\r\n','Database:oc-002-admin.vcf',1520499605,'c04eeb01364f91ad8a1dec4c513cfb8e',171),(2,1,'BEGIN:VCARD\r\nVERSION:3.0\r\nPRODID:-//Sabre//Sabre VObject 4.1.2//EN\r\nUID:FRieke\r\nFN:FRieke\r\nN:FRieke;;;;\r\nCLOUD:FRieke@bwr.edv-luehr.de\r\nEMAIL:edv@buergerwind-recke.de\r\nEND:VCARD\r\n','Database:FRieke.vcf',1520608467,'ec67b68a66e6b919402553a57f141eed',179);

--
-- Table structure for table `oc_cards_properties`
--

CREATE TABLE `oc_cards_properties` (
  `id` int(10) unsigned NOT NULL AUTO_INCREMENT,
  `addressbookid` bigint(20) NOT NULL DEFAULT '0',
  `cardid` bigint(20) unsigned NOT NULL DEFAULT '0',
  `name` varchar(64) COLLATE utf8_bin DEFAULT NULL,
  `value` varchar(255) COLLATE utf8_bin DEFAULT NULL,
  `preferred` int(11) NOT NULL DEFAULT '1',
  PRIMARY KEY (`id`),
  KEY `card_value_index` (`value`),
  KEY `card_name_index` (`name`),
  KEY `card_contactid_index` (`cardid`)
) ENGINE=InnoDB AUTO_INCREMENT=22 DEFAULT CHARSET=utf8 COLLATE=utf8_bin;

--
-- Dumping data for table `oc_cards_properties`
--

INSERT INTO `oc_cards_properties` VALUES (1,1,1,'UID','oc-002-admin',0),(2,1,1,'FN','oc-002-admin',0),(3,1,1,'N','oc-002-admin;;;;',0),(4,1,1,'CLOUD','oc-002-admin@bwr.edv-luehr.de',0),(17,1,2,'UID','FRieke',0),(18,1,2,'FN','FRieke',0),(19,1,2,'N','FRieke;;;;',0),(20,1,2,'CLOUD','FRieke@bwr.edv-luehr.de',0),(21,1,2,'EMAIL','edv@buergerwind-recke.de',0);

--
-- Table structure for table `oc_comments`
--

CREATE TABLE `oc_comments` (
  `id` int(10) unsigned NOT NULL AUTO_INCREMENT,
  `parent_id` int(10) unsigned NOT NULL DEFAULT '0',
  `topmost_parent_id` int(10) unsigned NOT NULL DEFAULT '0',
  `children_count` int(10) unsigned NOT NULL DEFAULT '0',
  `actor_type` varchar(64) COLLATE utf8_bin NOT NULL DEFAULT '',
  `actor_id` varchar(64) COLLATE utf8_bin NOT NULL DEFAULT '',
  `message` longtext COLLATE utf8_bin,
  `verb` varchar(64) COLLATE utf8_bin DEFAULT NULL,
  `creation_timestamp` datetime DEFAULT NULL,
  `latest_child_timestamp` datetime DEFAULT NULL,
  `object_type` varchar(64) COLLATE utf8_bin NOT NULL DEFAULT '',
  `object_id` varchar(64) COLLATE utf8_bin NOT NULL DEFAULT '',
  PRIMARY KEY (`id`),
  KEY `comments_parent_id_index` (`parent_id`),
  KEY `comments_topmost_parent_id_idx` (`topmost_parent_id`),
  KEY `comments_object_index` (`object_type`,`object_id`,`creation_timestamp`),
  KEY `comments_actor_index` (`actor_type`,`actor_id`)
) ENGINE=InnoDB DEFAULT CHARSET=utf8 COLLATE=utf8_bin;

--
-- Dumping data for table `oc_comments`
--


--
-- Table structure for table `oc_comments_read_markers`
--

CREATE TABLE `oc_comments_read_markers` (
  `user_id` varchar(64) COLLATE utf8_bin NOT NULL DEFAULT '',
  `marker_datetime` datetime DEFAULT NULL,
  `object_type` varchar(64) COLLATE utf8_bin NOT NULL DEFAULT '',
  `object_id` varchar(64) COLLATE utf8_bin NOT NULL DEFAULT '',
  UNIQUE KEY `comments_marker_index` (`user_id`,`object_type`,`object_id`),
  KEY `comments_marker_object_index` (`object_type`,`object_id`)
) ENGINE=InnoDB DEFAULT CHARSET=utf8 COLLATE=utf8_bin;

--
-- Dumping data for table `oc_comments_read_markers`
--


--
-- Table structure for table `oc_credentials`
--

CREATE TABLE `oc_credentials` (
  `user` varchar(64) COLLATE utf8_bin NOT NULL,
  `identifier` varchar(64) COLLATE utf8_bin NOT NULL,
  `credentials` longtext COLLATE utf8_bin,
  PRIMARY KEY (`user`,`identifier`),
  KEY `credentials_user` (`user`)
) ENGINE=InnoDB DEFAULT CHARSET=utf8 COLLATE=utf8_bin;

--
-- Dumping data for table `oc_credentials`
--


--
-- Table structure for table `oc_dav_properties`
--

CREATE TABLE `oc_dav_properties` (
  `id` bigint(20) NOT NULL AUTO_INCREMENT,
  `propertypath` varchar(255) COLLATE utf8_bin NOT NULL DEFAULT '',
  `propertyname` varchar(255) COLLATE utf8_bin NOT NULL DEFAULT '',
  `propertyvalue` varchar(255) COLLATE utf8_bin NOT NULL,
  PRIMARY KEY (`id`),
  KEY `propertypath_index` (`propertypath`)
) ENGINE=InnoDB DEFAULT CHARSET=utf8 COLLATE=utf8_bin;

--
-- Dumping data for table `oc_dav_properties`
--


--
-- Table structure for table `oc_dav_shares`
--

CREATE TABLE `oc_dav_shares` (
  `id` int(10) unsigned NOT NULL AUTO_INCREMENT,
  `principaluri` varchar(255) COLLATE utf8_bin DEFAULT NULL,
  `type` varchar(255) COLLATE utf8_bin DEFAULT NULL,
  `access` smallint(6) DEFAULT NULL,
  `resourceid` int(10) unsigned NOT NULL,
  `publicuri` varchar(255) COLLATE utf8_bin DEFAULT NULL,
  PRIMARY KEY (`id`),
  UNIQUE KEY `dav_shares_index` (`principaluri`,`resourceid`,`type`,`publicuri`)
) ENGINE=InnoDB DEFAULT CHARSET=utf8 COLLATE=utf8_bin;

--
-- Dumping data for table `oc_dav_shares`
--


--
-- Table structure for table `oc_external_applicable`
--

CREATE TABLE `oc_external_applicable` (
  `applicable_id` bigint(20) NOT NULL AUTO_INCREMENT,
  `mount_id` bigint(20) NOT NULL,
  `type` int(11) NOT NULL,
  `value` varchar(64) COLLATE utf8_bin DEFAULT NULL,
  PRIMARY KEY (`applicable_id`),
  UNIQUE KEY `applicable_type_value_mount` (`type`,`value`,`mount_id`),
  KEY `applicable_mount` (`mount_id`),
  KEY `applicable_type_value` (`type`,`value`)
) ENGINE=InnoDB DEFAULT CHARSET=utf8 COLLATE=utf8_bin;

--
-- Dumping data for table `oc_external_applicable`
--


--
-- Table structure for table `oc_external_config`
--

CREATE TABLE `oc_external_config` (
  `config_id` bigint(20) NOT NULL AUTO_INCREMENT,
  `mount_id` bigint(20) NOT NULL,
  `key` varchar(64) COLLATE utf8_bin NOT NULL,
  `value` varchar(4096) COLLATE utf8_bin NOT NULL,
  PRIMARY KEY (`config_id`),
  UNIQUE KEY `config_mount_key` (`mount_id`,`key`),
  KEY `config_mount` (`mount_id`)
) ENGINE=InnoDB DEFAULT CHARSET=utf8 COLLATE=utf8_bin;

--
-- Dumping data for table `oc_external_config`
--


--
-- Table structure for table `oc_external_mounts`
--

CREATE TABLE `oc_external_mounts` (
  `mount_id` bigint(20) NOT NULL AUTO_INCREMENT,
  `mount_point` varchar(128) COLLATE utf8_bin NOT NULL,
  `storage_backend` varchar(64) COLLATE utf8_bin NOT NULL,
  `auth_backend` varchar(64) COLLATE utf8_bin NOT NULL,
  `priority` int(11) NOT NULL DEFAULT '100',
  `type` int(11) NOT NULL,
  PRIMARY KEY (`mount_id`)
) ENGINE=InnoDB DEFAULT CHARSET=utf8 COLLATE=utf8_bin;

--
-- Dumping data for table `oc_external_mounts`
--


--
-- Table structure for table `oc_external_options`
--

CREATE TABLE `oc_external_options` (
  `option_id` bigint(20) NOT NULL AUTO_INCREMENT,
  `mount_id` bigint(20) NOT NULL,
  `key` varchar(64) COLLATE utf8_bin NOT NULL,
  `value` varchar(256) COLLATE utf8_bin NOT NULL,
  PRIMARY KEY (`option_id`),
  UNIQUE KEY `option_mount_key` (`mount_id`,`key`),
  KEY `option_mount` (`mount_id`)
) ENGINE=InnoDB DEFAULT CHARSET=utf8 COLLATE=utf8_bin;

--
-- Dumping data for table `oc_external_options`
--


--
-- Table structure for table `oc_federated_reshares`
--

CREATE TABLE `oc_federated_reshares` (
  `share_id` bigint(20) NOT NULL,
  `remote_id` bigint(20) NOT NULL COMMENT 'share ID at the remote server',
  UNIQUE KEY `share_id_index` (`share_id`)
) ENGINE=InnoDB DEFAULT CHARSET=utf8 COLLATE=utf8_bin;

--
-- Dumping data for table `oc_federated_reshares`
--


--
-- Table structure for table `oc_file_locks`
--

CREATE TABLE `oc_file_locks` (
  `id` int(10) unsigned NOT NULL AUTO_INCREMENT,
  `lock` int(11) NOT NULL DEFAULT '0',
  `key` varchar(64) COLLATE utf8_bin NOT NULL,
  `ttl` int(11) NOT NULL DEFAULT '-1',
  PRIMARY KEY (`id`),
  UNIQUE KEY `lock_key_index` (`key`),
  KEY `lock_ttl_index` (`ttl`)
) ENGINE=InnoDB DEFAULT CHARSET=utf8 COLLATE=utf8_bin;

--
-- Dumping data for table `oc_file_locks`
--


--
-- Table structure for table `oc_filecache`
--

CREATE TABLE `oc_filecache` (
  `fileid` bigint(20) NOT NULL AUTO_INCREMENT,
  `storage` int(11) NOT NULL DEFAULT '0',
  `path` varchar(4000) COLLATE utf8_bin DEFAULT NULL,
  `path_hash` varchar(32) COLLATE utf8_bin NOT NULL DEFAULT '',
  `parent` bigint(20) NOT NULL DEFAULT '0',
  `name` varchar(250) COLLATE utf8_bin DEFAULT NULL,
  `mimetype` int(11) NOT NULL DEFAULT '0',
  `mimepart` int(11) NOT NULL DEFAULT '0',
  `size` bigint(20) NOT NULL DEFAULT '0',
  `mtime` bigint(20) NOT NULL DEFAULT '0',
  `storage_mtime` bigint(20) NOT NULL DEFAULT '0',
  `encrypted` int(11) NOT NULL DEFAULT '0',
  `unencrypted_size` bigint(20) NOT NULL DEFAULT '0',
  `etag` varchar(40) COLLATE utf8_bin DEFAULT NULL,
  `permissions` int(11) DEFAULT '0',
  `checksum` varchar(255) COLLATE utf8_bin DEFAULT NULL,
  PRIMARY KEY (`fileid`),
  UNIQUE KEY `fs_storage_path_hash` (`storage`,`path_hash`),
  KEY `fs_parent_name_hash` (`parent`,`name`),
  KEY `fs_storage_mimetype` (`storage`,`mimetype`),
  KEY `fs_storage_mimepart` (`storage`,`mimepart`),
  KEY `fs_storage_size` (`storage`,`size`,`fileid`)
) ENGINE=InnoDB AUTO_INCREMENT=724 DEFAULT CHARSET=utf8 COLLATE=utf8_bin;

--
-- Dumping data for table `oc_filecache`
--

INSERT INTO `oc_filecache` VALUES (1,2,'','d41d8cd98f00b204e9800998ecf8427e',-1,'',2,1,-1,1520971500,1520499607,0,0,'5aa82eecee83b',23,''),(2,2,'avatars','aec9f4efc5a055bbd053f220538c61e0',1,'avatars',2,1,0,1520971500,1520971500,0,0,'5aa82eecee83b',31,''),(3,2,'avatars/37','601685b31b0a9b36bf8fd801ef7a4d6d',2,'37',2,1,0,1520499604,1520499604,0,0,'5aa0fb94f35cd',31,''),(4,2,'avatars/37/8f','1a193522b8df148b17dd6cfccfe0fc2f',3,'8f',2,1,0,1520499604,1520499604,0,0,'5aa0fb94f35cd',31,''),(5,2,'avatars/37/8f/0cddef96d99a9dbc92b9023ca4cf','f72e174b682b0665f7afc0fd2378befb',4,'0cddef96d99a9dbc92b9023ca4cf',2,1,0,1520499604,1520499604,0,0,'5aa0fb94cad7e',31,''),(6,2,'files_external','c270928b685e7946199afdfb898d27ea',1,'files_external',2,1,0,1520499607,1520499607,0,0,'5aa0fb976de76',31,''),(7,1,'','d41d8cd98f00b204e9800998ecf8427e',-1,'',2,1,6153139,1520521439,1520513063,0,0,'5aa150df5a9dd',23,''),(8,1,'cache','0fea6a13c52b4d4725368f24b045ca84',7,'cache',2,1,0,1520503469,1520503469,0,0,'5aa10aadc75fe',31,''),(9,1,'files','45b963397aa40d4a0063e0d85e4fe7a1',7,'files',2,1,5812174,1520503473,1520503473,0,0,'5aa10ab1979ef',31,''),(10,1,'files/Documents','0ad78ba05b6961d92f7970b2b3922eca',9,'Documents',2,1,36227,1520503471,1520503470,0,0,'5aa10aaf39287',31,''),(11,1,'files/Documents/Example.odt','c89c560541b952a435783a7d51a27d50',10,'Example.odt',4,3,36227,1520503471,1520503471,0,0,'498731db9a65a5cf4828d57b6dadefb4',27,'SHA1:a2c861e88db506c0deadb9f7d78a1e27212ce9fc MD5:12348c01fb20e0230c1afdacfe514308 ADLER32:85ffdff5'),(12,1,'files/Photos','d01bb67e7b71dd49fd06bad922f521c9',9,'Photos',2,1,678556,1520503473,1520503473,0,0,'5aa10ab12d17d',31,''),(13,1,'files/Photos/San Francisco.jpg','9fc714efbeaafee22f7058e73d2b1c3b',12,'San Francisco.jpg',6,5,216071,1520503472,1520503472,0,0,'af73bb77f5b32d5427d6516f91d8f28f',27,''),(14,1,'files/Photos/Squirrel.jpg','de85d1da71bcd6232ad893f959063b8c',12,'Squirrel.jpg',6,5,233724,1520503472,1520503472,0,0,'a580bb17cd2be9fc5502795a74859fc4',27,''),(15,1,'files/Photos/Paris.jpg','a208ddedf08367bbc56963107248dda5',12,'Paris.jpg',6,5,228761,1520503473,1520503473,0,0,'033e618d6a596c136d3e011292f0fbb0',27,'SHA1:73e6f4c116ef8fa4568028c7a1e45917ffeea8d8 MD5:0959a73dbc91b7c4fa8daa511aa00bb7 ADLER32:1c41d5d2'),(16,1,'files/ownCloud Manual.pdf','a73aa0f95f162297bbb7ffa3fb5ad709',9,'ownCloud Manual.pdf',7,3,5097391,1520503473,1520503473,0,0,'819486db81502c0c0bb952a517299dd9',27,''),(17,1,'thumbnails','3b8779ba05b8f0aed49650f3ff8beb4b',7,'thumbnails',2,1,340965,1520521439,1520513064,0,0,'5aa150df5a9dd',31,''),(18,1,'thumbnails/13','69db94a0be22d06c341db7a60516253a',17,'13',2,1,128270,1520521439,1520521439,0,0,'5aa150df2bc8b',31,''),(19,1,'thumbnails/14','ea47b030176b781fc37e3b0ab4c9e953',17,'14',2,1,100793,1520521439,1520521439,0,0,'5aa150df5a9dd',31,''),(20,1,'thumbnails/15','fc5030e51a18e2657b54b65613863ec6',17,'15',2,1,111902,1520521438,1520521438,0,0,'5aa150deec9de',31,''),(21,1,'thumbnails/13/1024-683-max.png','8e23916455fb82102e74c94c0cbbf8ef',18,'1024-683-max.png',8,5,91662,1520513064,1520513064,0,0,'aa1dd116a9f537b0666aaa9d5a2f36cd',27,'SHA1:7e0f428ccc79cdaf73ba99efc2a9dbea2d863871 MD5:14364b6f2e4066bd05a3be4191fb8306 ADLER32:979ff1f0'),(22,1,'thumbnails/14/1024-768-max.png','84e135c80fc69c7af15fd65550404692',19,'1024-768-max.png',8,5,73058,1520513064,1520513064,0,0,'088383a0dbae27660a7430084c7dbad2',27,'SHA1:c708671604b25add8e0ce5727e10901c21490dfe MD5:4395bba7f058771e4cd21d47d31f451c ADLER32:b06e1a9c'),(23,1,'thumbnails/13/48-48.png','4e386545b8b69b302817bd95b0738c69',18,'48-48.png',8,5,1254,1520513064,1520513064,0,0,'dc7366696e46ad92ec6644829043c5fb',27,'SHA1:171475978b37190b24c11734066a03f15f510788 MD5:9eae5abfbd22c72dc661a3e943bb7214 ADLER32:54ec015e'),(24,1,'thumbnails/15/1024-683-max.png','2dc55b05085ab424635bc484e7a69255',20,'1024-683-max.png',8,5,79994,1520513064,1520513064,0,0,'624c401b95da387e34725606e39b4187',27,'SHA1:4bacb36b0772873825b9db84706fe4ce6f00527e MD5:2836ab3c4c400b02fea6b2aac6aa655e ADLER32:63788e42'),(25,1,'thumbnails/14/48-48.png','237999645e9487e25d9f7489cc5ea18b',19,'48-48.png',8,5,1271,1520513064,1520513064,0,0,'33b6292ebe8657dbfeaa70984765b377',27,'SHA1:110f90a2f44e99e4f916eaa8d70555e1c1fc87c5 MD5:e8f758b82723b6763c837aa89284ace0 ADLER32:6238ffe7'),(26,1,'thumbnails/15/48-48.png','3bee288f07c82fbc47a3877ed93dd646',20,'48-48.png',8,5,1155,1520513064,1520513064,0,0,'30adc0a5c7840007d98c9d2428fa27d7',27,'SHA1:f7cd3d7b3f4c0def830e6a2e3e217ac6084eaedc MD5:9e39044fb08b4614aed0324819336347 ADLER32:11fbcd77'),(27,1,'thumbnails/15/300-300.png','bb1097260d32e155de4cdefdd047b297',20,'300-300.png',8,5,12611,1520521436,1520521436,0,0,'f19bc53d47821f55bb12315894db6379',27,''),(28,1,'thumbnails/13/300-300.png','7e30e929f4d20f1c360470d63aac1653',18,'300-300.png',8,5,14163,1520521436,1520521436,0,0,'b0245d27aa0c5d50ea5e4b2a2a21fb9e',27,''),(29,1,'thumbnails/14/300-300.png','7c74f252a95da681ce50ce066f5be412',19,'300-300.png',8,5,12250,1520521437,1520521437,0,0,'4285051a834a70e065456fdeb3389c54',27,''),(30,1,'thumbnails/15/450-300-with-aspect.png','0e20c9112ad04418bc8436fcdfd1f668',20,'450-300-with-aspect.png',8,5,18142,1520521438,1520521438,0,0,'41d8d9fbdcb1ad87566ed2cc38b4c124',27,''),(31,1,'thumbnails/13/450-300-with-aspect.png','c0c39917a561ce72222190317133ce39',18,'450-300-with-aspect.png',8,5,21191,1520521439,1520521439,0,0,'0ffc26949d9d8ed437cd9bf1251cdca9',27,''),(32,1,'thumbnails/14/400-300-with-aspect.png','97897aad29a1c13b308fe45763cc858f',19,'400-300-with-aspect.png',8,5,14214,1520521439,1520521439,0,0,'6810048b7346a5d2adabda101b19ae7c',27,''),(33,2,'avatars/7f','03883088753a2ce9f541b413cc00468c',2,'7f',2,1,0,1520607840,1520607839,0,0,'5aa2a260236d5',31,''),(34,2,'avatars/7f/d7','eb39ab94ff01f3baa6966417ebaa91f7',33,'d7',2,1,0,1520607840,1520607840,0,0,'5aa2a260236d5',31,''),(35,2,'avatars/7f/d7/fab4e7011eb5926fb307b969675a','900a2a9e39de9886d9252d7e259b10b0',34,'fab4e7011eb5926fb307b969675a',2,1,0,1520607840,1520607840,0,0,'5aa2a260046c2',31,''),(36,3,'','d41d8cd98f00b204e9800998ecf8427e',-1,'',2,1,25266033,1556368471,1537892341,0,0,'5cc44c570ca4c',23,''),(37,3,'cache','0fea6a13c52b4d4725368f24b045ca84',36,'cache',2,1,0,1520607903,1520607903,0,0,'5aa2a29f82093',31,''),(38,3,'files','45b963397aa40d4a0063e0d85e4fe7a1',36,'files',2,1,0,1556368470,1556368470,0,0,'5cc44c56e2538',31,''),(39,3,'files_trashbin/files/Documents.d1537892306','d4d03face2e523d673ab3cd3af6b75ed',711,'Documents.d1537892306',2,1,36227,1520607904,1520607904,0,0,'5aa2a2a0a6506',31,''),(40,3,'files_trashbin/files/Documents.d1537892306/Example.odt','fdbe61f5261c10f80ec023c81d6bc079',39,'Example.odt',4,3,36227,1520607904,1520607904,0,0,'fec22bf7af921165243897564f37b338',27,'SHA1:a2c861e88db506c0deadb9f7d78a1e27212ce9fc MD5:12348c01fb20e0230c1afdacfe514308 ADLER32:85ffdff5'),(41,3,'files_trashbin/files/Photos.d1537892306','cd0f3624c2884faa424748c5958bd125',711,'Photos.d1537892306',2,1,678556,1520607905,1520607905,0,0,'5aa2a2a1bd172',31,''),(42,3,'files_trashbin/files/Photos.d1537892306/San Francisco.jpg','11b4e40f905f0cbc32a62ba0d22522dd',41,'San Francisco.jpg',6,5,216071,1520607905,1520607905,0,0,'01b82a894bb85c0cca418f09d7491cbc',27,'SHA1:f00431c8f8ac1530febe519ca413806be16e8e4c MD5:84d5d4f2e31ecc00680f5886645c59a2 ADLER32:3124fdc6'),(43,3,'files_trashbin/files/Photos.d1537892306/Squirrel.jpg','a303d379793056c0fdce068a6f62a0f8',41,'Squirrel.jpg',6,5,233724,1520607905,1520607905,0,0,'868f18dd5df0ed7e8fb1e46986d97731',27,'SHA1:ed266b89065e74483248da7ff71cb80e3cca40a5 MD5:0f43fa5a262c476393018f7329080fa7 ADLER32:cad1073a'),(44,3,'files_trashbin/files/Photos.d1537892306/Paris.jpg','0e99ec329211e195f02311b625716d0d',41,'Paris.jpg',6,5,228761,1520607905,1520607905,0,0,'27fb21c6d4c398e2ecb9f928d27dd138',27,'SHA1:73e6f4c116ef8fa4568028c7a1e45917ffeea8d8 MD5:0959a73dbc91b7c4fa8daa511aa00bb7 ADLER32:1c41d5d2'),(45,3,'files_trashbin/files/ownCloud Manual.pdf.d1537892307','f77c74d0501da69b6502a68cd7f0a408',711,'ownCloud Manual.pdf.d1537892307',12,3,5097391,1520607906,1520607906,0,0,'11cf47e6aa4c9a43f565ad6d4a128ac4',27,'SHA1:7b3583d0f90f2d7ec0d0805814a4d4c8cc9db3a1 MD5:6451339b00b415e8c092d4d9c86fbda1 ADLER32:5be30b7d'),(46,2,'avatars/07','fd87c093fcd1711ddfe237862e9683df',2,'07',2,1,0,1520608192,1520608192,0,0,'5aa2a3c109abb',31,''),(47,2,'avatars/07/71','9e0befd0a9ed8daa9f770e976a322b8e',46,'71',2,1,0,1520608192,1520608192,0,0,'5aa2a3c109abb',31,''),(48,2,'avatars/07/71/0d4c717789c77c3f7d431782c803','2b69fe7c081bef4f0f8fab0b07c013df',47,'0d4c717789c77c3f7d431782c803',2,1,0,1520608192,1520608192,0,0,'5aa2a3c0e8a04',31,''),(49,2,'avatars/2b','33b322672d458aef1cc565cf477a443b',2,'2b',2,1,0,1520968061,1520968060,0,0,'5aa8217d1f652',31,''),(50,2,'avatars/2b/6f','156e2b52df0e81762e4915d5d6fe6d0c',49,'6f',2,1,0,1520968061,1520968061,0,0,'5aa8217d1f652',31,''),(51,2,'avatars/2b/6f/ac709c1057236fb70c5c0320a3bc','4bbf1b09e62175d6e5b8343616a53d28',50,'ac709c1057236fb70c5c0320a3bc',2,1,0,1520968061,1520968061,0,0,'5aa8217d0139e',31,''),(52,2,'avatars/21','ad6861de6e7fc46a455df0acc3655dec',2,'21',2,1,0,1520968152,1520968152,0,0,'5aa821d908e9b',31,''),(53,2,'avatars/21/dc','9731600472d4c9b2b4fe810c247da11d',52,'dc',2,1,0,1520968152,1520968152,0,0,'5aa821d908e9b',31,''),(54,2,'avatars/21/dc/39cad6404b55aeb4a4249492b373','55eef57dd8a6ea75b4b04f4c180b0c03',53,'39cad6404b55aeb4a4249492b373',2,1,0,1520968152,1520968152,0,0,'5aa821d8eb6bf',31,''),(84,2,'avatars/e4','dbe26cd4fc10896ee0b6c5be9d5d3c6b',2,'e4',2,1,0,1520971500,1520971500,0,0,'5aa82eecee83b',31,''),(85,2,'avatars/e4/4e','27c7cced9eec3326e6194f001ad36567',84,'4e',2,1,0,1520971500,1520971500,0,0,'5aa82eecee83b',31,''),(86,2,'avatars/e4/4e/034d04288f196863ceca7224d6e8','eb895182062ae39093e173e258502110',85,'034d04288f196863ceca7224d6e8',2,1,0,1520971500,1520971500,0,0,'5aa82eecdceca',31,''),(709,3,'files_trashbin/files/Fernwartung.d1556368470','16ea1c28adf41395398f13952c4a0e5d',711,'Fernwartung.d1556368470',2,1,15968696,1537893530,1537893529,0,0,'5baa649a29895',31,''),(710,3,'files_trashbin','fb66dca5f27af6f15c1d1d81e6f8d28b',36,'files_trashbin',2,1,25266033,1556368470,1537892306,0,0,'5cc44c56af0a4',31,''),(711,3,'files_trashbin/files','3014a771cbe30761f2e9ff3272110dbf',710,'files',2,1,25266033,1556368470,1556368470,0,0,'5cc44c56af0a4',31,''),(712,3,'files_trashbin/versions','c639d144d3f1014051e14a98beac5705',710,'versions',2,1,0,1537892306,1537892306,0,0,'5baa5fd2598ad',31,''),(713,3,'files_trashbin/keys','9195c7cfc1b867f229ac78cc1b6a0be3',710,'keys',2,1,0,1537892306,1537892306,0,0,'5baa5fd2830a9',31,''),(714,3,'files_trashbin/files/Download Fernwartung.url.d1537892528','2909d056f0797f0e124ced1d2cae0351',711,'Download Fernwartung.url.d1537892528',12,3,83,1537892318,1537892318,0,0,'15673d620047f41b466398a731d283b1',27,'SHA1:b017cdd467ca26ac311a417bfbd096b071f149a7 MD5:f7874f7e1ec0f6b3daf145dcaf46b551 ADLER32:17051e76'),(715,3,'uploads','5128f35c9b4be13788ba41bdb6d1fc1f',36,'uploads',2,1,0,1537892353,1537892353,0,0,'5baa6001a7fc5',31,''),(719,3,'files_trashbin/files/Fernwartung.d1556368470/Fernwartung.exe','c2fdff63f696ea4113f60fe165c9b977',709,'Fernwartung.exe',21,3,15968696,1537892338,1537892338,0,0,'b620c3c17dbb23dd2671b99bf2716a13',27,'SHA1:4a817c504fcda66853f4371e8ef71f4c1bf6ae46 MD5:74e2d79e870c7024af5d950314797934 ADLER32:fb1c2b95'),(720,3,'files_trashbin/files/kms.d1537893529','e71c6f9e6eed199e0a94e7e22eecd9e3',711,'kms.d1537893529',2,1,3485080,1537893357,1537893357,0,0,'5baa63ed429e1',31,''),(721,3,'files_trashbin/files/kms.d1537893529/KMSAutoLite.ini','aa8a886a51ac62dd0e27101b52780b39',720,'KMSAutoLite.ini',12,3,728,1534453043,1534453043,0,0,'df7bdef38320248d036c7b7b4d2cb727',27,'SHA1:aede23be0a3d0e1ddfc004db19a87870f49121d5 MD5:465ea4c82b49b7ca076748629dbb5939 ADLER32:6304a9c2'),(722,3,'files_trashbin/files/kms.d1537893529/KMSAuto.exe','1e60636fde50fd48f2dd8f61fa1c4d37',720,'KMSAuto.exe',21,3,1772888,1532188532,1532188532,0,0,'7d7e54f3a804b6078937561b19ae30cf',27,'SHA1:a055c854c3aa10850c111809d985f32f166f3f82 MD5:cef1da8e6578a1ed27c90178552dd2d0 ADLER32:9846cd12'),(723,3,'files_trashbin/files/kms.d1537893529/KMSAuto x64.exe','0f67457e3032944f0caa0ce123d12a21',720,'KMSAuto x64.exe',21,3,1711464,1532188564,1532188564,0,0,'4db631daa89b7c3e818a0d9a7175f82d',27,'SHA1:8a17714431faadbf2879e16883c2f5d80f5ad3d9 MD5:eb07e81544d45b28b9118c7302e9899c ADLER32:e2e909dd');

--
-- Table structure for table `oc_files_trash`
--

CREATE TABLE `oc_files_trash` (
  `auto_id` bigint(20) NOT NULL AUTO_INCREMENT,
  `id` varchar(250) COLLATE utf8_bin NOT NULL DEFAULT '',
  `user` varchar(64) COLLATE utf8_bin NOT NULL DEFAULT '',
  `timestamp` varchar(12) COLLATE utf8_bin NOT NULL DEFAULT '',
  `location` varchar(512) COLLATE utf8_bin NOT NULL DEFAULT '',
  `type` varchar(4) COLLATE utf8_bin DEFAULT NULL,
  `mime` varchar(255) COLLATE utf8_bin DEFAULT NULL,
  PRIMARY KEY (`auto_id`),
  KEY `id_index` (`id`),
  KEY `timestamp_index` (`timestamp`),
  KEY `user_index` (`user`)
) ENGINE=InnoDB AUTO_INCREMENT=15 DEFAULT CHARSET=utf8 COLLATE=utf8_bin;

--
-- Dumping data for table `oc_files_trash`
--

INSERT INTO `oc_files_trash` VALUES (7,'Photos','FRieke','1537892306','.',NULL,NULL),(8,'Documents','FRieke','1537892306','.',NULL,NULL),(9,'ownCloud Manual.pdf','FRieke','1537892307','.',NULL,NULL),(10,'Download Fernwartung.url','FRieke','1537892528','Fernwartung',NULL,NULL),(11,'kms','FRieke','1537893529','Fernwartung',NULL,NULL),(14,'Fernwartung','FRieke','1556368470','.',NULL,NULL);

--
-- Table structure for table `oc_group_admin`
--

CREATE TABLE `oc_group_admin` (
  `gid` varchar(64) COLLATE utf8_bin NOT NULL DEFAULT '',
  `uid` varchar(64) COLLATE utf8_bin NOT NULL DEFAULT '',
  PRIMARY KEY (`gid`,`uid`),
  KEY `group_admin_uid` (`uid`)
) ENGINE=InnoDB DEFAULT CHARSET=utf8 COLLATE=utf8_bin;

--
-- Dumping data for table `oc_group_admin`
--


--
-- Table structure for table `oc_group_user`
--

CREATE TABLE `oc_group_user` (
  `gid` varchar(64) COLLATE utf8_bin NOT NULL DEFAULT '',
  `uid` varchar(64) COLLATE utf8_bin NOT NULL DEFAULT '',
  PRIMARY KEY (`gid`,`uid`),
  KEY `gu_uid_index` (`uid`)
) ENGINE=InnoDB DEFAULT CHARSET=utf8 COLLATE=utf8_bin;

--
-- Dumping data for table `oc_group_user`
--

INSERT INTO `oc_group_user` VALUES ('BWR','FRieke'),('admin','FRieke'),('admin','oc-002-admin');

--
-- Table structure for table `oc_groups`
--

CREATE TABLE `oc_groups` (
  `gid` varchar(64) COLLATE utf8_bin NOT NULL DEFAULT '',
  PRIMARY KEY (`gid`)
) ENGINE=InnoDB DEFAULT CHARSET=utf8 COLLATE=utf8_bin;

--
-- Dumping data for table `oc_groups`
--

INSERT INTO `oc_groups` VALUES ('BWR'),('admin');

--
-- Table structure for table `oc_jobs`
--

CREATE TABLE `oc_jobs` (
  `id` int(10) unsigned NOT NULL AUTO_INCREMENT,
  `class` varchar(255) COLLATE utf8_bin NOT NULL DEFAULT '',
  `argument` varchar(4000) COLLATE utf8_bin NOT NULL DEFAULT '',
  `last_run` int(11) DEFAULT '0',
  `last_checked` int(11) DEFAULT '0',
  `reserved_at` int(11) DEFAULT '0',
  `execution_duration` int(11) NOT NULL DEFAULT '-1',
  PRIMARY KEY (`id`),
  KEY `job_class_index` (`class`)
) ENGINE=InnoDB AUTO_INCREMENT=13 DEFAULT CHARSET=utf8 COLLATE=utf8_bin;

--
-- Dumping data for table `oc_jobs`
--

INSERT INTO `oc_jobs` VALUES (1,'OCA\\Files\\BackgroundJob\\ScanFiles','null',1776435302,1776435302,0,0),(2,'OCA\\Files\\BackgroundJob\\DeleteOrphanedItems','null',1776432604,1776435303,0,0),(3,'OCA\\Files\\BackgroundJob\\CleanupFileLocks','null',1776435303,1776435303,0,0),(4,'OCA\\DAV\\CardDAV\\SyncJob','null',1776375901,1776435303,0,0),(5,'OCA\\Federation\\SyncJob','null',1776382202,1776435304,0,0),(6,'OCA\\Files_Sharing\\DeleteOrphanedSharesJob','null',1776435301,1776435304,0,0),(7,'OCA\\Files_Sharing\\ExpireSharesJob','null',1776377703,1776435304,0,0),(8,'OCA\\Files_Trashbin\\BackgroundJob\\ExpireTrash','null',1776435301,1776435301,0,0),(9,'OCA\\Files_Versions\\BackgroundJob\\ExpireVersions','null',1776435302,1776435301,0,0),(10,'OCA\\Market\\CheckUpdateBackgroundJob','null',1776381302,1776435302,0,1),(11,'OCA\\UpdateNotification\\Notification\\BackgroundJob','null',1776377702,1776435302,0,0),(12,'\\OC\\Authentication\\Token\\DefaultTokenCleanupJob','null',1776435303,1776435303,0,0);

--
-- Table structure for table `oc_migrations`
--

CREATE TABLE `oc_migrations` (
  `app` varchar(177) COLLATE utf8_unicode_ci NOT NULL,
  `version` varchar(14) COLLATE utf8_unicode_ci NOT NULL,
  PRIMARY KEY (`app`,`version`)
) ENGINE=InnoDB DEFAULT CHARSET=utf8 COLLATE=utf8_unicode_ci;

--
-- Dumping data for table `oc_migrations`
--

INSERT INTO `oc_migrations` VALUES ('core','20170101010100'),('core','20170101215145'),('core','20170111103310'),('core','20170213215145'),('core','20170214112458'),('core','20170221114437'),('core','20170221121536'),('core','20170315173825'),('core','20170320173955'),('core','20170418154659'),('core','20170516100103'),('core','20170526104128'),('core','20170605143658'),('core','20170711191432'),('core','20170804201253'),('core','20170928120000'),('core','20171026130750'),('dav','20170116150538'),('dav','20170116170538'),('dav','20170202213905'),('dav','20170202220512'),('dav','20170427182800'),('dav','20170519091921'),('dav','20170526100342'),('dav','20170711193427'),('dav','20170927201245'),('federatedfilesharing','20170804201125'),('federatedfilesharing','20170804201253'),('files_external','20170814051424'),('files_sharing','20170804201125'),('files_sharing','20170804201253'),('files_sharing','20170830112305'),('files_sharing','20171115154900'),('files_sharing','20171215103657'),('files_trashbin','20170804201125'),('files_trashbin','20170804201253'),('notifications','20170801085340'),('notifications','20170801152524');

--
-- Table structure for table `oc_mimetypes`
--

CREATE TABLE `oc_mimetypes` (
  `id` int(11) NOT NULL AUTO_INCREMENT,
  `mimetype` varchar(255) COLLATE utf8_bin NOT NULL DEFAULT '',
  PRIMARY KEY (`id`),
  UNIQUE KEY `mimetype_id_index` (`mimetype`)
) ENGINE=InnoDB AUTO_INCREMENT=23 DEFAULT CHARSET=utf8 COLLATE=utf8_bin;

--
-- Dumping data for table `oc_mimetypes`
--

INSERT INTO `oc_mimetypes` VALUES (3,'application'),(20,'application/msword'),(12,'application/octet-stream'),(7,'application/pdf'),(18,'application/postscript'),(19,'application/vnd.ms-excel'),(4,'application/vnd.oasis.opendocument.text'),(11,'application/vnd.openxmlformats-officedocument.presentationml.presentation'),(13,'application/vnd.openxmlformats-officedocument.spreadsheetml.sheet'),(15,'application/vnd.openxmlformats-officedocument.wordprocessingml.document'),(21,'application/x-ms-dos-executable'),(14,'application/zip'),(1,'httpd'),(2,'httpd/unix-directory'),(5,'image'),(6,'image/jpeg'),(8,'image/png'),(16,'text'),(22,'text/csv'),(17,'text/plain');

--
-- Table structure for table `oc_mounts`
--

CREATE TABLE `oc_mounts` (
  `id` int(11) NOT NULL AUTO_INCREMENT,
  `storage_id` int(11) NOT NULL,
  `root_id` bigint(20) NOT NULL,
  `user_id` varchar(64) COLLATE utf8_bin NOT NULL,
  `mount_point` varchar(4000) COLLATE utf8_bin NOT NULL,
  PRIMARY KEY (`id`),
  UNIQUE KEY `mounts_user_root_index` (`user_id`,`root_id`),
  KEY `mounts_user_index` (`user_id`),
  KEY `mounts_storage_index` (`storage_id`),
  KEY `mounts_root_index` (`root_id`)
) ENGINE=InnoDB AUTO_INCREMENT=3 DEFAULT CHARSET=utf8 COLLATE=utf8_bin;

--
-- Dumping data for table `oc_mounts`
--

INSERT INTO `oc_mounts` VALUES (1,1,7,'oc-002-admin','/oc-002-admin/'),(2,3,36,'FRieke','/FRieke/');

--
-- Table structure for table `oc_notifications`
--

CREATE TABLE `oc_notifications` (
  `notification_id` int(11) NOT NULL AUTO_INCREMENT,
  `app` varchar(32) COLLATE utf8_bin NOT NULL,
  `user` varchar(64) COLLATE utf8_bin NOT NULL,
  `timestamp` int(11) NOT NULL DEFAULT '0',
  `object_type` varchar(64) COLLATE utf8_bin NOT NULL,
  `object_id` varchar(64) COLLATE utf8_bin NOT NULL,
  `subject` varchar(64) COLLATE utf8_bin NOT NULL,
  `subject_parameters` longtext COLLATE utf8_bin,
  `message` varchar(64) COLLATE utf8_bin NOT NULL,
  `message_parameters` longtext COLLATE utf8_bin,
  `link` varchar(4000) COLLATE utf8_bin NOT NULL,
  `actions` longtext COLLATE utf8_bin,
  `icon` varchar(4000) COLLATE utf8_bin DEFAULT NULL,
  PRIMARY KEY (`notification_id`),
  KEY `IDX_16B80748C96E70CF` (`app`),
  KEY `IDX_16B807488D93D649` (`user`),
  KEY `IDX_16B80748A5D6E63E` (`timestamp`),
  KEY `IDX_16B8074811CB6B3A232D562B` (`object_type`,`object_id`)
) ENGINE=InnoDB AUTO_INCREMENT=39 DEFAULT CHARSET=utf8 COLLATE=utf8_bin;

--
-- Dumping data for table `oc_notifications`
--

INSERT INTO `oc_notifications` VALUES (20,'market','oc-002-admin',1544561102,'contacts','1.5.5','update_available','[]','','[]','http://bwr.edv-luehr.de/index.php/apps/market/#/app/contacts','[]',''),(22,'market','oc-002-admin',1544561102,'gallery','16.1.1','update_available','[]','','[]','http://bwr.edv-luehr.de/index.php/apps/market/#/app/gallery','[]',''),(28,'market','oc-002-admin',1552611606,'market','0.4.0','update_available','[]','','[]','http://bwr.edv-luehr.de/index.php/apps/market/#/app/market','[]',''),(33,'updatenotification','FRieke',1570273204,'core','10.1.1','update_available','[]','','[]','http://bwr.edv-luehr.de/index.php/settings/admin#updater','[]',''),(34,'updatenotification','oc-002-admin',1570273204,'core','10.1.1','update_available','[]','','[]','http://bwr.edv-luehr.de/index.php/settings/admin#updater','[]',''),(35,'market','FRieke',1585058404,'calendar','1.6.4','update_available','[]','','[]','http://bwr.edv-luehr.de/index.php/apps/market/#/app/calendar','[]',''),(36,'market','oc-002-admin',1585058404,'calendar','1.6.4','update_available','[]','','[]','http://bwr.edv-luehr.de/index.php/apps/market/#/app/calendar','[]',''),(37,'market','FRieke',1709825404,'templateeditor','0.5.0','update_available','[]','','[]','http://bwr.edv-luehr.de/index.php/apps/market/#/app/templateeditor','[]',''),(38,'market','oc-002-admin',1709825404,'templateeditor','0.5.0','update_available','[]','','[]','http://bwr.edv-luehr.de/index.php/apps/market/#/app/templateeditor','[]','');

--
-- Table structure for table `oc_preferences`
--

CREATE TABLE `oc_preferences` (
  `userid` varchar(64) COLLATE utf8_bin NOT NULL DEFAULT '',
  `appid` varchar(32) COLLATE utf8_bin NOT NULL DEFAULT '',
  `configkey` varchar(64) COLLATE utf8_bin NOT NULL DEFAULT '',
  `configvalue` longtext COLLATE utf8_bin,
  PRIMARY KEY (`userid`,`appid`,`configkey`)
) ENGINE=InnoDB DEFAULT CHARSET=utf8 COLLATE=utf8_bin;

--
-- Dumping data for table `oc_preferences`
--

INSERT INTO `oc_preferences` VALUES ('FRieke','calendar','currentView','month'),('FRieke','calendar','firstRun','no'),('FRieke','core','lang','de_DE'),('FRieke','files','show_hidden','0'),('FRieke','firstrunwizard','show','0'),('frieke','owncloud','lostpassword','1526391807:VQN16c4UNKy06zme98eHt'),('oc-002-admin','calendar','currentView','month'),('oc-002-admin','calendar','firstRun','no'),('oc-002-admin','core','lang','de'),('oc-002-admin','firstrunwizard','show','0');

--
-- Table structure for table `oc_privatedata`
--

CREATE TABLE `oc_privatedata` (
  `keyid` int(10) unsigned NOT NULL AUTO_INCREMENT,
  `user` varchar(64) COLLATE utf8_bin NOT NULL DEFAULT '',
  `app` varchar(255) COLLATE utf8_bin NOT NULL DEFAULT '',
  `key` varchar(255) COLLATE utf8_bin NOT NULL DEFAULT '',
  `value` varchar(255) COLLATE utf8_bin NOT NULL DEFAULT '',
  PRIMARY KEY (`keyid`)
) ENGINE=InnoDB DEFAULT CHARSET=utf8 COLLATE=utf8_bin;

--
-- Dumping data for table `oc_privatedata`
--


--
-- Table structure for table `oc_properties`
--

CREATE TABLE `oc_properties` (
  `id` bigint(20) NOT NULL AUTO_INCREMENT,
  `fileid` bigint(20) unsigned DEFAULT NULL,
  `propertyname` varchar(255) COLLATE utf8_bin NOT NULL DEFAULT '',
  `propertyvalue` varchar(255) COLLATE utf8_bin NOT NULL,
  PRIMARY KEY (`id`),
  KEY `fileid_index` (`fileid`)
) ENGINE=InnoDB DEFAULT CHARSET=utf8 COLLATE=utf8_bin;

--
-- Dumping data for table `oc_properties`
--


--
-- Table structure for table `oc_schedulingobjects`
--

CREATE TABLE `oc_schedulingobjects` (
  `id` int(10) unsigned NOT NULL AUTO_INCREMENT,
  `principaluri` varchar(255) COLLATE utf8_bin DEFAULT NULL,
  `calendardata` longblob,
  `uri` varchar(255) COLLATE utf8_bin DEFAULT NULL,
  `lastmodified` int(10) unsigned DEFAULT NULL,
  `etag` varchar(32) COLLATE utf8_bin DEFAULT NULL,
  `size` bigint(20) unsigned NOT NULL,
  PRIMARY KEY (`id`)
) ENGINE=InnoDB DEFAULT CHARSET=utf8 COLLATE=utf8_bin;

--
-- Dumping data for table `oc_schedulingobjects`
--


--
-- Table structure for table `oc_share`
--

CREATE TABLE `oc_share` (
  `id` int(11) NOT NULL AUTO_INCREMENT,
  `share_type` smallint(6) NOT NULL DEFAULT '0',
  `share_with` varchar(255) COLLATE utf8_bin DEFAULT NULL,
  `uid_owner` varchar(64) COLLATE utf8_bin NOT NULL DEFAULT '',
  `uid_initiator` varchar(64) COLLATE utf8_bin DEFAULT NULL,
  `parent` int(11) DEFAULT NULL,
  `item_type` varchar(64) COLLATE utf8_bin NOT NULL DEFAULT '',
  `item_source` varchar(255) COLLATE utf8_bin DEFAULT NULL,
  `item_target` varchar(255) COLLATE utf8_bin DEFAULT NULL,
  `file_source` bigint(20) DEFAULT NULL,
  `file_target` varchar(512) COLLATE utf8_bin DEFAULT NULL,
  `permissions` smallint(6) NOT NULL DEFAULT '0',
  `stime` bigint(20) NOT NULL DEFAULT '0',
  `accepted` smallint(6) NOT NULL DEFAULT '0',
  `expiration` datetime DEFAULT NULL,
  `token` varchar(32) COLLATE utf8_bin DEFAULT NULL,
  `mail_send` smallint(6) NOT NULL DEFAULT '0',
  `share_name` varchar(64) COLLATE utf8_bin DEFAULT NULL,
  PRIMARY KEY (`id`),
  KEY `item_share_type_index` (`item_type`,`share_type`),
  KEY `file_source_index` (`file_source`),
  KEY `token_index` (`token`),
  KEY `share_with_index` (`share_with`),
  KEY `item_source_index` (`item_source`),
  KEY `item_source_type_index` (`item_source`,`share_type`,`item_type`)
) ENGINE=InnoDB DEFAULT CHARSET=utf8 COLLATE=utf8_bin;

--
-- Dumping data for table `oc_share`
--


--
-- Table structure for table `oc_share_external`
--

CREATE TABLE `oc_share_external` (
  `id` bigint(20) NOT NULL AUTO_INCREMENT,
  `remote` varchar(512) COLLATE utf8_bin NOT NULL COMMENT 'Url of the remote owncloud instance',
  `remote_id` bigint(20) NOT NULL DEFAULT '-1',
  `share_token` varchar(64) COLLATE utf8_bin NOT NULL COMMENT 'Public share token',
  `password` varchar(64) COLLATE utf8_bin DEFAULT NULL COMMENT 'Optional password for the public share',
  `name` varchar(64) COLLATE utf8_bin NOT NULL COMMENT 'Original name on the remote server',
  `owner` varchar(64) COLLATE utf8_bin NOT NULL COMMENT 'User that owns the public share on the remote server',
  `user` varchar(64) COLLATE utf8_bin NOT NULL COMMENT 'Local user which added the external share',
  `mountpoint` varchar(4000) COLLATE utf8_bin NOT NULL COMMENT 'Full path where the share is mounted',
  `mountpoint_hash` varchar(32) COLLATE utf8_bin NOT NULL COMMENT 'md5 hash of the mountpoint',
  `accepted` int(11) NOT NULL DEFAULT '0',
  PRIMARY KEY (`id`),
  UNIQUE KEY `sh_external_mp` (`user`,`mountpoint_hash`),
  KEY `sh_external_user` (`user`)
) ENGINE=InnoDB DEFAULT CHARSET=utf8 COLLATE=utf8_bin;

--
-- Dumping data for table `oc_share_external`
--


--
-- Table structure for table `oc_storages`
--

CREATE TABLE `oc_storages` (
  `id` varchar(64) COLLATE utf8_bin DEFAULT NULL,
  `numeric_id` int(11) NOT NULL AUTO_INCREMENT,
  `available` int(11) NOT NULL DEFAULT '1',
  `last_checked` int(11) DEFAULT NULL,
  PRIMARY KEY (`numeric_id`),
  UNIQUE KEY `storages_id_index` (`id`)
) ENGINE=InnoDB AUTO_INCREMENT=4 DEFAULT CHARSET=utf8 COLLATE=utf8_bin;

--
-- Dumping data for table `oc_storages`
--

INSERT INTO `oc_storages` VALUES ('home::oc-002-admin',1,1,NULL),('local::/var/www/oc-002/oc-data/',2,1,NULL),('home::FRieke',3,1,NULL);

--
-- Table structure for table `oc_systemtag`
--

CREATE TABLE `oc_systemtag` (
  `id` int(10) unsigned NOT NULL AUTO_INCREMENT,
  `name` varchar(64) COLLATE utf8_bin NOT NULL DEFAULT '',
  `visibility` smallint(6) NOT NULL DEFAULT '1',
  `editable` smallint(6) NOT NULL DEFAULT '1',
  PRIMARY KEY (`id`),
  UNIQUE KEY `tag_ident` (`name`,`visibility`,`editable`)
) ENGINE=InnoDB DEFAULT CHARSET=utf8 COLLATE=utf8_bin;

--
-- Dumping data for table `oc_systemtag`
--


--
-- Table structure for table `oc_systemtag_group`
--

CREATE TABLE `oc_systemtag_group` (
  `systemtagid` int(10) unsigned NOT NULL DEFAULT '0',
  `gid` varchar(255) COLLATE utf8_bin NOT NULL,
  PRIMARY KEY (`gid`,`systemtagid`)
) ENGINE=InnoDB DEFAULT CHARSET=utf8 COLLATE=utf8_bin;

--
-- Dumping data for table `oc_systemtag_group`
--


--
-- Table structure for table `oc_systemtag_object_mapping`
--

CREATE TABLE `oc_systemtag_object_mapping` (
  `objectid` varchar(64) COLLATE utf8_bin NOT NULL DEFAULT '',
  `objecttype` varchar(64) COLLATE utf8_bin NOT NULL DEFAULT '',
  `systemtagid` int(10) unsigned NOT NULL DEFAULT '0',
  UNIQUE KEY `mapping` (`objecttype`,`objectid`,`systemtagid`)
) ENGINE=InnoDB DEFAULT CHARSET=utf8 COLLATE=utf8_bin;

--
-- Dumping data for table `oc_systemtag_object_mapping`
--


--
-- Table structure for table `oc_trusted_servers`
--

CREATE TABLE `oc_trusted_servers` (
  `id` int(11) NOT NULL AUTO_INCREMENT,
  `url` varchar(512) COLLATE utf8_bin NOT NULL COMMENT 'Url of trusted server',
  `url_hash` varchar(255) COLLATE utf8_bin NOT NULL DEFAULT '' COMMENT 'sha1 hash of the url without the protocol',
  `token` varchar(128) COLLATE utf8_bin DEFAULT NULL COMMENT 'token used to exchange the shared secret',
  `shared_secret` varchar(256) COLLATE utf8_bin DEFAULT NULL COMMENT 'shared secret used to authenticate',
  `status` int(11) NOT NULL DEFAULT '2' COMMENT 'current status of the connection',
  `sync_token` varchar(512) COLLATE utf8_bin DEFAULT NULL COMMENT 'cardDav sync token',
  PRIMARY KEY (`id`),
  UNIQUE KEY `url_hash` (`url_hash`)
) ENGINE=InnoDB DEFAULT CHARSET=utf8 COLLATE=utf8_bin;

--
-- Dumping data for table `oc_trusted_servers`
--


--
-- Table structure for table `oc_users`
--

CREATE TABLE `oc_users` (
  `uid` varchar(64) COLLATE utf8_bin NOT NULL DEFAULT '',
  `displayname` varchar(64) COLLATE utf8_bin DEFAULT NULL,
  `password` varchar(255) COLLATE utf8_bin NOT NULL DEFAULT '',
  PRIMARY KEY (`uid`)
) ENGINE=InnoDB DEFAULT CHARSET=utf8 COLLATE=utf8_bin;

--
-- Dumping data for table `oc_users`
--

INSERT INTO `oc_users` VALUES ('FRieke',NULL,'1|$2y$10$0siJnP2moOhH3AirXSHEmeU0CgM3IlEMMxaSvomC.dDplFTofM83W'),('oc-002-admin',NULL,'1|$2y$10$EeqtO6tpkWZAco47mdKrq.Nqq37Rn5q9IjoGjmKOcqRT.Jf3ayE5y');

--
-- Table structure for table `oc_vcategory`
--

CREATE TABLE `oc_vcategory` (
  `id` int(10) unsigned NOT NULL AUTO_INCREMENT,
  `uid` varchar(64) COLLATE utf8_bin NOT NULL DEFAULT '',
  `type` varchar(64) COLLATE utf8_bin NOT NULL DEFAULT '',
  `category` varchar(255) COLLATE utf8_bin NOT NULL DEFAULT '',
  PRIMARY KEY (`id`),
  KEY `uid_index` (`uid`),
  KEY `type_index` (`type`),
  KEY `category_index` (`category`)
) ENGINE=InnoDB DEFAULT CHARSET=utf8 COLLATE=utf8_bin;

--
-- Dumping data for table `oc_vcategory`
--


--
-- Table structure for table `oc_vcategory_to_object`
--

CREATE TABLE `oc_vcategory_to_object` (
  `objid` bigint(20) unsigned NOT NULL DEFAULT '0',
  `categoryid` int(10) unsigned NOT NULL DEFAULT '0',
  `type` varchar(64) COLLATE utf8_bin NOT NULL DEFAULT '',
  PRIMARY KEY (`categoryid`,`objid`,`type`),
  KEY `vcategory_objectd_index` (`objid`,`type`)
) ENGINE=InnoDB DEFAULT CHARSET=utf8 COLLATE=utf8_bin;

--
-- Dumping data for table `oc_vcategory_to_object`
--


--
-- Current Database: `oc-free`
--

CREATE DATABASE /*!32312 IF NOT EXISTS*/ `oc-free` /*!40100 DEFAULT CHARACTER SET latin1 */;

USE `oc-free`;

--
-- Table structure for table `oc_activity`
--

CREATE TABLE `oc_activity` (
  `activity_id` int(11) NOT NULL AUTO_INCREMENT,
  `timestamp` int(11) NOT NULL DEFAULT '0',
  `priority` int(11) NOT NULL DEFAULT '0',
  `type` varchar(255) COLLATE utf8_bin DEFAULT NULL,
  `user` varchar(64) COLLATE utf8_bin DEFAULT NULL,
  `affecteduser` varchar(64) COLLATE utf8_bin NOT NULL,
  `app` varchar(255) COLLATE utf8_bin NOT NULL,
  `subject` varchar(255) COLLATE utf8_bin NOT NULL,
  `subjectparams` varchar(4000) COLLATE utf8_bin NOT NULL,
  `message` varchar(255) COLLATE utf8_bin DEFAULT NULL,
  `messageparams` varchar(4000) COLLATE utf8_bin DEFAULT NULL,
  `file` varchar(4000) COLLATE utf8_bin DEFAULT NULL,
  `link` varchar(4000) COLLATE utf8_bin DEFAULT NULL,
  `object_type` varchar(255) COLLATE utf8_bin DEFAULT NULL,
  `object_id` int(11) NOT NULL DEFAULT '0',
  PRIMARY KEY (`activity_id`),
  KEY `activity_user_time` (`affecteduser`,`timestamp`),
  KEY `activity_filter_by` (`affecteduser`,`user`,`timestamp`),
  KEY `activity_filter_app` (`affecteduser`,`app`,`timestamp`),
  KEY `activity_time` (`timestamp`),
  KEY `activity_object` (`object_type`,`object_id`)
) ENGINE=InnoDB DEFAULT CHARSET=utf8 COLLATE=utf8_bin;

--
-- Dumping data for table `oc_activity`
--


--
-- Table structure for table `oc_activity_mq`
--

CREATE TABLE `oc_activity_mq` (
  `mail_id` int(11) NOT NULL AUTO_INCREMENT,
  `amq_timestamp` int(11) NOT NULL DEFAULT '0',
  `amq_latest_send` int(11) NOT NULL DEFAULT '0',
  `amq_type` varchar(255) COLLATE utf8_bin NOT NULL,
  `amq_affecteduser` varchar(64) COLLATE utf8_bin NOT NULL,
  `amq_appid` varchar(255) COLLATE utf8_bin NOT NULL,
  `amq_subject` varchar(255) COLLATE utf8_bin NOT NULL,
  `amq_subjectparams` varchar(4000) COLLATE utf8_bin NOT NULL,
  PRIMARY KEY (`mail_id`),
  KEY `amp_user` (`amq_affecteduser`),
  KEY `amp_latest_send_time` (`amq_latest_send`),
  KEY `amp_timestamp_time` (`amq_timestamp`)
) ENGINE=InnoDB DEFAULT CHARSET=utf8 COLLATE=utf8_bin;

--
-- Dumping data for table `oc_activity_mq`
--


--
-- Table structure for table `oc_addressbookchanges`
--

CREATE TABLE `oc_addressbookchanges` (
  `id` bigint(20) unsigned NOT NULL AUTO_INCREMENT,
  `uri` varchar(255) COLLATE utf8_bin DEFAULT NULL,
  `synctoken` int(10) unsigned NOT NULL DEFAULT '1',
  `addressbookid` int(11) NOT NULL,
  `operation` smallint(6) NOT NULL,
  PRIMARY KEY (`id`),
  KEY `addressbookid_synctoken` (`addressbookid`,`synctoken`)
) ENGINE=InnoDB AUTO_INCREMENT=21 DEFAULT CHARSET=utf8 COLLATE=utf8_bin;

--
-- Dumping data for table `oc_addressbookchanges`
--

INSERT INTO `oc_addressbookchanges` VALUES (1,'7134b9c0-ed0a-49c8-a393-e2939c4dd9fd.vcf',1,1,1),(2,'Database:Fraiseradmin.vcf',1,6,1),(3,'Database:Gancho_Gichev.vcf',2,6,1),(4,'Database:Hans-Peter.Schmidt.vcf',3,6,1),(5,'Database:MARTINDAMOS.vcf',4,6,1),(6,'Database:daniel.rauwald.vcf',5,6,1),(7,'Database:david.weis.vcf',6,6,1),(8,'Database:frank.boecker .vcf',7,6,1),(9,'Database:franz.kainz .vcf',8,6,1),(10,'Database:gregor.mitsch.vcf',9,6,1),(11,'Database:jannik.fibach.vcf',10,6,1),(12,'Database:jonas.truemper.vcf',11,6,1),(13,'Database:peter.duebbert.vcf',12,6,1),(14,'Database:robert.buta .vcf',13,6,1),(15,'Database:saimohan.vcf',14,6,1),(16,'Database:thomas.barkow .vcf',15,6,1),(17,'Database:tobias.saenger.vcf',16,6,1),(18,'Database:tobias.saenger.vcf',17,6,2),(19,'Database:fabian.knabe.vcf',18,6,1),(20,'Database:fabian.knabe.vcf',19,6,2);

--
-- Table structure for table `oc_addressbooks`
--

CREATE TABLE `oc_addressbooks` (
  `id` bigint(20) unsigned NOT NULL AUTO_INCREMENT,
  `principaluri` varchar(255) COLLATE utf8_bin DEFAULT NULL,
  `displayname` varchar(255) COLLATE utf8_bin DEFAULT NULL,
  `uri` varchar(255) COLLATE utf8_bin DEFAULT NULL,
  `description` varchar(255) COLLATE utf8_bin DEFAULT NULL,
  `synctoken` int(10) unsigned NOT NULL DEFAULT '1',
  PRIMARY KEY (`id`),
  UNIQUE KEY `addressbook_index` (`principaluri`,`uri`)
) ENGINE=InnoDB AUTO_INCREMENT=8 DEFAULT CHARSET=utf8 COLLATE=utf8_bin;

--
-- Dumping data for table `oc_addressbooks`
--

INSERT INTO `oc_addressbooks` VALUES (1,'principals/users/Fraiseradmin','Kontakte','kontakte','',2),(2,'principals/users/david.weis','Kontakte','kontakte','',1),(3,'principals/users/frank.boecker ','Kontakte','kontakte','',1),(4,'principals/users/saimohan','Kontakte','kontakte','',1),(5,'principals/users/thomas.barkow ','Kontakte','kontakte','',1),(6,'principals/system/system','system','system','System addressbook which holds all users of this instance',20),(7,'principals/users/gregor.mitsch','Contacts','contacts',NULL,1);

--
-- Table structure for table `oc_appconfig`
--

CREATE TABLE `oc_appconfig` (
  `appid` varchar(32) COLLATE utf8_bin NOT NULL DEFAULT '',
  `configkey` varchar(64) COLLATE utf8_bin NOT NULL DEFAULT '',
  `configvalue` longtext COLLATE utf8_bin,
  PRIMARY KEY (`appid`,`configkey`),
  KEY `appconfig_config_key_index` (`configkey`),
  KEY `appconfig_appid_key` (`appid`)
) ENGINE=InnoDB DEFAULT CHARSET=utf8 COLLATE=utf8_bin;

--
-- Dumping data for table `oc_appconfig`
--

INSERT INTO `oc_appconfig` VALUES ('activity','enabled','yes'),('activity','installed_version','2.3.2'),('activity','types','filesystem'),('backgroundjob','lastjob','17'),('calendar','enabled','[\"admin\"]'),('calendar','installed_version','1.4.1'),('calendar','ocsid','168707'),('calendar','types',''),('comments','enabled','yes'),('comments','installed_version','0.3.0'),('comments','types','logging'),('configreport','enabled','yes'),('configreport','installed_version','0.1.1'),('configreport','types','filesystem'),('contacts','enabled','[\"admin\"]'),('contacts','installed_version','1.5.1'),('contacts','ocsid','168708'),('contacts','types',''),('core','backgroundjobs_mode','cron'),('core','default_encryption_module','OC_DEFAULT_MODULE'),('core','encryption_enabled','yes'),('core','global_cache_gc_lastrun','1490472001'),('core','installedat','1410285237.8716'),('core','lastcron','1776435304'),('core','lastupdateResult','{\"version\":\"9.1.8\",\"versionstring\":\"ownCloud 9.1.8\",\"url\":\"https:\\/\\/download.owncloud.org\\/community\\/owncloud-9.1.8.zip\",\"web\":\"https:\\/\\/doc.owncloud.com\\/server\\/latest\\/admin_manual\\/maintenance\\/upgrading\\/upgrade.html\"}'),('core','lastupdatedat','1776388503'),('core','oc.integritycheck.checker','[]'),('core','public_caldav','calendar/share.php'),('core','public_calendar','calendar/share.php'),('core','public_documents','documents/public.php'),('core','public_files','files_sharing/public.php'),('core','public_gallery','gallery/public.php'),('core','public_webdav','dav/appinfo/v1/publicwebdav.php'),('core','remote_caldav','dav/appinfo/v1/caldav.php'),('core','remote_calendar','dav/appinfo/v1/caldav.php'),('core','remote_carddav','dav/appinfo/v1/carddav.php'),('core','remote_contacts','dav/appinfo/v1/carddav.php'),('core','remote_dav','dav/appinfo/v2/remote.php'),('core','remote_files','dav/appinfo/v1/webdav.php'),('core','remote_filesync','files/appinfo/filesync.php'),('core','remote_webdav','dav/appinfo/v1/webdav.php'),('core','repairlegacystoragesdone','yes'),('dav','enabled','yes'),('dav','installed_version','0.2.7'),('dav','types','filesystem'),('documents','converter','local'),('documents','enabled','[\"admin\",\"user\"]'),('documents','installed_version','0.13.1'),('documents','ocsid','168711'),('documents','types',''),('encryption','enabled','yes'),('encryption','encryptHomeStorage','1'),('encryption','installed_version','1.3.0'),('encryption','masterKeyId','master_f46f7dc0'),('encryption','publicShareKeyId','pubShare_e5d27a3a'),('encryption','recoveryKeyId','recoveryKey_0943565d'),('encryption','types','filesystem'),('federatedfilesharing','enabled','yes'),('federatedfilesharing','installed_version','0.3.0'),('federatedfilesharing','types',''),('federation','enabled','yes'),('federation','installed_version','0.1.0'),('federation','types','authentication'),('files','cronjob_scan_files','500'),('files','default_quota','1 GB'),('files','enabled','yes'),('files','installed_version','1.5.1'),('files','types','filesystem'),('files_pdfviewer','enabled','yes'),('files_pdfviewer','installed_version','0.8.1'),('files_pdfviewer','ocsid','166049'),('files_pdfviewer','types',''),('files_sharing','enabled','yes'),('files_sharing','installed_version','0.10.0'),('files_sharing','types','filesystem'),('files_texteditor','enabled','yes'),('files_texteditor','installed_version','2.1'),('files_texteditor','ocsid','166051'),('files_texteditor','types',''),('files_trashbin','enabled','yes'),('files_trashbin','installed_version','0.9.0'),('files_trashbin','types','filesystem'),('files_versions','enabled','yes'),('files_versions','installed_version','1.3.0'),('files_versions','types','filesystem'),('files_videoplayer','enabled','yes'),('files_videoplayer','installed_version','0.9.8'),('files_videoplayer','types',''),('files_videoviewer','enabled','no'),('files_videoviewer','installed_version','0.1.3'),('files_videoviewer','ocsid','166054'),('files_videoviewer','types',''),('firstrunwizard','enabled','yes'),('firstrunwizard','installed_version','1.1'),('firstrunwizard','ocsid','166055'),('firstrunwizard','types',''),('gallery','enabled','yes'),('gallery','installed_version','15.0.0'),('gallery','types',''),('notifications','enabled','yes'),('notifications','installed_version','0.3.0'),('notifications','types','logging'),('provisioning_api','enabled','yes'),('provisioning_api','installed_version','0.5.0'),('provisioning_api','types','prevent_group_restriction'),('search_lucene','enabled','no'),('search_lucene','installed_version','0.5.3'),('search_lucene','ocsid','168709'),('search_lucene','types','filesystem'),('systemtags','enabled','yes'),('systemtags','installed_version','0.3.0'),('systemtags','types','logging'),('templateeditor','enabled','yes'),('templateeditor','installed_version','0.1'),('templateeditor','types',''),('updatenotification','core','9.1.8'),('updatenotification','enabled','yes'),('updatenotification','installed_version','0.2.1'),('updatenotification','types',''),('updater','enabled','no'),('updater','installed_version','0.4'),('updater','ocsid','166059'),('updater','types','');

--
-- Table structure for table `oc_authtoken`
--

CREATE TABLE `oc_authtoken` (
  `id` int(10) unsigned NOT NULL AUTO_INCREMENT,
  `uid` varchar(64) COLLATE utf8_bin NOT NULL DEFAULT '',
  `login_name` varchar(64) COLLATE utf8_bin NOT NULL DEFAULT '',
  `password` longtext COLLATE utf8_bin,
  `name` longtext COLLATE utf8_bin NOT NULL,
  `token` varchar(200) COLLATE utf8_bin NOT NULL DEFAULT '',
  `type` smallint(5) unsigned NOT NULL DEFAULT '0',
  `last_activity` int(10) unsigned NOT NULL DEFAULT '0',
  `last_check` int(10) unsigned NOT NULL DEFAULT '0',
  PRIMARY KEY (`id`),
  UNIQUE KEY `authtoken_token_index` (`token`),
  KEY `authtoken_last_activity_index` (`last_activity`)
) ENGINE=InnoDB DEFAULT CHARSET=utf8 COLLATE=utf8_bin;

--
-- Dumping data for table `oc_authtoken`
--


--
-- Table structure for table `oc_calendarchanges`
--

CREATE TABLE `oc_calendarchanges` (
  `id` bigint(20) unsigned NOT NULL AUTO_INCREMENT,
  `uri` varchar(255) COLLATE utf8_bin DEFAULT NULL,
  `synctoken` int(10) unsigned NOT NULL DEFAULT '1',
  `calendarid` int(11) NOT NULL,
  `operation` smallint(6) NOT NULL,
  PRIMARY KEY (`id`),
  KEY `calendarid_synctoken` (`calendarid`,`synctoken`)
) ENGINE=InnoDB DEFAULT CHARSET=utf8 COLLATE=utf8_bin;

--
-- Dumping data for table `oc_calendarchanges`
--


--
-- Table structure for table `oc_calendarobjects`
--

CREATE TABLE `oc_calendarobjects` (
  `id` bigint(20) unsigned NOT NULL AUTO_INCREMENT,
  `calendardata` longblob,
  `uri` varchar(255) COLLATE utf8_bin DEFAULT NULL,
  `calendarid` int(10) unsigned NOT NULL,
  `lastmodified` int(10) unsigned DEFAULT NULL,
  `etag` varchar(32) COLLATE utf8_bin DEFAULT NULL,
  `size` bigint(20) unsigned NOT NULL,
  `componenttype` varchar(8) COLLATE utf8_bin DEFAULT NULL,
  `firstoccurence` bigint(20) unsigned DEFAULT NULL,
  `lastoccurence` bigint(20) unsigned DEFAULT NULL,
  `uid` varchar(255) COLLATE utf8_bin DEFAULT NULL,
  `classification` int(11) DEFAULT '0' COMMENT '0 - public, 1 - private, 2 - confidential',
  PRIMARY KEY (`id`),
  UNIQUE KEY `calobjects_index` (`calendarid`,`uri`)
) ENGINE=InnoDB DEFAULT CHARSET=utf8 COLLATE=utf8_bin;

--
-- Dumping data for table `oc_calendarobjects`
--


--
-- Table structure for table `oc_calendars`
--

CREATE TABLE `oc_calendars` (
  `id` bigint(20) unsigned NOT NULL AUTO_INCREMENT,
  `principaluri` varchar(255) COLLATE utf8_bin DEFAULT NULL,
  `displayname` varchar(255) COLLATE utf8_bin DEFAULT NULL,
  `uri` varchar(255) COLLATE utf8_bin DEFAULT NULL,
  `synctoken` int(10) unsigned NOT NULL DEFAULT '1',
  `description` varchar(255) COLLATE utf8_bin DEFAULT NULL,
  `calendarorder` int(10) unsigned NOT NULL DEFAULT '0',
  `calendarcolor` varchar(255) COLLATE utf8_bin DEFAULT NULL,
  `timezone` longtext COLLATE utf8_bin,
  `components` varchar(20) COLLATE utf8_bin DEFAULT NULL,
  `transparent` smallint(6) NOT NULL DEFAULT '0',
  PRIMARY KEY (`id`),
  UNIQUE KEY `calendars_index` (`principaluri`,`uri`)
) ENGINE=InnoDB AUTO_INCREMENT=29 DEFAULT CHARSET=utf8 COLLATE=utf8_bin;

--
-- Dumping data for table `oc_calendars`
--

INSERT INTO `oc_calendars` VALUES (1,'principals/users/Fraiseradmin','Persönlich','persönlich',1,'Persönlich',0,NULL,NULL,'VEVENT,VTODO',0),(2,'principals/users/Gancho_Gichev','Persönlich','persönlich',1,'Persönlich',0,NULL,NULL,'VEVENT,VTODO',0),(3,'principals/users/Hans-Peter.Schmidt','Persönlich','persönlich',1,'Persönlich',0,NULL,NULL,'VEVENT,VTODO',0),(4,'principals/users/daniel.rauwald','Persönlich','persönlich',1,'Persönlich',0,NULL,NULL,'VEVENT,VTODO',0),(5,'principals/users/david.weis','Persönlich','persönlich',1,'Persönlich',0,NULL,NULL,'VEVENT,VTODO',0),(6,'principals/users/gregor.mitsch','Persönlich','persönlich',1,'Persönlich',0,NULL,NULL,'VEVENT,VTODO',0),(7,'principals/users/jannik.fibach','Persönlich','persönlich',1,'Persönlich',0,NULL,NULL,'VEVENT,VTODO',0),(8,'principals/users/peter.duebbert','Persönlich','persönlich',1,'Persönlich',0,NULL,NULL,'VEVENT,VTODO',0),(9,'principals/users/robert.buta ','Persönlich','persönlich',1,'Persönlich',0,NULL,NULL,'VEVENT,VTODO',0),(10,'principals/users/saimohan','Persönlich','persönlich',1,'Persönlich',0,NULL,NULL,'VEVENT,VTODO',0),(11,'principals/users/thomas.barkow ','Persönlich','persönlich',1,'Persönlich',0,NULL,NULL,'VEVENT,VTODO',0),(12,'principals/users/Fraiseradmin','Contact birthdays','contact_birthdays',1,NULL,0,'#FFFFCA',NULL,'VEVENT',0),(13,'principals/users/Gancho_Gichev','Contact birthdays','contact_birthdays',1,NULL,0,'#FFFFCA',NULL,'VEVENT',0),(14,'principals/users/Hans-Peter.Schmidt','Contact birthdays','contact_birthdays',1,NULL,0,'#FFFFCA',NULL,'VEVENT',0),(15,'principals/users/MARTINDAMOS','Contact birthdays','contact_birthdays',1,NULL,0,'#FFFFCA',NULL,'VEVENT',0),(16,'principals/users/daniel.rauwald','Contact birthdays','contact_birthdays',1,NULL,0,'#FFFFCA',NULL,'VEVENT',0),(17,'principals/users/david.weis','Contact birthdays','contact_birthdays',1,NULL,0,'#FFFFCA',NULL,'VEVENT',0),(18,'principals/users/frank.boecker ','Contact birthdays','contact_birthdays',1,NULL,0,'#FFFFCA',NULL,'VEVENT',0),(19,'principals/users/franz.kainz ','Contact birthdays','contact_birthdays',1,NULL,0,'#FFFFCA',NULL,'VEVENT',0),(20,'principals/users/gregor.mitsch','Contact birthdays','contact_birthdays',1,NULL,0,'#FFFFCA',NULL,'VEVENT',0),(21,'principals/users/jannik.fibach','Contact birthdays','contact_birthdays',1,NULL,0,'#FFFFCA',NULL,'VEVENT',0),(22,'principals/users/jonas.truemper','Contact birthdays','contact_birthdays',1,NULL,0,'#FFFFCA',NULL,'VEVENT',0),(23,'principals/users/peter.duebbert','Contact birthdays','contact_birthdays',1,NULL,0,'#FFFFCA',NULL,'VEVENT',0),(24,'principals/users/robert.buta ','Contact birthdays','contact_birthdays',1,NULL,0,'#FFFFCA',NULL,'VEVENT',0),(25,'principals/users/saimohan','Contact birthdays','contact_birthdays',1,NULL,0,'#FFFFCA',NULL,'VEVENT',0),(26,'principals/users/thomas.barkow ','Contact birthdays','contact_birthdays',1,NULL,0,'#FFFFCA',NULL,'VEVENT',0),(27,'principals/system/system','Contact birthdays','contact_birthdays',1,NULL,0,'#FFFFCA',NULL,'VEVENT,VTODO',0),(28,'principals/users/frank.boecker ','Personal','personal',1,NULL,0,NULL,NULL,'VEVENT,VTODO',0);

--
-- Table structure for table `oc_calendarsubscriptions`
--

CREATE TABLE `oc_calendarsubscriptions` (
  `id` bigint(20) unsigned NOT NULL AUTO_INCREMENT,
  `uri` varchar(255) COLLATE utf8_bin DEFAULT NULL,
  `principaluri` varchar(255) COLLATE utf8_bin DEFAULT NULL,
  `source` varchar(255) COLLATE utf8_bin DEFAULT NULL,
  `displayname` varchar(100) COLLATE utf8_bin DEFAULT NULL,
  `refreshrate` varchar(10) COLLATE utf8_bin DEFAULT NULL,
  `calendarorder` int(10) unsigned NOT NULL DEFAULT '0',
  `calendarcolor` varchar(255) COLLATE utf8_bin DEFAULT NULL,
  `striptodos` smallint(6) DEFAULT NULL,
  `stripalarms` smallint(6) DEFAULT NULL,
  `stripattachments` smallint(6) DEFAULT NULL,
  `lastmodified` int(10) unsigned DEFAULT NULL,
  PRIMARY KEY (`id`),
  UNIQUE KEY `calsub_index` (`principaluri`,`uri`)
) ENGINE=InnoDB DEFAULT CHARSET=utf8 COLLATE=utf8_bin;

--
-- Dumping data for table `oc_calendarsubscriptions`
--


--
-- Table structure for table `oc_cards`
--

CREATE TABLE `oc_cards` (
  `id` bigint(20) unsigned NOT NULL AUTO_INCREMENT,
  `addressbookid` int(11) NOT NULL DEFAULT '0',
  `carddata` longblob,
  `uri` varchar(255) COLLATE utf8_bin DEFAULT NULL,
  `lastmodified` bigint(20) unsigned DEFAULT NULL,
  `etag` varchar(32) COLLATE utf8_bin DEFAULT NULL,
  `size` bigint(20) unsigned NOT NULL,
  PRIMARY KEY (`id`)
) ENGINE=InnoDB AUTO_INCREMENT=19 DEFAULT CHARSET=utf8 COLLATE=utf8_bin;

--
-- Dumping data for table `oc_cards`
--

INSERT INTO `oc_cards` VALUES (1,1,'BEGIN:VCARD\r\nVERSION:3.0\r\nFN:Neuer Kontakt\r\nUID:7134b9c0-ed0a-49c8-a393-e2939c4dd9fd\r\nEND:VCARD','7134b9c0-ed0a-49c8-a393-e2939c4dd9fd.vcf',1490514866,'8ddb6bee9915d93dd8ff3651613bc4c5',95),(2,6,'BEGIN:VCARD\r\nVERSION:3.0\r\nPRODID:-//Sabre//Sabre VObject 3.5.0//EN\r\nUID:Fraiseradmin\r\nFN:Fraiseradmin\r\nN:Fraiseradmin;;;;\r\nCLOUD:Fraiseradmin@\r\nEND:VCARD\r\n','Database:Fraiseradmin.vcf',1490516109,'f424fbb806a170db02e637b0df59b7b2',155),(3,6,'BEGIN:VCARD\r\nVERSION:3.0\r\nPRODID:-//Sabre//Sabre VObject 3.5.0//EN\r\nUID:Gancho_Gichev\r\nFN:Gancho_Gichev\r\nN:Gancho_Gichev;;;;\r\nCLOUD:Gancho_Gichev@\r\nEND:VCARD\r\n','Database:Gancho_Gichev.vcf',1490516109,'00feadd0f923eab6ec33987818b54472',159),(4,6,'BEGIN:VCARD\r\nVERSION:3.0\r\nPRODID:-//Sabre//Sabre VObject 3.5.0//EN\r\nUID:Hans-Peter.Schmidt\r\nFN:HP.Schmidt\r\nN:HP.Schmidt;;;;\r\nCLOUD:Hans-Peter.Schmidt@\r\nEND:VCARD\r\n','Database:Hans-Peter.Schmidt.vcf',1490516109,'83587358dc3cf56ea93e68816b406286',163),(5,6,'BEGIN:VCARD\r\nVERSION:3.0\r\nPRODID:-//Sabre//Sabre VObject 3.5.0//EN\r\nUID:MARTINDAMOS\r\nFN:MARTINDAMOS\r\nN:MARTINDAMOS;;;;\r\nCLOUD:MARTINDAMOS@\r\nEND:VCARD\r\n','Database:MARTINDAMOS.vcf',1490516110,'170a5081e261b99fec8da1e2e5b11bd7',151),(6,6,'BEGIN:VCARD\r\nVERSION:3.0\r\nPRODID:-//Sabre//Sabre VObject 3.5.0//EN\r\nUID:daniel.rauwald\r\nFN:daniel.rauwald\r\nN:daniel.rauwald;;;;\r\nCLOUD:daniel.rauwald@\r\nEND:VCARD\r\n','Database:daniel.rauwald.vcf',1490516110,'bf6cb843d5cd40776f0e2755674093a2',163),(7,6,'BEGIN:VCARD\r\nVERSION:3.0\r\nPRODID:-//Sabre//Sabre VObject 3.5.0//EN\r\nUID:david.weis\r\nFN:david.weis\r\nN:david.weis;;;;\r\nCLOUD:david.weis@\r\nEND:VCARD\r\n','Database:david.weis.vcf',1490516110,'7dcb212ffacbcafeab17fc07b8f8ac52',147),(8,6,'BEGIN:VCARD\r\nVERSION:3.0\r\nPRODID:-//Sabre//Sabre VObject 3.5.0//EN\r\nUID:frank.boecker \r\nFN:frank.boecker\r\nN:frank.boecker;;;;\r\nCLOUD:frank.boecker @\r\nEND:VCARD\r\n','Database:frank.boecker .vcf',1490516111,'6ef88a614ba15d58ef4d396909bdd2dd',161),(9,6,'BEGIN:VCARD\r\nVERSION:3.0\r\nPRODID:-//Sabre//Sabre VObject 3.5.0//EN\r\nUID:franz.kainz \r\nFN:franz.kainz\r\nN:franz.kainz;;;;\r\nCLOUD:franz.kainz @\r\nEND:VCARD\r\n','Database:franz.kainz .vcf',1490516111,'e851eeb6cf42b89c8d790bd2dc7ab119',153),(10,6,'BEGIN:VCARD\r\nVERSION:3.0\r\nPRODID:-//Sabre//Sabre VObject 3.5.0//EN\r\nUID:gregor.mitsch\r\nFN:age-gemeinsam\r\nN:age-gemeinsam;;;;\r\nCLOUD:gregor.mitsch@\r\nEND:VCARD\r\n','Database:gregor.mitsch.vcf',1490516111,'fc86c997efe6f72e1f43d0da077e821c',159),(11,6,'BEGIN:VCARD\r\nVERSION:3.0\r\nPRODID:-//Sabre//Sabre VObject 3.5.0//EN\r\nUID:jannik.fibach\r\nFN:jannik.fibach\r\nN:jannik.fibach;;;;\r\nCLOUD:jannik.fibach@\r\nEND:VCARD\r\n','Database:jannik.fibach.vcf',1490516112,'08c308d0701fc94ee298284bf6bee28b',159),(12,6,'BEGIN:VCARD\r\nVERSION:3.0\r\nPRODID:-//Sabre//Sabre VObject 3.5.0//EN\r\nUID:jonas.truemper\r\nFN:jonas.truemper\r\nN:jonas.truemper;;;;\r\nCLOUD:jonas.truemper@\r\nEND:VCARD\r\n','Database:jonas.truemper.vcf',1490516112,'a3f42a7b97df15efdfd847028f479173',163),(13,6,'BEGIN:VCARD\r\nVERSION:3.0\r\nPRODID:-//Sabre//Sabre VObject 3.5.0//EN\r\nUID:peter.duebbert\r\nFN:peter.duebbert\r\nN:peter.duebbert;;;;\r\nCLOUD:peter.duebbert@\r\nEND:VCARD\r\n','Database:peter.duebbert.vcf',1490516112,'ab2087a11ecc28f409104b0cb04a8bec',163),(14,6,'BEGIN:VCARD\r\nVERSION:3.0\r\nPRODID:-//Sabre//Sabre VObject 3.5.0//EN\r\nUID:robert.buta \r\nFN:robert.buta\r\nN:robert.buta;;;;\r\nCLOUD:robert.buta @\r\nEND:VCARD\r\n','Database:robert.buta .vcf',1490516113,'c23f3cba363efe42e6966f41d36e17c3',153),(15,6,'BEGIN:VCARD\r\nVERSION:3.0\r\nPRODID:-//Sabre//Sabre VObject 3.5.0//EN\r\nUID:saimohan\r\nFN:saimohan\r\nN:saimohan;;;;\r\nCLOUD:saimohan@\r\nEND:VCARD\r\n','Database:saimohan.vcf',1490516113,'1b1ba1f037b9e1b74e9a6da721a53f1c',139),(16,6,'BEGIN:VCARD\r\nVERSION:3.0\r\nPRODID:-//Sabre//Sabre VObject 3.5.0//EN\r\nUID:thomas.barkow \r\nFN:thomas.barkow\r\nN:thomas.barkow;;;;\r\nCLOUD:thomas.barkow @\r\nEND:VCARD\r\n','Database:thomas.barkow .vcf',1490516113,'767df37a8ab3f4bc184ad6bf273bb1b9',161),(17,6,'BEGIN:VCARD\r\nVERSION:3.0\r\nPRODID:-//Sabre//Sabre VObject 3.5.0//EN\r\nUID:tobias.saenger\r\nFN:tobias.saenger\r\nN:tobias.saenger;;;;\r\nCLOUD:tobias.saenger@\r\nEND:VCARD\r\n','Database:tobias.saenger.vcf',1490777102,'12b66db92c30b13a828965d51e94925a',163),(18,6,'BEGIN:VCARD\r\nVERSION:3.0\r\nPRODID:-//Sabre//Sabre VObject 3.5.0//EN\r\nUID:fabian.knabe\r\nFN:fabian.knabe\r\nN:fabian.knabe;;;;\r\nCLOUD:fabian.knabe@\r\nEND:VCARD\r\n','Database:fabian.knabe.vcf',1530203403,'5197d4c423eef0fbaf751363387896f5',155);

--
-- Table structure for table `oc_cards_properties`
--

CREATE TABLE `oc_cards_properties` (
  `id` bigint(20) unsigned NOT NULL AUTO_INCREMENT,
  `addressbookid` bigint(20) NOT NULL DEFAULT '0',
  `cardid` bigint(20) unsigned NOT NULL DEFAULT '0',
  `name` varchar(64) COLLATE utf8_bin DEFAULT NULL,
  `value` varchar(255) COLLATE utf8_bin DEFAULT NULL,
  `preferred` int(11) NOT NULL DEFAULT '1',
  PRIMARY KEY (`id`),
  KEY `card_contactid_index` (`cardid`),
  KEY `card_name_index` (`name`),
  KEY `card_value_index` (`value`)
) ENGINE=InnoDB AUTO_INCREMENT=79 DEFAULT CHARSET=utf8 COLLATE=utf8_bin;

--
-- Dumping data for table `oc_cards_properties`
--

INSERT INTO `oc_cards_properties` VALUES (1,1,1,'FN','Neuer Kontakt',0),(2,1,1,'UID','7134b9c0-ed0a-49c8-a393-e2939c4dd9fd',0),(3,6,2,'UID','Fraiseradmin',0),(4,6,2,'FN','Fraiseradmin',0),(5,6,2,'N','Fraiseradmin;;;;',0),(6,6,2,'CLOUD','Fraiseradmin@',0),(7,6,3,'UID','Gancho_Gichev',0),(8,6,3,'FN','Gancho_Gichev',0),(9,6,3,'N','Gancho_Gichev;;;;',0),(10,6,3,'CLOUD','Gancho_Gichev@',0),(11,6,4,'UID','Hans-Peter.Schmidt',0),(12,6,4,'FN','HP.Schmidt',0),(13,6,4,'N','HP.Schmidt;;;;',0),(14,6,4,'CLOUD','Hans-Peter.Schmidt@',0),(15,6,5,'UID','MARTINDAMOS',0),(16,6,5,'FN','MARTINDAMOS',0),(17,6,5,'N','MARTINDAMOS;;;;',0),(18,6,5,'CLOUD','MARTINDAMOS@',0),(19,6,6,'UID','daniel.rauwald',0),(20,6,6,'FN','daniel.rauwald',0),(21,6,6,'N','daniel.rauwald;;;;',0),(22,6,6,'CLOUD','daniel.rauwald@',0),(23,6,7,'UID','david.weis',0),(24,6,7,'FN','david.weis',0),(25,6,7,'N','david.weis;;;;',0),(26,6,7,'CLOUD','david.weis@',0),(27,6,8,'UID','frank.boecker ',0),(28,6,8,'FN','frank.boecker',0),(29,6,8,'N','frank.boecker;;;;',0),(30,6,8,'CLOUD','frank.boecker @',0),(31,6,9,'UID','franz.kainz ',0),(32,6,9,'FN','franz.kainz',0),(33,6,9,'N','franz.kainz;;;;',0),(34,6,9,'CLOUD','franz.kainz @',0),(35,6,10,'UID','gregor.mitsch',0),(36,6,10,'FN','age-gemeinsam',0),(37,6,10,'N','age-gemeinsam;;;;',0),(38,6,10,'CLOUD','gregor.mitsch@',0),(39,6,11,'UID','jannik.fibach',0),(40,6,11,'FN','jannik.fibach',0),(41,6,11,'N','jannik.fibach;;;;',0),(42,6,11,'CLOUD','jannik.fibach@',0),(43,6,12,'UID','jonas.truemper',0),(44,6,12,'FN','jonas.truemper',0),(45,6,12,'N','jonas.truemper;;;;',0),(46,6,12,'CLOUD','jonas.truemper@',0),(47,6,13,'UID','peter.duebbert',0),(48,6,13,'FN','peter.duebbert',0),(49,6,13,'N','peter.duebbert;;;;',0),(50,6,13,'CLOUD','peter.duebbert@',0),(51,6,14,'UID','robert.buta ',0),(52,6,14,'FN','robert.buta',0),(53,6,14,'N','robert.buta;;;;',0),(54,6,14,'CLOUD','robert.buta @',0),(55,6,15,'UID','saimohan',0),(56,6,15,'FN','saimohan',0),(57,6,15,'N','saimohan;;;;',0),(58,6,15,'CLOUD','saimohan@',0),(59,6,16,'UID','thomas.barkow ',0),(60,6,16,'FN','thomas.barkow',0),(61,6,16,'N','thomas.barkow;;;;',0),(62,6,16,'CLOUD','thomas.barkow @',0),(67,6,17,'UID','tobias.saenger',0),(68,6,17,'FN','tobias.saenger',0),(69,6,17,'N','tobias.saenger;;;;',0),(70,6,17,'CLOUD','tobias.saenger@',0),(75,6,18,'UID','fabian.knabe',0),(76,6,18,'FN','fabian.knabe',0),(77,6,18,'N','fabian.knabe;;;;',0),(78,6,18,'CLOUD','fabian.knabe@',0);

--
-- Table structure for table `oc_comments`
--

CREATE TABLE `oc_comments` (
  `id` int(10) unsigned NOT NULL AUTO_INCREMENT,
  `parent_id` int(10) unsigned NOT NULL DEFAULT '0',
  `topmost_parent_id` int(10) unsigned NOT NULL DEFAULT '0',
  `children_count` int(10) unsigned NOT NULL DEFAULT '0',
  `actor_type` varchar(64) COLLATE utf8_bin NOT NULL DEFAULT '',
  `actor_id` varchar(64) COLLATE utf8_bin NOT NULL DEFAULT '',
  `message` longtext COLLATE utf8_bin,
  `verb` varchar(64) COLLATE utf8_bin DEFAULT NULL,
  `creation_timestamp` datetime DEFAULT NULL,
  `latest_child_timestamp` datetime DEFAULT NULL,
  `object_type` varchar(64) COLLATE utf8_bin NOT NULL DEFAULT '',
  `object_id` varchar(64) COLLATE utf8_bin NOT NULL DEFAULT '',
  PRIMARY KEY (`id`),
  KEY `comments_parent_id_index` (`parent_id`),
  KEY `comments_topmost_parent_id_idx` (`topmost_parent_id`),
  KEY `comments_object_index` (`object_type`,`object_id`,`creation_timestamp`),
  KEY `comments_actor_index` (`actor_type`,`actor_id`)
) ENGINE=InnoDB DEFAULT CHARSET=utf8 COLLATE=utf8_bin;

--
-- Dumping data for table `oc_comments`
--


--
-- Table structure for table `oc_comments_read_markers`
--

CREATE TABLE `oc_comments_read_markers` (
  `user_id` varchar(64) COLLATE utf8_bin NOT NULL DEFAULT '',
  `marker_datetime` datetime DEFAULT NULL,
  `object_type` varchar(64) COLLATE utf8_bin NOT NULL DEFAULT '',
  `object_id` varchar(64) COLLATE utf8_bin NOT NULL DEFAULT '',
  UNIQUE KEY `comments_marker_index` (`user_id`,`object_type`,`object_id`),
  KEY `comments_marker_object_index` (`object_type`,`object_id`)
) ENGINE=InnoDB DEFAULT CHARSET=utf8 COLLATE=utf8_bin;

--
-- Dumping data for table `oc_comments_read_markers`
--


--
-- Table structure for table `oc_contacts_cards_properties`
--

CREATE TABLE `oc_contacts_cards_properties` (
  `id` int(10) unsigned NOT NULL AUTO_INCREMENT,
  `userid` varchar(255) COLLATE utf8_bin NOT NULL DEFAULT '',
  `contactid` int(10) unsigned NOT NULL DEFAULT '0',
  `name` varchar(64) COLLATE utf8_bin DEFAULT NULL,
  `value` varchar(255) COLLATE utf8_bin DEFAULT NULL,
  `preferred` int(11) NOT NULL DEFAULT '1',
  PRIMARY KEY (`id`),
  KEY `cp_contactid_index` (`contactid`),
  KEY `cp_name_index` (`name`),
  KEY `cp_value_index` (`value`)
) ENGINE=InnoDB DEFAULT CHARSET=utf8 COLLATE=utf8_bin;

--
-- Dumping data for table `oc_contacts_cards_properties`
--


--
-- Table structure for table `oc_credentials`
--

CREATE TABLE `oc_credentials` (
  `user` varchar(64) COLLATE utf8_bin NOT NULL,
  `identifier` varchar(64) COLLATE utf8_bin NOT NULL,
  `credentials` longtext COLLATE utf8_bin,
  PRIMARY KEY (`user`,`identifier`),
  KEY `credentials_user` (`user`)
) ENGINE=InnoDB DEFAULT CHARSET=utf8 COLLATE=utf8_bin;

--
-- Dumping data for table `oc_credentials`
--


--
-- Table structure for table `oc_dav_shares`
--

CREATE TABLE `oc_dav_shares` (
  `id` bigint(20) unsigned NOT NULL AUTO_INCREMENT,
  `principaluri` varchar(255) COLLATE utf8_bin DEFAULT NULL,
  `type` varchar(255) COLLATE utf8_bin DEFAULT NULL,
  `access` smallint(6) DEFAULT NULL,
  `resourceid` int(10) unsigned NOT NULL,
  PRIMARY KEY (`id`),
  UNIQUE KEY `dav_shares_index` (`principaluri`,`resourceid`,`type`)
) ENGINE=InnoDB DEFAULT CHARSET=utf8 COLLATE=utf8_bin;

--
-- Dumping data for table `oc_dav_shares`
--


--
-- Table structure for table `oc_documents_invite`
--

CREATE TABLE `oc_documents_invite` (
  `es_id` varchar(64) COLLATE utf8_bin NOT NULL COMMENT 'Related editing session id',
  `uid` varchar(64) COLLATE utf8_bin DEFAULT NULL,
  `status` smallint(6) DEFAULT '0',
  `sent_on` int(10) unsigned DEFAULT '0'
) ENGINE=InnoDB DEFAULT CHARSET=utf8 COLLATE=utf8_bin;

--
-- Dumping data for table `oc_documents_invite`
--


--
-- Table structure for table `oc_documents_member`
--

CREATE TABLE `oc_documents_member` (
  `member_id` int(10) unsigned NOT NULL AUTO_INCREMENT COMMENT 'Unique per user and session',
  `es_id` varchar(64) COLLATE utf8_bin NOT NULL COMMENT 'Related editing session id',
  `uid` varchar(64) COLLATE utf8_bin DEFAULT NULL,
  `color` varchar(32) COLLATE utf8_bin DEFAULT NULL,
  `last_activity` int(10) unsigned DEFAULT NULL,
  `is_guest` smallint(5) unsigned NOT NULL DEFAULT '0',
  `token` varchar(32) COLLATE utf8_bin DEFAULT NULL,
  `status` smallint(5) unsigned NOT NULL DEFAULT '1',
  PRIMARY KEY (`member_id`)
) ENGINE=InnoDB AUTO_INCREMENT=9 DEFAULT CHARSET=utf8 COLLATE=utf8_bin;

--
-- Dumping data for table `oc_documents_member`
--

INSERT INTO `oc_documents_member` VALUES (1,'77054ae8ea045d1b3d0ee76edf4805','Raiser','#180f99',1422371532,0,'',2),(3,'hyc21rb630vbmcbcsas7a74whbkbqg','Gancho_Gichev','#0f1499',1486052001,0,'',2),(5,'31q1nrqh6d9pwnkn4setxu226iuxnf','gregor.mitsch','#42990f',1488403248,0,'',2),(6,'31q1nrqh6d9pwnkn4setxu226iuxnf','gregor.mitsch','#42990f',1488403756,0,'',2),(7,'xvjku9ddtblpgfivt14cmjui7uaawx','gregor.mitsch','#42990f',1488403769,0,'',2),(8,'hh5bnovn7b002enczha1zxfe2x2mus','Fraiseradmin','#99340f',1492524152,0,'',2);

--
-- Table structure for table `oc_documents_op`
--

CREATE TABLE `oc_documents_op` (
  `seq` int(10) unsigned NOT NULL AUTO_INCREMENT COMMENT 'Sequence number',
  `es_id` varchar(64) COLLATE utf8_bin NOT NULL COMMENT 'Editing session id',
  `member` int(10) unsigned NOT NULL DEFAULT '1' COMMENT 'User and time specific',
  `opspec` longtext COLLATE utf8_bin COMMENT 'json-string',
  `optype` varchar(64) COLLATE utf8_bin DEFAULT NULL COMMENT 'Operation type',
  PRIMARY KEY (`seq`),
  UNIQUE KEY `documents_op_eis_idx` (`es_id`,`seq`)
) ENGINE=InnoDB AUTO_INCREMENT=71 DEFAULT CHARSET=utf8 COLLATE=utf8_bin;

--
-- Dumping data for table `oc_documents_op`
--

INSERT INTO `oc_documents_op` VALUES (1,'77054ae8ea045d1b3d0ee76edf4805',1,'{\"optype\":\"AddMember\",\"memberid\":\"1\",\"timestamp\":\"1422371524\", \"setProperties\":{\"fullName\":\"Raiser\",\"color\":\"#180f99\",\"imageUrl\":\"Raiser\"}}','AddMember'),(2,'77054ae8ea045d1b3d0ee76edf4805',1,'{\"optype\":\"AddCursor\",\"memberid\":\"1\",\"timestamp\":1422371526118}','AddCursor'),(3,'77054ae8ea045d1b3d0ee76edf4805',1,'{\"optype\":\"MoveCursor\",\"memberid\":\"1\",\"timestamp\":1422371528374,\"position\":730,\"length\":0,\"selectionType\":\"Range\"}','MoveCursor'),(4,'77054ae8ea045d1b3d0ee76edf4805',1,'{\"optype\":\"RemoveCursor\",\"memberid\":\"1\",\"timestamp\":1422371532821}','RemoveCursor'),(5,'77054ae8ea045d1b3d0ee76edf4805',1,'{\"optype\":\"RemoveMember\",\"memberid\":\"1\",\"timestamp\":1422371533}','RemoveMember'),(11,'hyc21rb630vbmcbcsas7a74whbkbqg',3,'{\"optype\":\"AddMember\",\"memberid\":\"3\",\"timestamp\":\"1486051998\",\"setProperties\":{\"fullName\":\"Gancho_Gichev\",\"color\":\"#0f1499\",\"imageUrl\":\"Gancho_Gichev\",\"uid\":\"Gancho_Gichev\"}}','AddMember'),(12,'hyc21rb630vbmcbcsas7a74whbkbqg',3,'{\"optype\":\"AddCursor\",\"memberid\":\"3\",\"timestamp\":1486051999066}','AddCursor'),(13,'hyc21rb630vbmcbcsas7a74whbkbqg',3,'{\"optype\":\"RemoveCursor\",\"memberid\":\"3\",\"timestamp\":1486052001553}','RemoveCursor'),(14,'hyc21rb630vbmcbcsas7a74whbkbqg',3,'{\"optype\":\"RemoveMember\",\"memberid\":\"3\",\"timestamp\":\"1486052001\"}','RemoveMember'),(55,'31q1nrqh6d9pwnkn4setxu226iuxnf',5,'{\"optype\":\"AddMember\",\"memberid\":\"5\",\"timestamp\":\"1488403244\",\"setProperties\":{\"fullName\":\"gregor.mitsch\",\"color\":\"#42990f\",\"imageUrl\":\"gregor.mitsch\",\"uid\":\"gregor.mitsch\"}}','AddMember'),(56,'31q1nrqh6d9pwnkn4setxu226iuxnf',5,'{\"optype\":\"AddCursor\",\"memberid\":\"5\",\"timestamp\":1488403245626}','AddCursor'),(57,'31q1nrqh6d9pwnkn4setxu226iuxnf',5,'{\"optype\":\"RemoveCursor\",\"memberid\":\"5\",\"timestamp\":1488403248653}','RemoveCursor'),(58,'31q1nrqh6d9pwnkn4setxu226iuxnf',5,'{\"optype\":\"RemoveMember\",\"memberid\":\"5\",\"timestamp\":\"1488403249\"}','RemoveMember'),(59,'31q1nrqh6d9pwnkn4setxu226iuxnf',6,'{\"optype\":\"AddMember\",\"memberid\":\"6\",\"timestamp\":\"1488403753\",\"setProperties\":{\"fullName\":\"age-gemeinsam\",\"color\":\"#42990f\",\"imageUrl\":\"gregor.mitsch\",\"uid\":\"gregor.mitsch\"}}','AddMember'),(60,'31q1nrqh6d9pwnkn4setxu226iuxnf',6,'{\"optype\":\"AddCursor\",\"memberid\":\"6\",\"timestamp\":1488403755049}','AddCursor'),(61,'31q1nrqh6d9pwnkn4setxu226iuxnf',6,'{\"optype\":\"RemoveCursor\",\"memberid\":\"6\",\"timestamp\":1488403756801}','RemoveCursor'),(62,'31q1nrqh6d9pwnkn4setxu226iuxnf',6,'{\"optype\":\"RemoveMember\",\"memberid\":\"6\",\"timestamp\":\"1488403757\"}','RemoveMember'),(63,'xvjku9ddtblpgfivt14cmjui7uaawx',7,'{\"optype\":\"AddMember\",\"memberid\":\"7\",\"timestamp\":\"1488403760\",\"setProperties\":{\"fullName\":\"age-gemeinsam\",\"color\":\"#42990f\",\"imageUrl\":\"gregor.mitsch\",\"uid\":\"gregor.mitsch\"}}','AddMember'),(64,'xvjku9ddtblpgfivt14cmjui7uaawx',7,'{\"optype\":\"AddCursor\",\"memberid\":\"7\",\"timestamp\":1488403761689}','AddCursor'),(65,'xvjku9ddtblpgfivt14cmjui7uaawx',7,'{\"optype\":\"RemoveCursor\",\"memberid\":\"7\",\"timestamp\":1488403769049}','RemoveCursor'),(66,'xvjku9ddtblpgfivt14cmjui7uaawx',7,'{\"optype\":\"RemoveMember\",\"memberid\":\"7\",\"timestamp\":\"1488403769\"}','RemoveMember'),(67,'hh5bnovn7b002enczha1zxfe2x2mus',8,'{\"optype\":\"AddMember\",\"memberid\":\"8\",\"timestamp\":\"1492524148135\",\"setProperties\":{\"fullName\":\"Fraiseradmin\",\"color\":\"#99340f\",\"imageUrl\":\"Fraiseradmin\",\"uid\":\"Fraiseradmin\"}}','AddMember'),(68,'hh5bnovn7b002enczha1zxfe2x2mus',8,'{\"optype\":\"AddCursor\",\"memberid\":\"8\",\"timestamp\":1492524149676}','AddCursor'),(69,'hh5bnovn7b002enczha1zxfe2x2mus',8,'{\"optype\":\"RemoveCursor\",\"memberid\":\"8\",\"timestamp\":1492524152577}','RemoveCursor'),(70,'hh5bnovn7b002enczha1zxfe2x2mus',8,'{\"optype\":\"RemoveMember\",\"memberid\":\"8\",\"timestamp\":\"1492524153323\"}','RemoveMember');

--
-- Table structure for table `oc_documents_revisions`
--

CREATE TABLE `oc_documents_revisions` (
  `es_id` varchar(64) COLLATE utf8_bin NOT NULL COMMENT 'Related editing session id',
  `seq_head` int(10) unsigned NOT NULL COMMENT 'Sequence head number',
  `member_id` int(10) unsigned NOT NULL COMMENT 'the member that saved the revision',
  `file_id` varchar(512) COLLATE utf8_bin DEFAULT NULL COMMENT 'Relative to storage e.g. /welcome.odt',
  `save_hash` varchar(128) COLLATE utf8_bin NOT NULL COMMENT 'used to lookup revision in documents folder of member, eg hash.odt',
  UNIQUE KEY `documents_rev_eis_idx` (`es_id`,`seq_head`)
) ENGINE=InnoDB DEFAULT CHARSET=utf8 COLLATE=utf8_bin;

--
-- Dumping data for table `oc_documents_revisions`
--


--
-- Table structure for table `oc_documents_session`
--

CREATE TABLE `oc_documents_session` (
  `es_id` varchar(64) COLLATE utf8_bin NOT NULL COMMENT 'Editing session id',
  `genesis_url` varchar(512) COLLATE utf8_bin DEFAULT NULL COMMENT 'Relative to owner documents storage /welcome.odt',
  `genesis_hash` varchar(128) COLLATE utf8_bin NOT NULL COMMENT 'To be sure the genesis did not change',
  `file_id` varchar(512) COLLATE utf8_bin DEFAULT NULL COMMENT 'Relative to storage e.g. /welcome.odt',
  `owner` varchar(64) COLLATE utf8_bin NOT NULL COMMENT 'oC user who created the session',
  PRIMARY KEY (`es_id`)
) ENGINE=InnoDB DEFAULT CHARSET=utf8 COLLATE=utf8_bin;

--
-- Dumping data for table `oc_documents_session`
--

INSERT INTO `oc_documents_session` VALUES ('31q1nrqh6d9pwnkn4setxu226iuxnf','/documents/48a0cd3dd567dca25dc41ea0625c2d568c5cd888.odt','48a0cd3dd567dca25dc41ea0625c2d568c5cd888','475','gregor.mitsch'),('77054ae8ea045d1b3d0ee76edf4805','/documents/7ad941e1fc276adf7694cae0ff495137dd4e67c4.odt','7ad941e1fc276adf7694cae0ff495137dd4e67c4','92','Raiser'),('hh5bnovn7b002enczha1zxfe2x2mus','/documents/d8ceac1b14b6d7419fb1610395becef4a2526e1f.odt','d8ceac1b14b6d7419fb1610395becef4a2526e1f','46','Fraiseradmin'),('hyc21rb630vbmcbcsas7a74whbkbqg','/documents/5a0283b0c43477ed9e4400d690253c17667266e5.odt','5a0283b0c43477ed9e4400d690253c17667266e5','437','Gancho_Gichev'),('xvjku9ddtblpgfivt14cmjui7uaawx','/documents/6aa2358fa6ec9b580298c3b28dedd1b3f8a4d0a0.odt','6aa2358fa6ec9b580298c3b28dedd1b3f8a4d0a0','506','gregor.mitsch');

--
-- Table structure for table `oc_federated_reshares`
--

CREATE TABLE `oc_federated_reshares` (
  `share_id` int(11) NOT NULL,
  `remote_id` int(11) NOT NULL COMMENT 'share ID at the remote server',
  UNIQUE KEY `share_id_index` (`share_id`)
) ENGINE=InnoDB DEFAULT CHARSET=utf8 COLLATE=utf8_bin;

--
-- Dumping data for table `oc_federated_reshares`
--


--
-- Table structure for table `oc_file_locks`
--

CREATE TABLE `oc_file_locks` (
  `id` int(10) unsigned NOT NULL AUTO_INCREMENT,
  `lock` int(11) NOT NULL DEFAULT '0',
  `key` varchar(64) COLLATE utf8_bin NOT NULL,
  `ttl` int(11) NOT NULL DEFAULT '-1',
  PRIMARY KEY (`id`),
  UNIQUE KEY `lock_key_index` (`key`),
  KEY `lock_ttl_index` (`ttl`)
) ENGINE=InnoDB DEFAULT CHARSET=utf8 COLLATE=utf8_bin;

--
-- Dumping data for table `oc_file_locks`
--


--
-- Table structure for table `oc_filecache`
--

CREATE TABLE `oc_filecache` (
  `fileid` int(11) NOT NULL AUTO_INCREMENT,
  `storage` int(11) NOT NULL DEFAULT '0',
  `path` varchar(4000) COLLATE utf8_bin DEFAULT NULL,
  `path_hash` varchar(32) COLLATE utf8_bin NOT NULL DEFAULT '',
  `parent` int(11) NOT NULL DEFAULT '0',
  `name` varchar(250) COLLATE utf8_bin DEFAULT NULL,
  `mimetype` int(11) NOT NULL DEFAULT '0',
  `mimepart` int(11) NOT NULL DEFAULT '0',
  `size` bigint(20) NOT NULL DEFAULT '0',
  `mtime` int(11) NOT NULL DEFAULT '0',
  `storage_mtime` int(11) NOT NULL DEFAULT '0',
  `encrypted` int(11) NOT NULL DEFAULT '0',
  `unencrypted_size` bigint(20) NOT NULL DEFAULT '0',
  `etag` varchar(40) COLLATE utf8_bin DEFAULT NULL,
  `permissions` int(11) DEFAULT '0',
  `checksum` varchar(255) COLLATE utf8_bin DEFAULT NULL,
  PRIMARY KEY (`fileid`),
  UNIQUE KEY `fs_storage_path_hash` (`storage`,`path_hash`),
  KEY `fs_parent_name_hash` (`parent`,`name`),
  KEY `fs_storage_mimetype` (`storage`,`mimetype`),
  KEY `fs_storage_mimepart` (`storage`,`mimepart`),
  KEY `fs_storage_size` (`storage`,`size`,`fileid`)
) ENGINE=InnoDB AUTO_INCREMENT=27799 DEFAULT CHARSET=utf8 COLLATE=utf8_bin;

--
-- Dumping data for table `oc_filecache`
--

INSERT INTO `oc_filecache` VALUES (13,2,'','d41d8cd98f00b204e9800998ecf8427e',-1,'',2,1,-1,1490515365,1490514784,0,0,'58d775a5deb0d',31,NULL),(14,2,'oc-free-admin','e0742d76aa954e113d8b8b54ca17271c',13,'oc-free-admin',2,1,-1,1421406757,1421406757,0,0,'54b8f22606e08',31,NULL),(15,2,'oc-free-admin/files','4bf162f8b013ad73e92ebc7f6e4ef74f',14,'files',2,1,-1,1410438493,1410438493,0,0,'541195ca542b4',31,NULL),(16,2,'oc-free-admin/files/documents','b6c9726f01807036b724b7ef2a3b9d03',15,'documents',2,1,-1,1410438492,1410438492,0,0,'541195ca541e6',31,NULL),(17,2,'oc-free-admin/files/documents/example.odt','273685d40438ddfa8f991a7c3dd76197',16,'example.odt',9,3,39468,1410285242,1410285242,0,0,'541195ca540fc',27,NULL),(18,2,'index.html','eacf331f0ffc35d4b482f1d15a887d3b',13,'index.html',11,10,0,1410285242,1410285242,0,0,'54b8f225ba1ef',27,NULL),(20,2,'.ocdata','a840ac417b1f143f29a22c7261756dad',13,'.ocdata',12,3,0,1421406757,1421406757,0,0,'54b8f225baacc',27,NULL),(22,2,'owncloud.log','9703bd00121351aafcb85ff51784acc5',13,'owncloud.log',12,3,15559,1421406575,1421406575,0,0,'54b8f225bb0d6',27,NULL),(30,4,'','d41d8cd98f00b204e9800998ecf8427e',-1,'',2,1,24490,1490516104,1490515351,0,0,'58d778892e673',23,''),(31,4,'cache','0fea6a13c52b4d4725368f24b045ca84',30,'cache',2,1,0,1421408298,1421408298,0,0,'54b8f82ab4f9d',31,NULL),(32,4,'files_encryption','171a8829416be21834bef1b79079dde8',30,'files_encryption',2,1,5218,1490473117,1490473117,0,0,'58d6d09dee127',31,''),(37,5,'','d41d8cd98f00b204e9800998ecf8427e',-1,'',2,1,6309588,1492524147,1422437012,0,0,'58f61c73eb8d8',23,NULL),(38,5,'cache','0fea6a13c52b4d4725368f24b045ca84',37,'cache',2,1,0,1422437012,1422437012,0,0,'54c8aa94666e3',31,NULL),(39,5,'files_encryption','171a8829416be21834bef1b79079dde8',37,'files_encryption',2,1,8554,1490473111,1490473111,0,0,'58d6d097e52ed',31,''),(44,5,'files','45b963397aa40d4a0063e0d85e4fe7a1',37,'files',2,1,8412488,1422437013,1422370266,0,6254047,'54c8aa95b65d0',31,NULL),(45,5,'files/documents','2d30f25cef1a92db784bc537e8bf128d',44,'documents',2,1,74032,1422437013,1422370265,0,49216,'54c8aa95c061f',31,NULL),(46,5,'files/documents/example.odt','f51311bd6910ec7356d79286dcb24dec',45,'example.odt',9,3,49216,1422437013,1422437013,1,49216,'54c8aa952e015',27,NULL),(47,5,'files/ownCloudUserManual.pdf','c8edba2d1b8eb651c107b43532c34445',44,'ownCloudUserManual.pdf',4,3,1761471,1422370260,1422370260,1,1761471,'54c7a5d7711da',27,NULL),(48,5,'files/music','1f8cfec283cd675038bb95b599fdc75a',44,'music',2,1,5042692,1422370261,1422370269,0,3764804,'54c7a5ddbfbc4',31,NULL),(49,5,'files/music/projekteva-letitrain.mp3','da7d05a957a2bbbf0e74b12c1b5fcfee',48,'projekteva-letitrain.mp3',8,7,3764804,1422370261,1422370261,1,3764804,'54c7a5d789847',27,NULL),(50,5,'files/photos','923e51351db3e8726f22ba0fa1c04d5a',44,'photos',2,1,932032,1422370263,1422370274,0,678556,'54c7a5e2cd71d',31,NULL),(51,5,'files/photos/squirrel.jpg','e462c24fc17cb1a3fa3bca86d7f89593',50,'squirrel.jpg',6,5,233724,1422370262,1422370262,1,233724,'54c7a5d799d87',27,NULL),(52,5,'files/photos/paris.jpg','65154b90b985bff20d4923f224ca1c33',50,'paris.jpg',6,5,228761,1422370262,1422370262,1,228761,'54c7a5d79a0c8',27,NULL),(53,5,'files/photos/san francisco.jpg','e86e87a4ecd557753734e1d34fbeecec',50,'san francisco.jpg',6,5,216071,1422370263,1422370263,1,216071,'54c7a5d79a3a4',27,NULL),(72,2,'Fraiseradmin','103166ba7d46379818b0c06529837878',13,'Fraiseradmin',2,1,74032,1422370259,1422370259,0,0,'54c7a7f1e70b1',31,NULL),(73,2,'Fraiseradmin/files','34145de16e028bd5c6afe7b1d2a3beb4',72,'files',2,1,74032,1422370266,1422370266,0,0,'54c7a7f1e6fe8',31,NULL),(74,2,'Fraiseradmin/files/documents','d4f7a253c7942335ac13c56bfb986255',73,'documents',2,1,74032,1422370265,1422370265,0,0,'54c7a7f1e6f1a',31,NULL),(75,2,'Fraiseradmin/files/documents/example.odt','be0950ca744467dfe0ed58d9f2f30239',74,'example.odt',9,3,74032,1422437013,1422437013,0,0,'54c8ac19d4d4c',27,NULL),(76,6,'','d41d8cd98f00b204e9800998ecf8427e',-1,'',2,1,6232628,1422453134,1422441749,0,0,'54c8e98e511ea',23,NULL),(77,6,'cache','0fea6a13c52b4d4725368f24b045ca84',76,'cache',2,1,0,1422371245,1422371245,0,0,'54c7b66cef12a',31,NULL),(78,6,'files_encryption','171a8829416be21834bef1b79079dde8',76,'files_encryption',2,1,6282,1490473124,1490473124,0,0,'58d6d0a4d32e7',31,''),(120,6,'files','45b963397aa40d4a0063e0d85e4fe7a1',76,'files',2,1,8224,1422453133,1422452977,0,4,'54c8e98d6b39b',31,NULL),(150,6,'thumbnails','3b8779ba05b8f0aed49650f3ff8beb4b',76,'thumbnails',2,1,236,1422453134,1422453133,0,0,'54c8e98e59443',31,NULL),(153,2,'jonas.truemper','e2e5a30a4a669fdc139d4c2d58bc0dcc',13,'jonas.truemper',2,1,-1,1422374600,1422374600,0,0,'54c7b9856a0db',31,NULL),(154,2,'jonas.truemper/files','9bfc80e60b067ad6d9d3ee4cf8732c40',153,'files',2,1,-1,1422374512,1422374512,0,0,'54c7b9856a00a',31,NULL),(155,2,'jonas.truemper/files/documents','fb153552e2ca5fccd334efca409883c6',154,'documents',2,1,-1,1422374511,1422374511,0,0,'54c7b98569f3a',31,NULL),(156,2,'jonas.truemper/files/documents/example.odt','e0469bf07135a3d4ff3d6b7b31547ca0',155,'example.odt',9,3,39468,1422374504,1422374504,0,0,'54c7b98569e52',27,NULL),(157,5,'thumbnails','3b8779ba05b8f0aed49650f3ff8beb4b',37,'thumbnails',2,1,544943,1490515424,1422436932,0,0,'58d775e1058b1',31,NULL),(158,5,'thumbnails/53','5b376643e62a04ba05ae67729fb7211e',157,'53',2,1,203562,1490515424,1490515424,0,0,'58d775e0c78af',31,NULL),(159,5,'thumbnails/52','e379469d4e879c045b5a367512f09f46',157,'52',2,1,177600,1490515424,1490515424,0,0,'58d775e093cf8',31,NULL),(160,5,'thumbnails/53/36-36.png','dd53efac1eff3983e965c83d07c37c35',158,'36-36.png',18,5,1111,1422436916,1422436916,0,0,'54c8aa34a5986',27,NULL),(161,5,'thumbnails/52/36-36.png','c5b92ce77e512e790caea6f5167abdaa',159,'36-36.png',18,5,1049,1422436917,1422436917,0,0,'54c8aa3520ff5',27,NULL),(162,5,'thumbnails/51','b28d126f605b8cc48f30369ad6393245',157,'51',2,1,162673,1490515424,1490515424,0,0,'58d775e1058b1',31,NULL),(163,5,'thumbnails/51/36-36.png','48333f9020f92961ee9df81387b6a436',162,'36-36.png',18,5,1112,1422436917,1422436917,0,0,'54c8aa35a3957',27,NULL),(164,5,'thumbnails/51/1920-1066-with-aspect.png','c2863d4d4bae755c8f29266a01eea97b',162,'1920-1066-with-aspect.png',18,5,73058,1422436922,1422436922,0,0,'54c8aa3a4b24d',27,NULL),(165,5,'thumbnails/52/1920-1066-with-aspect.png','4e94e362e03638914ef78b16b8c8eb96',159,'1920-1066-with-aspect.png',18,5,79994,1422436924,1422436924,0,0,'54c8aa3ccb7b8',27,NULL),(166,5,'thumbnails/53/1920-1066-with-aspect.png','bc1c69e3c87cb43a41754e49b828cf63',158,'1920-1066-with-aspect.png',18,5,91662,1422436925,1422436925,0,0,'54c8aa3d8cb49',27,NULL),(167,5,'thumbnails/49','3c5f6d323d9153c60dbf890102d6521d',157,'49',2,1,1108,1422436933,1422436933,0,0,'54c8aa4546f8a',31,NULL),(168,5,'thumbnails/49/36-36.png','303f8e26518b4efe1b6d6382056dcc31',167,'36-36.png',18,5,1108,1422436933,1422436933,0,0,'54c8aa450a162',27,NULL),(169,5,'documents','21f64da1e5792c8295b964d159a14491',37,'documents',2,1,72599,1492524147,1492524147,0,0,'58f61c73eb8d8',31,NULL),(170,5,'documents/f75ca233471214c4f644f127c977b9a5c0eaccbc.odt','71e59c5dbd2323e3d2f18eda1d88482a',169,'f75ca233471214c4f644f127c977b9a5c0eaccbc.odt',9,3,23383,1422436982,1422436982,0,0,'54c8aa761160d',27,NULL),(174,5,'files_versions','9692aae50022f45f1098646939b287b1',37,'files_versions',2,1,39468,1422437013,1422437012,0,0,'54c8aa950d5d0',31,NULL),(175,5,'files_versions/documents','3c937e02fc3ed2b9d0cfc803df80ae5b',174,'documents',2,1,39468,1422437013,1422437012,0,0,'54c8aa9517885',31,NULL),(176,5,'files_versions/documents/example.odt.v1422370259','889192a6c4e023ee50de82bb4f3b206a',175,'example.odt.v1422370259',12,3,39468,1422437012,1422437012,0,0,'54c8aa94cdcff',27,NULL),(177,6,'files_trashbin','fb66dca5f27af6f15c1d1d81e6f8d28b',76,'files_trashbin',2,1,8386148,1422453063,1422441750,0,0,'54c8e9728c750',31,NULL),(178,6,'files_trashbin/files','3014a771cbe30761f2e9ff3272110dbf',177,'files',2,1,8386148,1422453063,1422453106,0,0,'54c8e972949cd',31,NULL),(179,6,'files_trashbin/versions','c639d144d3f1014051e14a98beac5705',177,'versions',2,1,0,1422441749,1422441749,0,0,'54c8bd1590ed3',31,NULL),(180,6,'files_trashbin/keyfiles','728c7d8454e585e21166e28b78be8546',177,'keyfiles',2,1,0,1422441749,1422441749,0,0,'54c8bd15de601',31,NULL),(181,6,'files_trashbin/share-keys','efadb182f5229706b54ec20d20e8c46d',177,'share-keys',2,1,0,1422441750,1422441750,0,0,'54c8bd161f583',31,NULL),(182,6,'files_trashbin/files/documents.d1422441750','1f5116b3a4e85c2e586a24d68119d022',178,'documents.d1422441750',2,1,39468,1422374504,1422441750,0,0,'54c8bd17ceb87',31,NULL),(183,6,'files_trashbin/files/documents.d1422441750/example.odt','ef6f0fd02eac24140784da2f6132375a',182,'example.odt',9,3,39468,1422374504,1422374504,0,0,'54c8bd1768ebf',27,NULL),(184,6,'files_trashbin/files/music.d1422441750','75eb87df596d7cbe485c4e6b5fc971f3',178,'music.d1422441750',2,1,5042692,1422374506,1422441751,0,0,'54c8bd192531d',31,NULL),(185,6,'files_trashbin/files/music.d1422441750/projekteva-letitrain.mp3','d4ecc372b802e44ad3e2a583d9564524',184,'projekteva-letitrain.mp3',8,7,5042692,1422374506,1422374506,0,0,'54c8bd18b793a',27,NULL),(186,6,'files_trashbin/files/photos.d1422441752','e698665bf05cd36d8a8c5c0996daf8a6',178,'photos.d1422441752',2,1,932032,1422374507,1422441755,0,0,'54c8bd1c477f6',31,NULL),(187,6,'files_trashbin/files/photos.d1422441752/paris.jpg','34aaf3bf31541ee27de85e396fa16332',186,'paris.jpg',6,5,314120,1422374508,1422374508,0,0,'54c8bd19c05af',27,NULL),(188,6,'files_trashbin/files/ownCloudUserManual.pdf.d1422441754','9602bff091f59723c99bc063e70ac7cb',178,'ownCloudUserManual.pdf.d1422441754',12,3,2363732,1422374505,1422374505,0,0,'54c8bd1aa8009',27,NULL),(189,6,'files_trashbin/files/photos.d1422441752/san francisco.jpg','b4d9410b51a7502db58a64b293e46fc9',186,'san francisco.jpg',6,5,297152,1422374508,1422374508,0,0,'54c8bd1b11b89',27,NULL),(190,6,'files_trashbin/files/photos.d1422441752/squirrel.jpg','3e1fe3d2fa8c03c4b495af95e7f9e1ef',186,'squirrel.jpg',6,5,320760,1422374507,1422374507,0,0,'54c8bd1c149c0',27,NULL),(191,6,'files/test','d9da358780951c01e7388fcaa673ba64',120,'test',2,1,8224,1422453133,1422453131,0,4,'54c8e98d756a8',31,NULL),(192,2,'cache','0fea6a13c52b4d4725368f24b045ca84',13,'cache',2,1,0,1422453063,1422453063,0,0,'54c8e94708d8e',31,NULL),(201,6,'files_trashbin/files/test,txt.txt.d1422453106','6c03143b1108908c9a5069cb5e869953',178,'test,txt.txt.d1422453106',12,3,8224,1422453063,1422453063,0,0,'54c8e97274125',27,NULL),(202,6,'files/test/test.txt','b3f75a94c0ae3dc17bafba0d114c3de5',191,'test.txt',19,10,4,1422453131,1422453131,1,4,'54c8e98ba58ee',27,NULL),(206,6,'thumbnails/202','75efd0d12a2bc43cdf036fdf8f9aff98',150,'202',2,1,236,1422453134,1422453134,0,0,'54c8e98e61691',31,NULL),(207,6,'thumbnails/202/36-36.png','c0ac5cd2c9a8ac3bf9aba18086a49a2b',206,'36-36.png',18,5,236,1422453134,1422453134,0,0,'54c8e98e30e1e',27,NULL),(208,2,'jonas.truemper/files/test','c638faf5feb5ab0e5e9d8a7916b34f48',154,'test',2,1,8224,1422453131,1422453131,0,0,'54c8eb6251378',31,NULL),(209,2,'jonas.truemper/files/test/test.txt','5587d897ec8952d4da67cf1072a028d6',208,'test.txt',19,10,8224,1422453131,1422453131,0,0,'54c8eb625bc87',27,NULL),(210,8,'','d41d8cd98f00b204e9800998ecf8427e',-1,'',2,1,24510,1490516106,1490515356,0,0,'58d7788b0f5a2',23,''),(211,8,'cache','0fea6a13c52b4d4725368f24b045ca84',210,'cache',2,1,0,1423468733,1423468733,0,0,'54d868bde9d2a',31,NULL),(212,8,'files_encryption','171a8829416be21834bef1b79079dde8',210,'files_encryption',2,1,5222,1490473122,1490473122,0,0,'58d6d0a26130b',31,''),(217,9,'','d41d8cd98f00b204e9800998ecf8427e',-1,'',2,1,6232632,1424455255,1424455254,0,0,'54e776575a722',23,NULL),(218,9,'cache','0fea6a13c52b4d4725368f24b045ca84',217,'cache',2,1,0,1424426677,1424426677,0,0,'54e775e9bea29',31,NULL),(219,9,'files_encryption','171a8829416be21834bef1b79079dde8',217,'files_encryption',2,1,8554,1490473120,1490473120,0,0,'58d6d0a021945',31,''),(224,9,'files','45b963397aa40d4a0063e0d85e4fe7a1',217,'files',2,1,8377924,1424455145,1424455149,0,6228214,'54e775f569602',31,NULL),(225,9,'files/documents','2d30f25cef1a92db784bc537e8bf128d',224,'documents',2,1,39468,1424455142,1424455148,0,23383,'54e775ec8f276',31,NULL),(226,9,'files/documents/example.odt','f51311bd6910ec7356d79286dcb24dec',225,'example.odt',9,3,23383,1424455142,1424455142,1,23383,'54e775e9cfe9e',27,NULL),(227,9,'files/ownCloudUserManual.pdf','c8edba2d1b8eb651c107b43532c34445',224,'ownCloudUserManual.pdf',4,3,1761471,1424455142,1424455142,1,1761471,'54e775e9c6b94',27,NULL),(228,9,'files/music','1f8cfec283cd675038bb95b599fdc75a',224,'music',2,1,5042692,1424455143,1424455151,0,3764804,'54e775f03795f',31,NULL),(229,9,'files/music/projekteva-letitrain.mp3','da7d05a957a2bbbf0e74b12c1b5fcfee',228,'projekteva-letitrain.mp3',8,7,3764804,1424455143,1424455143,1,3764804,'54e775e9e328b',27,NULL),(230,9,'files/photos','923e51351db3e8726f22ba0fa1c04d5a',224,'photos',2,1,932032,1424455145,1424455156,0,678556,'54e775f573579',31,NULL),(231,9,'files/photos/squirrel.jpg','e462c24fc17cb1a3fa3bca86d7f89593',230,'squirrel.jpg',6,5,233724,1424455144,1424455144,1,233724,'54e775ea037b6',27,NULL),(232,9,'files/photos/paris.jpg','65154b90b985bff20d4923f224ca1c33',230,'paris.jpg',6,5,228761,1424455145,1424455145,1,228761,'54e775ea03b25',27,NULL),(233,9,'files/photos/san francisco.jpg','e86e87a4ecd557753734e1d34fbeecec',230,'san francisco.jpg',6,5,216071,1424455145,1424455145,1,216071,'54e775ea03df3',27,NULL),(252,2,'frank.boecker ','4499c890345f9b17b2e9e933550f6766',13,'frank.boecker ',2,1,-1,1424455140,1424455140,0,0,'54e7762215c9a',31,NULL),(253,2,'frank.boecker /files','7248c6f3cd8fe7610ea171ffee820013',252,'files',2,1,-1,1424455149,1424455149,0,0,'54e7762215ba3',31,NULL),(254,2,'frank.boecker /files/documents','9613a896f50bddcae7ce5d8e95b086b6',253,'documents',2,1,-1,1424455148,1424455148,0,0,'54e7762215a80',31,NULL),(255,2,'frank.boecker /files/documents/example.odt','d90487e9768d972c3c269e8b6673f5dd',254,'example.odt',9,3,39468,1424455142,1424455142,0,0,'54e7762215958',27,NULL),(256,9,'thumbnails','3b8779ba05b8f0aed49650f3ff8beb4b',217,'thumbnails',2,1,1108,1424455255,1424455254,0,0,'54e77657649f0',31,NULL),(257,9,'thumbnails/229','d5c84d91fd76fe4b6329c707068d8914',256,'229',2,1,1108,1424455255,1424455255,0,0,'54e776576ed13',31,NULL),(258,9,'thumbnails/229/36-36.png','563a26249283b3bb1a7b2e9286e7058d',257,'36-36.png',18,5,1108,1424455255,1424455255,0,0,'54e7765731e1b',27,NULL),(259,2,'files_encryption','171a8829416be21834bef1b79079dde8',13,'files_encryption',2,1,10451,1490515365,1490473130,0,0,'58d775a5deb0d',31,''),(269,5,'files_encryption/keys','c2d6b95afad8b0ebffae4702fceab715',39,'keys',2,1,3336,1490473111,1490473111,0,0,'58d6d097f131a',31,''),(270,5,'files_encryption/keys/documents','7f77d423a73320e5c369f1034ec49850',269,'documents',2,1,0,1435476388,1435476388,0,0,'558fa1a47b1b3',31,''),(271,5,'files_encryption/keys/ownCloudUserManual.pdf','6f0171b19533d6628a0d4cf4cab8c23d',269,'ownCloudUserManual.pdf',2,1,0,1490473111,1490473111,0,0,'58d6d0981e19f',31,''),(272,5,'files_encryption/keys/music','8e1dbf9c7b98f7f0d4b649d6a1656f22',269,'music',2,1,0,1435476388,1435476388,0,0,'558fa1a47c212',31,''),(273,5,'files_encryption/keys/photos','57e579119067ff05519278a8700b42cc',269,'photos',2,1,0,1435476388,1435476388,0,0,'558fa1a47ca7f',31,''),(274,5,'files_encryption/keys/documents/example.odt','b4acf56dde7db844dde20146c73f317c',270,'example.odt',2,1,0,1490473111,1490473111,0,0,'58d6d09829bcf',31,''),(279,5,'files_encryption/keys/music/projekteva-letitrain.mp3','10266f617c9dd64740e27ad5754445fd',272,'projekteva-letitrain.mp3',2,1,0,1490473111,1490473111,0,0,'58d6d0998c9ba',31,''),(282,5,'files_encryption/keys/photos/squirrel.jpg','1c649c33015e32cc4d262a7cc538afef',273,'squirrel.jpg',2,1,0,1490473111,1490473111,0,0,'58d6d099af432',31,''),(283,5,'files_encryption/keys/photos/paris.jpg','c2c418579ff78c5f1ec0085d562f5ce9',273,'paris.jpg',2,1,0,1490473111,1490473111,0,0,'58d6d099af725',31,''),(284,5,'files_encryption/keys/photos/san francisco.jpg','a007aef8d18d31c2059b5c7c65fde8d8',273,'san francisco.jpg',2,1,0,1490473111,1490473111,0,0,'58d6d099af9f3',31,''),(291,5,'thumbnails/52/200-200.png','2618a561514a575cc68946a7231e048e',159,'200-200.png',18,5,6499,1435477120,1435477120,0,0,'0640799ad5195495e7180d722352a0aa',27,NULL),(292,5,'thumbnails/53/200-200.png','64e67b9ad27859e0f4b28d5e5f33b4b6',158,'200-200.png',18,5,7331,1435477120,1435477120,0,0,'4e970b81b55d30c3d450f0721141fe99',27,NULL),(293,5,'thumbnails/51/200-200.png','9d6205aba47ca5e0e95949dfeb078bb1',162,'200-200.png',18,5,6691,1435477121,1435477121,0,0,'1748664c38fac4cdbb301264818c9cdb',27,NULL),(294,10,'','d41d8cd98f00b204e9800998ecf8427e',-1,'',2,1,2712243,1438177443,1438177435,0,0,'55b8d8a370b2b',23,NULL),(295,10,'cache','0fea6a13c52b4d4725368f24b045ca84',294,'cache',2,1,0,1438156798,1438156798,0,0,'55b887fe62b46',31,NULL),(296,10,'files_encryption','171a8829416be21834bef1b79079dde8',294,'files_encryption',2,1,7998,1490473129,1490473129,0,0,'58d6d0a956ff9',31,''),(297,10,'files_encryption/keys','c2d6b95afad8b0ebffae4702fceab715',296,'keys',2,1,2780,1490473129,1490473129,0,0,'58d6d0a9633b7',31,''),(300,10,'files','45b963397aa40d4a0063e0d85e4fe7a1',294,'files',2,1,3662080,1438177439,1438177439,0,2707825,'55b8d8a40b9c1',31,NULL),(301,10,'files/ownCloudUserManual.pdf','c8edba2d1b8eb651c107b43532c34445',300,'ownCloudUserManual.pdf',4,3,1993042,1438177436,1438177436,1,1993042,'8f9e45adafd500f7446b0554615fd514',27,NULL),(302,10,'files/Documents','0ad78ba05b6961d92f7970b2b3922eca',300,'Documents',2,1,56640,1438177437,1438177440,0,36227,'55b8d8a1610bf',31,NULL),(303,10,'files/Documents/Example.odt','c89c560541b952a435783a7d51a27d50',302,'Example.odt',9,3,36227,1438177437,1438177437,1,36227,'f93626710e4c4dcd598afffdfcf40b00',27,NULL),(304,10,'files/Photos','d01bb67e7b71dd49fd06bad922f521c9',300,'Photos',2,1,932032,1438177439,1438177443,0,678556,'55b8d8a415613',31,NULL),(305,10,'files/Photos/San Francisco.jpg','9fc714efbeaafee22f7058e73d2b1c3b',304,'San Francisco.jpg',6,5,216071,1438177437,1438177437,1,216071,'c1302548a25969062606f6c8174efc76',27,NULL),(306,10,'files/Photos/Squirrel.jpg','de85d1da71bcd6232ad893f959063b8c',304,'Squirrel.jpg',6,5,233724,1438177438,1438177438,1,233724,'8c16b12b51aee167e5f664ad27c2b52d',27,NULL),(307,10,'files/Photos/Paris.jpg','a208ddedf08367bbc56963107248dda5',304,'Paris.jpg',6,5,228761,1438177439,1438177439,1,228761,'05f54c5a794a87c69891d1afa7607511',27,NULL),(308,10,'files_encryption/keys/ownCloudUserManual.pdf','6f0171b19533d6628a0d4cf4cab8c23d',297,'ownCloudUserManual.pdf',2,1,0,1490473129,1490473129,0,0,'58d6d0a98307f',31,''),(309,10,'files_encryption/keys/Documents','cc3f3324f78cdcda16572f39d3fdb581',297,'Documents',2,1,0,1438177440,1438177440,0,0,'55b8d8a0d2634',31,''),(310,10,'files_encryption/keys/Documents/Example.odt','be204b7405ab093b2e2ddcc4ea1cf0c9',309,'Example.odt',2,1,0,1490473129,1490473129,0,0,'58d6d0a9996f1',31,''),(311,10,'files_encryption/keys/Photos','fb80b0259213f97d95704067110debe4',297,'Photos',2,1,0,1438177443,1438177443,0,0,'55b8d8a38f5cc',31,''),(312,10,'files_encryption/keys/Photos/San Francisco.jpg','993c5e21054ecd7f1acbf5c5a91aa590',311,'San Francisco.jpg',2,1,0,1490473129,1490473129,0,0,'58d6d0aab580a',31,''),(313,10,'files_encryption/keys/Photos/Squirrel.jpg','e3799c44c97774928d11956961924ea6',311,'Squirrel.jpg',2,1,0,1490473129,1490473129,0,0,'58d6d0aab5b5a',31,''),(314,10,'files_encryption/keys/Photos/Paris.jpg','1d0d2ffd10bd334f273801f70dc011bc',311,'Paris.jpg',2,1,0,1490473129,1490473129,0,0,'58d6d0aab5e59',31,''),(315,11,'','d41d8cd98f00b204e9800998ecf8427e',-1,'',2,1,20072,1490516108,1490515361,0,0,'58d7788cd0d25',23,''),(316,11,'cache','0fea6a13c52b4d4725368f24b045ca84',315,'cache',2,1,0,1439191245,1439191245,0,0,'55c850cd8b069',31,NULL),(317,11,'files_encryption','171a8829416be21834bef1b79079dde8',315,'files_encryption',2,1,5218,1490473127,1490473127,0,0,'58d6d0a759205',31,''),(318,11,'files_encryption/keys','c2d6b95afad8b0ebffae4702fceab715',317,'keys',2,1,0,1439191245,1439191245,0,0,'55c850cddcd29',31,''),(321,12,'','d41d8cd98f00b204e9800998ecf8427e',-1,'',2,1,2712243,1444550279,1444550279,0,0,'561a168779949',23,NULL),(322,12,'cache','0fea6a13c52b4d4725368f24b045ca84',321,'cache',2,1,0,1444546408,1444546408,0,0,'561a076845304',31,NULL),(323,12,'files_encryption','171a8829416be21834bef1b79079dde8',321,'files_encryption',2,1,7998,1490473127,1490473127,0,0,'58d6d0a790944',31,''),(324,12,'files_encryption/keys','c2d6b95afad8b0ebffae4702fceab715',323,'keys',2,1,2780,1490473127,1490473127,0,0,'58d6d0a79a206',31,''),(327,12,'files','45b963397aa40d4a0063e0d85e4fe7a1',321,'files',2,1,3662080,1444549961,1444549961,0,2707825,'561a1549e7ed8',31,NULL),(328,12,'files/ownCloudUserManual.pdf','c8edba2d1b8eb651c107b43532c34445',327,'ownCloudUserManual.pdf',4,3,1993042,1444549664,1444549664,1,1993042,'6ac965b2f51c6738c1d287e2e61a15ec',27,NULL),(329,12,'files/Documents','0ad78ba05b6961d92f7970b2b3922eca',327,'Documents',2,1,56640,1444549665,1444549668,0,36227,'561a14255b82b',31,NULL),(330,12,'files/Documents/Example.odt','c89c560541b952a435783a7d51a27d50',329,'Example.odt',9,3,36227,1444549665,1444549665,1,36227,'28aff94f77b95dd6785c4ee83de9b924',27,NULL),(331,12,'files/Photos','d01bb67e7b71dd49fd06bad922f521c9',327,'Photos',2,1,932032,1444549666,1444549671,0,678556,'561a14280feae',31,NULL),(332,12,'files/Photos/San Francisco.jpg','9fc714efbeaafee22f7058e73d2b1c3b',331,'San Francisco.jpg',6,5,216071,1444549665,1444549665,1,216071,'e4e7885e3ddf647000d6f4b7eaafb42a',27,NULL),(333,12,'files/Photos/Squirrel.jpg','de85d1da71bcd6232ad893f959063b8c',331,'Squirrel.jpg',6,5,233724,1444549666,1444549666,1,233724,'b888b3a741ff0d2acde21418d830c8c6',27,NULL),(334,12,'files/Photos/Paris.jpg','a208ddedf08367bbc56963107248dda5',331,'Paris.jpg',6,5,228761,1444549666,1444549666,1,228761,'6c5ef47bdcd67b94eeac70511570b4b0',27,NULL),(335,12,'files_encryption/keys/ownCloudUserManual.pdf','6f0171b19533d6628a0d4cf4cab8c23d',324,'ownCloudUserManual.pdf',2,1,0,1490473127,1490473127,0,0,'58d6d0a7b4a6b',31,''),(336,12,'files_encryption/keys/Documents','cc3f3324f78cdcda16572f39d3fdb581',324,'Documents',2,1,0,1444549668,1444549668,0,0,'561a1424d5563',31,''),(337,12,'files_encryption/keys/Documents/Example.odt','be204b7405ab093b2e2ddcc4ea1cf0c9',336,'Example.odt',2,1,0,1490473127,1490473127,0,0,'58d6d0a7c8257',31,''),(338,12,'files_encryption/keys/Photos','fb80b0259213f97d95704067110debe4',324,'Photos',2,1,0,1444549671,1444549671,0,0,'561a142789b6a',31,''),(339,12,'files_encryption/keys/Photos/San Francisco.jpg','993c5e21054ecd7f1acbf5c5a91aa590',338,'San Francisco.jpg',2,1,0,1490473127,1490473127,0,0,'58d6d0a90f7a9',31,''),(340,12,'files_encryption/keys/Photos/Squirrel.jpg','e3799c44c97774928d11956961924ea6',338,'Squirrel.jpg',2,1,0,1490473127,1490473127,0,0,'58d6d0a90fab1',31,''),(341,12,'files_encryption/keys/Photos/Paris.jpg','1d0d2ffd10bd334f273801f70dc011bc',338,'Paris.jpg',2,1,0,1490473127,1490473127,0,0,'58d6d0a90fce5',31,''),(342,12,'files/Edvluehr_Home','887fa7c36ef1782f5b98919598226b51',327,'Edvluehr_Home',2,1,0,1444549961,1444549961,0,0,'561a1549c8f1e',31,NULL),(343,12,'thumbnails','3b8779ba05b8f0aed49650f3ff8beb4b',321,'thumbnails',2,1,4292,1444550279,1444550279,0,0,'561a168781b8e',31,NULL),(344,12,'thumbnails/334','209476ccb1b8ecf26d35ff876a3cc78a',343,'334',2,1,4292,1444550279,1444550279,0,0,'561a168789d11',31,NULL),(345,12,'thumbnails/334/150-150.png','d7e46cf876b35607bea77b8c7a005d36',344,'150-150.png',18,5,4292,1444550279,1444550279,0,0,'3b85325b3c798b041f985253f7cd5967',27,NULL),(346,13,'','d41d8cd98f00b204e9800998ecf8427e',-1,'',2,1,2712243,1473061906,1473061898,0,0,'57cd241299aca',23,NULL),(347,13,'cache','0fea6a13c52b4d4725368f24b045ca84',346,'cache',2,1,0,1473061672,1473061672,0,0,'57cd23281ff7a',31,NULL),(348,13,'files_encryption','171a8829416be21834bef1b79079dde8',346,'files_encryption',2,1,7998,1490473118,1490473118,0,0,'58d6d09e73d99',31,''),(349,13,'files_encryption/keys','c2d6b95afad8b0ebffae4702fceab715',348,'keys',2,1,2780,1490473118,1490473118,0,0,'58d6d09e7cc78',31,''),(352,13,'files','45b963397aa40d4a0063e0d85e4fe7a1',346,'files',2,1,3662080,1473061902,1473061903,0,2707825,'57cd24133abe0',31,NULL),(353,13,'files/ownCloudUserManual.pdf','c8edba2d1b8eb651c107b43532c34445',352,'ownCloudUserManual.pdf',4,3,1993042,1473061899,1473061899,1,1993042,'7bfdac0ea1aa87351452a8090711372b',27,NULL),(354,13,'files/Documents','0ad78ba05b6961d92f7970b2b3922eca',352,'Documents',2,1,56640,1473061900,1473061904,0,36227,'57cd24107516e',31,NULL),(355,13,'files/Documents/Example.odt','c89c560541b952a435783a7d51a27d50',354,'Example.odt',9,3,36227,1473061900,1473061900,1,36227,'2ec2475aabe3867c1d58a7b41ac29e13',27,NULL),(356,13,'files/Photos','d01bb67e7b71dd49fd06bad922f521c9',352,'Photos',2,1,932032,1473061902,1473061906,0,678556,'57cd241344d36',31,NULL),(357,13,'files/Photos/San Francisco.jpg','9fc714efbeaafee22f7058e73d2b1c3b',356,'San Francisco.jpg',6,5,216071,1473061900,1473061900,1,216071,'8c09a447446542ae593df3e3476b763a',27,NULL),(358,13,'files/Photos/Squirrel.jpg','de85d1da71bcd6232ad893f959063b8c',356,'Squirrel.jpg',6,5,233724,1473061901,1473061901,1,233724,'0c242656f94a5581a687d2675d8b41d2',27,NULL),(359,13,'files/Photos/Paris.jpg','a208ddedf08367bbc56963107248dda5',356,'Paris.jpg',6,5,228761,1473061902,1473061902,1,228761,'3aa3504069eb943ea8a28cebb6871899',27,NULL),(360,13,'files_encryption/keys/ownCloudUserManual.pdf','6f0171b19533d6628a0d4cf4cab8c23d',349,'ownCloudUserManual.pdf',2,1,0,1490473118,1490473118,0,0,'58d6d09e96ede',31,''),(361,13,'files_encryption/keys/Documents','cc3f3324f78cdcda16572f39d3fdb581',349,'Documents',2,1,0,1473061903,1473061903,0,0,'57cd24100ca89',31,''),(362,13,'files_encryption/keys/Documents/Example.odt','be204b7405ab093b2e2ddcc4ea1cf0c9',361,'Example.odt',2,1,0,1490473118,1490473118,0,0,'58d6d09ea9470',31,''),(363,13,'files_encryption/keys/Photos','fb80b0259213f97d95704067110debe4',349,'Photos',2,1,0,1473061906,1473061906,0,0,'57cd2412b22cc',31,''),(364,13,'files_encryption/keys/Photos/San Francisco.jpg','993c5e21054ecd7f1acbf5c5a91aa590',363,'San Francisco.jpg',2,1,0,1490473118,1490473118,0,0,'58d6d09fca572',31,''),(365,13,'files_encryption/keys/Photos/Squirrel.jpg','e3799c44c97774928d11956961924ea6',363,'Squirrel.jpg',2,1,0,1490473118,1490473118,0,0,'58d6d09fca7e2',31,''),(366,13,'files_encryption/keys/Photos/Paris.jpg','1d0d2ffd10bd334f273801f70dc011bc',363,'Paris.jpg',2,1,0,1490473118,1490473118,0,0,'58d6d09fcaa19',31,''),(367,14,'','d41d8cd98f00b204e9800998ecf8427e',-1,'',2,1,20072,1490516105,1490515351,0,0,'58d7788a1913c',23,''),(368,14,'cache','0fea6a13c52b4d4725368f24b045ca84',367,'cache',2,1,0,1473766481,1473766481,0,0,'57d7e451867af',31,NULL),(369,14,'files_encryption','171a8829416be21834bef1b79079dde8',367,'files_encryption',2,1,5218,1490473118,1490473118,0,0,'58d6d09e39e84',31,''),(370,14,'files_encryption/keys','c2d6b95afad8b0ebffae4702fceab715',369,'keys',2,1,0,1473766481,1473766481,0,0,'57d7e451d6dbf',31,''),(373,15,'','d41d8cd98f00b204e9800998ecf8427e',-1,'',2,1,20056,1490516107,1490515358,0,0,'58d7788bf3ae0',23,''),(374,15,'cache','0fea6a13c52b4d4725368f24b045ca84',373,'cache',2,1,0,1475749821,1475749821,0,0,'57f627bd94f5b',31,NULL),(375,15,'files_encryption','171a8829416be21834bef1b79079dde8',373,'files_encryption',2,1,5214,1490473124,1490473124,0,0,'58d6d0a49a36a',31,''),(376,15,'files_encryption/keys','c2d6b95afad8b0ebffae4702fceab715',375,'keys',2,1,0,1475749821,1475749821,0,0,'57f627bde9bbf',31,''),(379,16,'','d41d8cd98f00b204e9800998ecf8427e',-1,'',2,1,2712243,1486051997,1486051991,0,0,'58935a9dcfd99',23,NULL),(380,16,'cache','0fea6a13c52b4d4725368f24b045ca84',379,'cache',2,1,0,1486051991,1486051991,0,0,'58935a97918ad',31,NULL),(381,16,'files_encryption','171a8829416be21834bef1b79079dde8',379,'files_encryption',2,1,9110,1490473114,1490473114,0,0,'58d6d09a13d34',31,''),(382,16,'files_encryption/keys','c2d6b95afad8b0ebffae4702fceab715',381,'keys',2,1,3892,1490473114,1490473114,0,0,'58d6d09a1ffcf',31,''),(385,17,'','d41d8cd98f00b204e9800998ecf8427e',-1,'',2,1,2712239,1485947684,1485947683,0,0,'5891c32426c93',23,NULL),(386,17,'cache','0fea6a13c52b4d4725368f24b045ca84',385,'cache',2,1,0,1485942097,1485942097,0,0,'5891ad51dbc10',31,NULL),(387,17,'files_encryption','171a8829416be21834bef1b79079dde8',385,'files_encryption',2,1,7994,1490473116,1490473116,0,0,'58d6d09c34f40',31,''),(388,17,'files_encryption/keys','c2d6b95afad8b0ebffae4702fceab715',387,'keys',2,1,2780,1490473116,1490473116,0,0,'58d6d09c3dff6',31,''),(391,17,'files','45b963397aa40d4a0063e0d85e4fe7a1',385,'files',2,1,3662080,1485942542,1485942543,0,2707825,'5891af13c3e31',31,NULL),(392,17,'files/ownCloudUserManual.pdf','c8edba2d1b8eb651c107b43532c34445',391,'ownCloudUserManual.pdf',4,3,1993042,1485942539,1485942539,1,1993042,'a47c17121ec17aad1dfb897ed8e79564',27,NULL),(393,17,'files/Documents','0ad78ba05b6961d92f7970b2b3922eca',391,'Documents',2,1,56640,1485942540,1485942544,0,36227,'5891af10a4d6c',31,NULL),(394,17,'files/Documents/Example.odt','c89c560541b952a435783a7d51a27d50',393,'Example.odt',9,3,36227,1485942540,1485942540,1,36227,'87394629fa722fba3f93608ea59dba24',27,NULL),(395,17,'files/Photos','d01bb67e7b71dd49fd06bad922f521c9',391,'Photos',2,1,932032,1485942542,1485942547,0,678556,'5891af13cbd91',31,NULL),(396,17,'files/Photos/San Francisco.jpg','9fc714efbeaafee22f7058e73d2b1c3b',395,'San Francisco.jpg',6,5,216071,1485942541,1485942541,1,216071,'dd2b9d140ab22e75ea513833647fb49f',27,NULL),(397,17,'files/Photos/Squirrel.jpg','de85d1da71bcd6232ad893f959063b8c',395,'Squirrel.jpg',6,5,233724,1485942541,1485942541,1,233724,'1290a302612e3eee16d54d4032350354',27,NULL),(398,17,'files/Photos/Paris.jpg','a208ddedf08367bbc56963107248dda5',395,'Paris.jpg',6,5,228761,1485942542,1485942542,1,228761,'f5c7a2075c05c8bcd5ca8a295b5f70c0',27,NULL),(399,17,'files_encryption/keys/ownCloudUserManual.pdf','6f0171b19533d6628a0d4cf4cab8c23d',388,'ownCloudUserManual.pdf',2,1,0,1490473116,1490473116,0,0,'58d6d09c58305',31,''),(400,17,'files_encryption/keys/Documents','cc3f3324f78cdcda16572f39d3fdb581',388,'Documents',2,1,0,1485945142,1485942543,0,0,'5891b936b6726',31,''),(401,17,'files_encryption/keys/Documents/Example.odt','be204b7405ab093b2e2ddcc4ea1cf0c9',400,'Example.odt',2,1,0,1490473116,1490473116,0,0,'58d6d09c6c91f',31,''),(402,17,'files_encryption/keys/Photos','fb80b0259213f97d95704067110debe4',388,'Photos',2,1,0,1485942547,1485942546,0,0,'5891af1368ccc',31,''),(403,17,'files_encryption/keys/Photos/San Francisco.jpg','993c5e21054ecd7f1acbf5c5a91aa590',402,'San Francisco.jpg',2,1,0,1490473116,1490473116,0,0,'58d6d09da203e',31,''),(404,17,'files_encryption/keys/Photos/Squirrel.jpg','e3799c44c97774928d11956961924ea6',402,'Squirrel.jpg',2,1,0,1490473116,1490473116,0,0,'58d6d09da2348',31,''),(405,17,'files_encryption/keys/Photos/Paris.jpg','1d0d2ffd10bd334f273801f70dc011bc',402,'Paris.jpg',2,1,0,1490473116,1490473116,0,0,'58d6d09da25a8',31,''),(406,17,'thumbnails','3b8779ba05b8f0aed49650f3ff8beb4b',385,'thumbnails',2,1,4292,1485947684,1485947683,0,0,'5891c3242eed5',31,NULL),(407,17,'thumbnails/398','15849d0d7d7a8d7315810bef71e5fe69',406,'398',2,1,4292,1485947684,1485947684,0,0,'5891c3243717d',31,NULL),(408,17,'thumbnails/398/150-150.png','c8696c5aef0bb12700da9c5c57ccfa1c',407,'150-150.png',18,5,4292,1485947684,1485947684,0,0,'a282bbd79bb7b5b07e854b14451525b8',27,NULL),(409,16,'files','45b963397aa40d4a0063e0d85e4fe7a1',379,'files',2,1,5965184,1486051992,1486051979,0,4417825,'58935a9863c45',31,NULL),(410,16,'files/ownCloudUserManual.pdf','c8edba2d1b8eb651c107b43532c34445',409,'ownCloudUserManual.pdf',4,3,1993042,1486051684,1486051684,1,1993042,'9c4d5f14bbe6651b67321e0b31d3ffbb',27,NULL),(411,16,'files/Documents','0ad78ba05b6961d92f7970b2b3922eca',409,'Documents',2,1,56640,1486051685,1486051689,0,36227,'5893596961037',31,NULL),(412,16,'files/Documents/Example.odt','c89c560541b952a435783a7d51a27d50',411,'Example.odt',9,3,36227,1486051685,1486051685,1,36227,'dad8f38da4fac7ff4e5b35f6effcc552',27,NULL),(413,16,'files/Photos','d01bb67e7b71dd49fd06bad922f521c9',409,'Photos',2,1,932032,1486051687,1486051691,0,678556,'5893596c52be1',31,NULL),(414,16,'files/Photos/San Francisco.jpg','9fc714efbeaafee22f7058e73d2b1c3b',413,'San Francisco.jpg',6,5,216071,1486051686,1486051686,1,216071,'7b522f3a9bb431025ccfa4bea8827f1c',27,NULL),(415,16,'files/Photos/Squirrel.jpg','de85d1da71bcd6232ad893f959063b8c',413,'Squirrel.jpg',6,5,233724,1486051686,1486051686,1,233724,'64ba5111c855c3ff4b3198ad8f9ea3e2',27,NULL),(416,16,'files/Photos/Paris.jpg','a208ddedf08367bbc56963107248dda5',413,'Paris.jpg',6,5,228761,1486051687,1486051687,1,228761,'2a96c6514d35826d27dc0484038ce01e',27,NULL),(417,16,'files_encryption/keys/ownCloudUserManual.pdf','6f0171b19533d6628a0d4cf4cab8c23d',382,'ownCloudUserManual.pdf',2,1,0,1490473114,1490473114,0,0,'58d6d09a4073a',31,''),(418,16,'files_encryption/keys/Documents','cc3f3324f78cdcda16572f39d3fdb581',382,'Documents',2,1,0,1486051688,1486051688,0,0,'58935968e72f7',31,''),(419,16,'files_encryption/keys/Documents/Example.odt','be204b7405ab093b2e2ddcc4ea1cf0c9',418,'Example.odt',2,1,0,1490473114,1490473114,0,0,'58d6d09a60e45',31,''),(420,16,'files_encryption/keys/Photos','fb80b0259213f97d95704067110debe4',382,'Photos',2,1,0,1486051691,1486051691,0,0,'5893596bd0788',31,''),(421,16,'files_encryption/keys/Photos/San Francisco.jpg','993c5e21054ecd7f1acbf5c5a91aa590',420,'San Francisco.jpg',2,1,0,1490473114,1490473114,0,0,'58d6d09be1c74',31,''),(422,16,'files_encryption/keys/Photos/Squirrel.jpg','e3799c44c97774928d11956961924ea6',420,'Squirrel.jpg',2,1,0,1490473114,1490473114,0,0,'58d6d09be1fbf',31,''),(423,16,'files_encryption/keys/Photos/Paris.jpg','1d0d2ffd10bd334f273801f70dc011bc',420,'Paris.jpg',2,1,0,1490473114,1490473114,0,0,'58d6d09be2286',31,''),(424,16,'thumbnails','3b8779ba05b8f0aed49650f3ff8beb4b',379,'thumbnails',2,1,98503,1486051924,1486051924,0,0,'58935a54bc301',31,NULL),(425,16,'thumbnails/416','a442846a1e4a75b3376eee9fbd266e6e',424,'416',2,1,4292,1486051913,1486051913,0,0,'58935a4a00dfe',31,NULL),(426,16,'thumbnails/416/150-150.png','008e89c5017bec7f007b0d246d5e4f92',425,'150-150.png',18,5,4292,1486051913,1486051913,0,0,'38a6a0efdce4d8797a338a91f2f4b240',27,NULL),(427,16,'thumbnails/414','8bf1b072b4cce81fa2a9680ec16f7e78',424,'414',2,1,92946,1486051924,1486051924,0,0,'58935a54d093b',31,NULL),(428,16,'thumbnails/415','ac9e88eac8680bf7d47ac22ad1443ed9',424,'415',2,1,1265,1486051924,1486051924,0,0,'58935a54c661d',31,NULL),(429,16,'thumbnails/415/45-45.png','563588072df91c34144834db8fd29dba',428,'45-45.png',18,5,1265,1486051924,1486051924,0,0,'42c01c9b16f419067d936e12b94b163c',27,NULL),(430,16,'thumbnails/414/1920-943-with-aspect.png','507b117a6638265cccf5cdcaf3ffcbda',427,'1920-943-with-aspect.png',18,5,91662,1486051924,1486051924,0,0,'41f57a0d0f70c991a83d147b16d521d9',27,NULL),(431,16,'thumbnails/414/45-45.png','3e8ef7c5efc041c81049b365683157c6',427,'45-45.png',18,5,1284,1486051924,1486051924,0,0,'88663791ffcd48da11fc3983ba2d2227',27,NULL),(432,16,'files/E-L-Djeims-Petdeset-nuansa-po-tumno.pdf','e5b491ec526ccd758fa7e32490370ad0',409,'E-L-Djeims-Petdeset-nuansa-po-tumno.pdf',4,3,1677825,1486051960,1486051960,1,1677825,'3ef8ef4649d75ab0da175f9a75928cc7',27,NULL),(433,16,'files_encryption/keys/E-L-Djeims-Petdeset-nuansa-po-tumno.pdf','6afa86a096aab30d7aeec59397ae5473',382,'E-L-Djeims-Petdeset-nuansa-po-tumno.pdf',2,1,0,1490473114,1490473114,0,0,'58d6d09a4151f',31,''),(436,16,'files_encryption/keys/New Document.odt','f7a992faafe1b18c0d88e3c44878872c',382,'New Document.odt',2,1,0,1490473114,1490473114,0,0,'58d6d09a40456',31,''),(437,16,'files/New Document.odt','b72283b97b116dba7aa1550dc8c1312c',409,'New Document.odt',9,3,32175,1486051992,1486051992,1,32175,'5906b9b154a500518088321011924ccd',27,NULL),(438,16,'documents','21f64da1e5792c8295b964d159a14491',379,'documents',2,1,40624,1486051997,1486051997,0,0,'58935a9dd9dc6',31,NULL),(439,16,'documents/e00892fe50ba6224e5b61bcd3b93ee8057024fb9.odt','6e93435fd0cf9478474fb5715cbd859f',438,'e00892fe50ba6224e5b61bcd3b93ee8057024fb9.odt',9,3,8449,1486051979,1486051979,0,0,'a4f7ed28787dad05ca1cd20a5a5a44ca',27,NULL),(442,16,'files_versions','9692aae50022f45f1098646939b287b1',379,'files_versions',2,1,19508,1486051991,1486051991,0,0,'58935a97d97d9',31,NULL),(443,16,'files_versions/New Document.odt.v1486051979','fcc3526c952c1f434e8970a381156a90',442,'New Document.odt.v1486051979',12,3,19508,1486051991,1486051991,0,0,'af585975f65ac1df722d41dc2a8005f0',27,NULL),(444,16,'documents/5a0283b0c43477ed9e4400d690253c17667266e5.odt','ce012c7437badabc3fd8e08735756926',438,'5a0283b0c43477ed9e4400d690253c17667266e5.odt',9,3,32175,1486051997,1486051997,0,0,'927b0efc1c161bb8e116a21d91249f70',27,NULL),(445,18,'','d41d8cd98f00b204e9800998ecf8427e',-1,'',2,1,2712243,1487181938,1487181931,0,0,'58a49873082ca',23,NULL),(446,18,'cache','0fea6a13c52b4d4725368f24b045ca84',445,'cache',2,1,0,1487180501,1487180501,0,0,'58a492d604388',31,NULL),(447,18,'files_encryption','171a8829416be21834bef1b79079dde8',445,'files_encryption',2,1,7998,1490473125,1490473125,0,0,'58d6d0a5956f1',31,''),(448,18,'files_encryption/keys','c2d6b95afad8b0ebffae4702fceab715',447,'keys',2,1,2780,1490473125,1490473125,0,0,'58d6d0a5a02ad',31,''),(451,18,'files','45b963397aa40d4a0063e0d85e4fe7a1',445,'files',2,1,3662080,1487181934,1487181935,0,2707825,'58a498737d028',31,NULL),(452,18,'files/ownCloudUserManual.pdf','c8edba2d1b8eb651c107b43532c34445',451,'ownCloudUserManual.pdf',4,3,1993042,1487181932,1487181932,1,1993042,'f97a7e5ff8cc036013c397d9cf3563b1',27,NULL),(453,18,'files/Documents','0ad78ba05b6961d92f7970b2b3922eca',451,'Documents',2,1,56640,1487181932,1487181936,0,36227,'58a49870da6bd',31,NULL),(454,18,'files/Documents/Example.odt','c89c560541b952a435783a7d51a27d50',453,'Example.odt',9,3,36227,1487181932,1487181932,1,36227,'893687ad07f826bf5e8f9e85ca80d4eb',27,NULL),(455,18,'files/Photos','d01bb67e7b71dd49fd06bad922f521c9',451,'Photos',2,1,932032,1487181934,1487181939,0,678556,'58a4987384a2e',31,NULL),(456,18,'files/Photos/San Francisco.jpg','9fc714efbeaafee22f7058e73d2b1c3b',455,'San Francisco.jpg',6,5,216071,1487181933,1487181933,1,216071,'f204b0033489d9349e39ce2ecd70dc8f',27,NULL),(457,18,'files/Photos/Squirrel.jpg','de85d1da71bcd6232ad893f959063b8c',455,'Squirrel.jpg',6,5,233724,1487181934,1487181934,1,233724,'ca49814bee9ddf29c447b802c629bd4c',27,NULL),(458,18,'files/Photos/Paris.jpg','a208ddedf08367bbc56963107248dda5',455,'Paris.jpg',6,5,228761,1487181934,1487181934,1,228761,'757d83dcfa57fa0c31155a2d60ae0f41',27,NULL),(459,18,'files_encryption/keys/ownCloudUserManual.pdf','6f0171b19533d6628a0d4cf4cab8c23d',448,'ownCloudUserManual.pdf',2,1,0,1490473125,1490473125,0,0,'58d6d0a5be7b2',31,''),(460,18,'files_encryption/keys/Documents','cc3f3324f78cdcda16572f39d3fdb581',448,'Documents',2,1,0,1487181936,1487181936,0,0,'58a49870745ba',31,''),(461,18,'files_encryption/keys/Documents/Example.odt','be204b7405ab093b2e2ddcc4ea1cf0c9',460,'Example.odt',2,1,0,1490473125,1490473125,0,0,'58d6d0a5d2ddd',31,''),(462,18,'files_encryption/keys/Photos','fb80b0259213f97d95704067110debe4',448,'Photos',2,1,0,1487181938,1487181938,0,0,'58a4987320a7b',31,''),(463,18,'files_encryption/keys/Photos/San Francisco.jpg','993c5e21054ecd7f1acbf5c5a91aa590',462,'San Francisco.jpg',2,1,0,1490473125,1490473125,0,0,'58d6d0a71928f',31,''),(464,18,'files_encryption/keys/Photos/Squirrel.jpg','e3799c44c97774928d11956961924ea6',462,'Squirrel.jpg',2,1,0,1490473125,1490473125,0,0,'58d6d0a719486',31,''),(465,18,'files_encryption/keys/Photos/Paris.jpg','1d0d2ffd10bd334f273801f70dc011bc',462,'Paris.jpg',2,1,0,1490473125,1490473125,0,0,'58d6d0a719749',31,''),(466,19,'','d41d8cd98f00b204e9800998ecf8427e',-1,'',2,1,3370639,1529844737,1496612440,0,0,'5b2f9401eca18',23,NULL),(467,19,'cache','0fea6a13c52b4d4725368f24b045ca84',466,'cache',2,1,0,1488403759,1488403759,0,0,'58b73d2f5626d',31,NULL),(468,19,'files_encryption','171a8829416be21834bef1b79079dde8',466,'files_encryption',2,1,1871210,1490473122,1490473122,0,0,'58d6d0a2a65cf',31,''),(469,19,'files_encryption/keys','c2d6b95afad8b0ebffae4702fceab715',468,'keys',2,1,1865992,1496612441,1496612441,0,0,'58d6d0a2b076b',31,''),(472,19,'files','45b963397aa40d4a0063e0d85e4fe7a1',466,'files',2,1,5657864,1529844737,1529844736,0,2743627,'5b2f9401bfdb6',31,NULL),(473,19,'files_trashbin/files/ownCloudUserManual.pdf.d1529844732','021f8071b570231a0b5fd6bad072ca11',1321,'ownCloudUserManual.pdf.d1529844732',12,3,1993042,1488403168,1488403168,1,1993042,'8a25b2421641f2fc6fd91462cacdc67d',27,NULL),(474,19,'files/Documents','0ad78ba05b6961d92f7970b2b3922eca',472,'Documents',2,1,93232,1488403241,1488403173,0,63580,'58b73b2946871',31,NULL),(475,19,'files/Documents/Example.odt','c89c560541b952a435783a7d51a27d50',474,'Example.odt',9,3,63580,1488403241,1488403241,1,63580,'c14f1c9fd339f591705a0335ef7175cd',27,NULL),(476,19,'files/Photos','d01bb67e7b71dd49fd06bad922f521c9',472,'Photos',2,1,932032,1488403171,1488403175,0,678556,'58b73ae839414',31,NULL),(477,19,'files/Photos/San Francisco.jpg','9fc714efbeaafee22f7058e73d2b1c3b',476,'San Francisco.jpg',6,5,216071,1488403169,1488403169,1,216071,'565350f151e23148916e661344882bf8',27,NULL),(478,19,'files/Photos/Squirrel.jpg','de85d1da71bcd6232ad893f959063b8c',476,'Squirrel.jpg',6,5,233724,1488403170,1488403170,1,233724,'cd04883d6dd70eebccfd85c6e00e28c8',27,NULL),(479,19,'files/Photos/Paris.jpg','a208ddedf08367bbc56963107248dda5',476,'Paris.jpg',6,5,228761,1488403171,1488403171,1,228761,'054d58e627e7dc1012ffe780678b6e64',27,NULL),(480,19,'files_encryption/keys/ownCloudUserManual.pdf','6f0171b19533d6628a0d4cf4cab8c23d',469,'ownCloudUserManual.pdf',2,1,0,1490473122,1490473122,0,0,'58d6d0a2d0d1d',31,''),(481,19,'files_encryption/keys/Documents','cc3f3324f78cdcda16572f39d3fdb581',469,'Documents',2,1,0,1488403345,1488403172,0,0,'58b73b91bffdc',31,''),(482,19,'files_encryption/keys/Documents/Example.odt','be204b7405ab093b2e2ddcc4ea1cf0c9',481,'Example.odt',2,1,0,1490473122,1490473122,0,0,'58d6d0a2ef81a',31,''),(483,19,'files_encryption/keys/Photos','fb80b0259213f97d95704067110debe4',469,'Photos',2,1,0,1488403175,1488403175,0,0,'58b73ae7bbff1',31,''),(484,19,'files_encryption/keys/Photos/San Francisco.jpg','993c5e21054ecd7f1acbf5c5a91aa590',483,'San Francisco.jpg',2,1,0,1490473122,1490473122,0,0,'58d6d0a45c871',31,''),(485,19,'files_encryption/keys/Photos/Squirrel.jpg','e3799c44c97774928d11956961924ea6',483,'Squirrel.jpg',2,1,0,1490473122,1490473122,0,0,'58d6d0a45cb7c',31,''),(486,19,'files_encryption/keys/Photos/Paris.jpg','1d0d2ffd10bd334f273801f70dc011bc',483,'Paris.jpg',2,1,0,1490473122,1490473122,0,0,'58d6d0a45cdf1',31,''),(487,19,'documents','21f64da1e5792c8295b964d159a14491',466,'documents',2,1,108256,1488403759,1488403759,0,0,'58b73d2fdcd76',31,NULL),(488,19,'documents/5fc6003e97a61c4410d80de473bde032446d3271.odt','db1797e6da94be9d1d6b54646876290a',487,'5fc6003e97a61c4410d80de473bde032446d3271.odt',9,3,36227,1488403214,1488403214,0,0,'44f07ac706840fe6f32a7493739a6e1c',27,NULL),(492,19,'files_versions','9692aae50022f45f1098646939b287b1',466,'files_versions',2,1,56640,1504559238,1501021767,0,0,'59adc086822e3',31,NULL),(493,19,'files_versions/Documents','31726c44088c2bcb7763e1f483a37c67',492,'Documents',2,1,56640,1488403240,1488403240,0,0,'58b73b2894826',31,NULL),(494,19,'files_versions/Documents/Example.odt.v1488403169','3a73aa98a6246146bd4f1c0dc572233e',493,'Example.odt.v1488403169',12,3,56640,1488403240,1488403240,0,0,'d47467e5ed53bc472aa1072e10d52a62',27,NULL),(495,19,'documents/48a0cd3dd567dca25dc41ea0625c2d568c5cd888.odt','ab8c112f19a30b4f9ec40d3b31bfc43c',487,'48a0cd3dd567dca25dc41ea0625c2d568c5cd888.odt',9,3,63580,1488403243,1488403243,0,0,'c20ec5ba2679e2a7c2a35a0679e5508c',27,NULL),(496,19,'thumbnails','3b8779ba05b8f0aed49650f3ff8beb4b',466,'thumbnails',2,1,661667,1529844737,1504559599,0,0,'5b2f9401eca18',31,NULL),(497,19,'thumbnails/479','acd6de3d25f6ffa280a282284817664d',496,'479',2,1,88455,1496496473,1496496473,0,0,'5932b9593f9a9',31,NULL),(498,19,'thumbnails/479/36-36.png','bb4f02f30968d84c9a42c04917818596',497,'36-36.png',18,5,1049,1488403278,1488403278,0,0,'7c7079f92f66d639051c1fe76676b5e6',27,NULL),(499,19,'thumbnails/477','c28b16519d652a6c1eb4347f686906ab',496,'477',2,1,101060,1496496473,1496496473,0,0,'5932b959605cd',31,NULL),(500,19,'thumbnails/478','5acc173f6abe7d4fd01fff7a534e97b1',496,'478',2,1,81820,1496496473,1496496473,0,0,'5932b9596a900',31,NULL),(501,19,'thumbnails/478/36-36.png','fae54be9456feef6d6f0a9ae90c5e5ef',500,'36-36.png',18,5,1112,1488403279,1488403279,0,0,'cff59af4e568a8fd691e5b3ad80ac1e9',27,NULL),(502,19,'thumbnails/477/36-36.png','ef8484e54b8e888b7766828476a0b2f5',499,'36-36.png',18,5,1110,1488403279,1488403279,0,0,'6d0c3e0e6708730a64f0f5298bb74ba3',27,NULL),(505,19,'files_encryption/keys/New Document.odt','f7a992faafe1b18c0d88e3c44878872c',469,'New Document.odt',2,1,0,1490473122,1490473122,0,0,'58d6d0a2d0b08',31,''),(506,19,'files_trashbin/files/New Document.odt.d1529844736','c954e5a26bc3cc126d3e75a48f1cbd60',1321,'New Document.odt.d1529844736',12,3,8449,1488403759,1488403759,1,8449,'4b3dfbe8bbbc60963af419f53b2d7110',27,NULL),(507,19,'documents/6aa2358fa6ec9b580298c3b28dedd1b3f8a4d0a0.odt','c0abededc5a3d606bfa3e551fce6fb2a',487,'6aa2358fa6ec9b580298c3b28dedd1b3f8a4d0a0.odt',9,3,8449,1488403759,1488403759,0,0,'389269372d1ea930825f17f5322b42ad',27,NULL),(508,2,'files_encryption/OC_DEFAULT_MODULE','75930a339fca24af03c665c2add1433c',259,'OC_DEFAULT_MODULE',2,1,10451,1490513862,1490513862,0,0,'58d76fc6eeb0a',31,''),(509,2,'files_encryption/OC_DEFAULT_MODULE/pubShare_e5d27a3a.publicKey','8c066de092f644634f92fae46ad8db83',508,'pubShare_e5d27a3a.publicKey',12,3,800,1410438324,1410438324,0,0,'6b37e0ec438ca04986d67e5372aae2de',27,NULL),(510,2,'files_encryption/OC_DEFAULT_MODULE/pubShare_e5d27a3a.privateKey','a012b7b065ab904a09ea842aeff1db52',508,'pubShare_e5d27a3a.privateKey',12,3,4418,1410438324,1410438324,0,0,'32ee1339d19f15be95576f3a5198db50',27,NULL),(511,5,'files_encryption/OC_DEFAULT_MODULE','75930a339fca24af03c665c2add1433c',39,'OC_DEFAULT_MODULE',2,1,5218,1490473111,1490473111,0,0,'58d6d097f0fc4',31,''),(512,5,'files_encryption/OC_DEFAULT_MODULE/Fraiseradmin.privateKey','c7b45db105c7e4dfe6ea74285e6b3db6',511,'Fraiseradmin.privateKey',12,3,4418,1422370234,1422370234,0,0,'b36f828094bf6313434c230d3c0a39db',27,NULL),(513,5,'files_encryption/OC_DEFAULT_MODULE/Fraiseradmin.publicKey','667041682b11b09a2a03909cda908bdc',511,'Fraiseradmin.publicKey',12,3,800,1422370235,1422370235,0,0,'66562be55fc6d27ff88e7d20990d9724',27,NULL),(514,5,'files_encryption/keys/files','9b2997f0595af58997b37b050b6966a7',269,'files',2,1,3336,1490473111,1490473111,0,0,'58d6d0981e48d',31,''),(515,5,'files_encryption/keys/files/documents','184a24b4e3775ec999c5d6a2700c8686',514,'documents',2,1,556,1490473111,1490473111,0,0,'58d6d09866df0',31,''),(516,5,'files_encryption/keys/files/ownCloudUserManual.pdf','609836835433cbd956c4c015865f6e2d',514,'ownCloudUserManual.pdf',2,1,556,1490473111,1490473111,0,0,'58d6d0986743c',31,''),(517,5,'files_encryption/keys/files/music','e6c51dcae642da647fa283bc43e2ae08',514,'music',2,1,556,1490473111,1490473111,0,0,'58d6d0986795d',31,''),(518,5,'files_encryption/keys/files/photos','a54ea55b203ae58f0f91bbb4ecdd3416',514,'photos',2,1,1668,1490473111,1490473111,0,0,'58d6d09867e2c',31,''),(519,5,'files_encryption/keys/files/documents/example.odt','3dd06a72167169a7dcf31fa289567ff2',515,'example.odt',2,1,556,1490473111,1490473111,0,0,'58d6d098731a9',31,''),(520,5,'files_encryption/keys/files/documents/example.odt/OC_DEFAULT_MODULE','67390de49c8553ba53b49cf5938d99af',519,'OC_DEFAULT_MODULE',2,1,556,1490473111,1490473111,0,0,'58d6d0987d4c2',31,''),(521,5,'files_encryption/keys/files/documents/example.odt/OC_DEFAULT_MODULE/fileKey','d65142fe0c8beb60155a33efe9fde172',520,'fileKey',12,3,44,1422370264,1422370264,0,0,'b5b5410d6840df1931b3f8c82a77e6fb',27,NULL),(522,5,'files_encryption/keys/files/documents/example.odt/OC_DEFAULT_MODULE/Fraiseradmin.shareKey','013481bc36aafb7f1d48c97b581880bc',520,'Fraiseradmin.shareKey',12,3,512,1422370265,1422370265,0,0,'2042d6d1ef8116e3245dcc3f205d0143',27,NULL),(523,5,'files_encryption/keys/files/ownCloudUserManual.pdf/OC_DEFAULT_MODULE','32d94bd79aa9f1566499447a85149aad',516,'OC_DEFAULT_MODULE',2,1,556,1490473111,1490473111,0,0,'58d6d098b03c9',31,''),(524,5,'files_encryption/keys/files/ownCloudUserManual.pdf/OC_DEFAULT_MODULE/fileKey','9cbdaaf503a6ff5378cd219e10e59986',523,'fileKey',12,3,44,1422370266,1422370266,0,0,'e17347a5c7f5e3eb2f26d0b992cf548f',27,NULL),(525,5,'files_encryption/keys/files/ownCloudUserManual.pdf/OC_DEFAULT_MODULE/Fraiseradmin.shareKey','9656dee04b1344fb881f0c16ed5e60ee',523,'Fraiseradmin.shareKey',12,3,512,1422370266,1422370266,0,0,'518627638b486f45b4a3bf6e0102bcb7',27,NULL),(526,5,'files_encryption/keys/files/music/projekteva-letitrain.mp3','11a62fc7c0384b5b3c45cc01760b8be9',517,'projekteva-letitrain.mp3',2,1,556,1490473111,1490473111,0,0,'58d6d098d13f0',31,''),(527,5,'files_encryption/keys/files/music/projekteva-letitrain.mp3/OC_DEFAULT_MODULE','ec434a22c11c6bb9dff6803c378fbd7b',526,'OC_DEFAULT_MODULE',2,1,556,1490473111,1490473111,0,0,'58d6d098d968f',31,''),(528,5,'files_encryption/keys/files/music/projekteva-letitrain.mp3/OC_DEFAULT_MODULE/fileKey','51c6b7979254cf998773d4ffd7b05c7c',527,'fileKey',12,3,44,1422370267,1422370267,0,0,'853d073a963610bf40ecc5df958f5fd4',27,NULL),(529,5,'files_encryption/keys/files/music/projekteva-letitrain.mp3/OC_DEFAULT_MODULE/Fraiseradmin.shareKey','c7298ab51925ccbb4c43aaaebfdad0e1',527,'Fraiseradmin.shareKey',12,3,512,1422370268,1422370268,0,0,'fa036e3c3a0d119da025e733b594faeb',27,NULL),(530,5,'files_encryption/keys/files/photos/squirrel.jpg','b03ec0acc1e67b574b82a8330024388e',518,'squirrel.jpg',2,1,556,1490473111,1490473111,0,0,'58d6d0990e0f5',31,''),(531,5,'files_encryption/keys/files/photos/paris.jpg','9093db8baa567712fda04159254cc43f',518,'paris.jpg',2,1,556,1490473111,1490473111,0,0,'58d6d0990e69c',31,''),(532,5,'files_encryption/keys/files/photos/san francisco.jpg','0d6c7c5f0a8b41816854d0719bbd33cd',518,'san francisco.jpg',2,1,556,1490473111,1490473111,0,0,'58d6d0990eb56',31,''),(533,5,'files_encryption/keys/files/photos/squirrel.jpg/OC_DEFAULT_MODULE','53e8e79a9947219824a56e7998bad841',530,'OC_DEFAULT_MODULE',2,1,556,1490473111,1490473111,0,0,'58d6d099163e9',31,''),(534,5,'files_encryption/keys/files/photos/squirrel.jpg/OC_DEFAULT_MODULE/fileKey','26862c7cca7bbbe26a985c90f631835b',533,'fileKey',12,3,44,1422370270,1422370270,0,0,'ee96853b382c2fee4861096e968c3012',27,NULL),(535,5,'files_encryption/keys/files/photos/squirrel.jpg/OC_DEFAULT_MODULE/Fraiseradmin.shareKey','f543b7bf2bbfaef776228a28fa9c318b',533,'Fraiseradmin.shareKey',12,3,512,1422370270,1422370270,0,0,'219c2139ec55d9d40d828c2180f52e2a',27,NULL),(536,5,'files_encryption/keys/files/photos/paris.jpg/OC_DEFAULT_MODULE','0aa1f0f7b0fbf162cd27f477918d8d6a',531,'OC_DEFAULT_MODULE',2,1,556,1490473111,1490473111,0,0,'58d6d09936e26',31,''),(537,5,'files_encryption/keys/files/photos/paris.jpg/OC_DEFAULT_MODULE/fileKey','48f3b436bb6f3bcc3a68b283f9daca0e',536,'fileKey',12,3,44,1422370272,1422370272,0,0,'a2ca811d364d8b94e2d74f4b118b39f3',27,NULL),(538,5,'files_encryption/keys/files/photos/paris.jpg/OC_DEFAULT_MODULE/Fraiseradmin.shareKey','500f34d2c0465f0c2305560ed66f3761',536,'Fraiseradmin.shareKey',12,3,512,1422370272,1422370272,0,0,'f83d2f38ca13e5c4347e2171e5404433',27,NULL),(539,5,'files_encryption/keys/files/photos/san francisco.jpg/OC_DEFAULT_MODULE','c506fceaf8748d82f4b9d104b1454481',532,'OC_DEFAULT_MODULE',2,1,556,1490473111,1490473111,0,0,'58d6d099599dc',31,''),(540,5,'files_encryption/keys/files/photos/san francisco.jpg/OC_DEFAULT_MODULE/fileKey','57f16960bd1e8a18a2c8ac0c54c59c4e',539,'fileKey',12,3,44,1422370273,1422370273,0,0,'8b025d23505df4e190141d8e803fd0db',27,NULL),(541,5,'files_encryption/keys/files/photos/san francisco.jpg/OC_DEFAULT_MODULE/Fraiseradmin.shareKey','407448506ebc05d98c8e3de6c1788021',539,'Fraiseradmin.shareKey',12,3,512,1422370273,1422370273,0,0,'1bebe2a9a69718a68420d4fb3945f237',27,NULL),(542,16,'files_encryption/OC_DEFAULT_MODULE','75930a339fca24af03c665c2add1433c',381,'OC_DEFAULT_MODULE',2,1,5218,1490473114,1490473114,0,0,'58d6d09a1fa0c',31,''),(543,16,'files_encryption/OC_DEFAULT_MODULE/Gancho_Gichev.privateKey','4958ccfc1cf510ea072ba25361292c3f',542,'Gancho_Gichev.privateKey',12,3,4418,1486051753,1486051753,0,0,'8998de7c49927169fb9de27201a16c73',27,NULL),(544,16,'files_encryption/OC_DEFAULT_MODULE/Gancho_Gichev.publicKey','0b67babc55960678b649b805964b0b55',542,'Gancho_Gichev.publicKey',12,3,800,1485941936,1485941936,0,0,'840119c0c2bc54e0fe376b09780082ca',27,NULL),(545,16,'files_encryption/keys/files','9b2997f0595af58997b37b050b6966a7',382,'files',2,1,3892,1490473114,1490473114,0,0,'58d6d09a40c38',31,''),(546,16,'files_encryption/keys/files/New Document.odt','95f2f083497d98f6f4f3cf02b536e862',545,'New Document.odt',2,1,556,1490473114,1490473114,0,0,'58d6d09a7f75d',31,''),(547,16,'files_encryption/keys/files/ownCloudUserManual.pdf','609836835433cbd956c4c015865f6e2d',545,'ownCloudUserManual.pdf',2,1,556,1490473114,1490473114,0,0,'58d6d09a7fe7c',31,''),(548,16,'files_encryption/keys/files/Documents','5105b55a0eb666155864ec2a1498e924',545,'Documents',2,1,556,1490473114,1490473114,0,0,'58d6d09a80382',31,''),(549,16,'files_encryption/keys/files/Photos','becca09d068560a07175d81be72138bc',545,'Photos',2,1,1668,1490473114,1490473114,0,0,'58d6d09a8084c',31,''),(550,16,'files_encryption/keys/files/E-L-Djeims-Petdeset-nuansa-po-tumno.pdf','ed9c161e1a60d8caf4f0303205021a05',545,'E-L-Djeims-Petdeset-nuansa-po-tumno.pdf',2,1,556,1490473114,1490473114,0,0,'58d6d09a80c95',31,''),(551,16,'files_encryption/keys/files/New Document.odt/OC_DEFAULT_MODULE','508ffcf5619290434a06ac611dd796a3',546,'OC_DEFAULT_MODULE',2,1,556,1490473114,1490473114,0,0,'58d6d09a8ba9a',31,''),(552,16,'files_encryption/keys/files/New Document.odt/OC_DEFAULT_MODULE/fileKey','b0e81ae93e25d93f4004fdfc4583648f',551,'fileKey',12,3,44,1486051978,1486051978,0,0,'886580f492c206ebc5c5ebc4fab48777',27,NULL),(553,16,'files_encryption/keys/files/New Document.odt/OC_DEFAULT_MODULE/Gancho_Gichev.shareKey','78fb5a263eb1b012b1e5bdd67507cbf3',551,'Gancho_Gichev.shareKey',12,3,512,1486051978,1486051978,0,0,'9386a6229f11ed79096d5da1851af621',27,NULL),(554,16,'files_encryption/keys/files/ownCloudUserManual.pdf/OC_DEFAULT_MODULE','32d94bd79aa9f1566499447a85149aad',547,'OC_DEFAULT_MODULE',2,1,556,1490473114,1490473114,0,0,'58d6d09ab67e0',31,''),(555,16,'files_encryption/keys/files/ownCloudUserManual.pdf/OC_DEFAULT_MODULE/fileKey','9cbdaaf503a6ff5378cd219e10e59986',554,'fileKey',12,3,44,1486051688,1486051688,0,0,'af1b77b94e7e64012fca0b7cb426aa95',27,NULL),(556,16,'files_encryption/keys/files/ownCloudUserManual.pdf/OC_DEFAULT_MODULE/Gancho_Gichev.shareKey','8c88bd5b14fe83931c89c88fd6b3d650',554,'Gancho_Gichev.shareKey',12,3,512,1486051688,1486051688,0,0,'0dc94028990a12f9c26287418f4384cd',27,NULL),(557,16,'files_encryption/keys/files/Documents/Example.odt','ab6e44f521f8298727cd126a8beb921a',548,'Example.odt',2,1,556,1490473114,1490473114,0,0,'58d6d09ae0bb6',31,''),(558,16,'files_encryption/keys/files/Documents/Example.odt/OC_DEFAULT_MODULE','382e6f17b4595f37d001c6e826c5c07c',557,'OC_DEFAULT_MODULE',2,1,556,1490473114,1490473114,0,0,'58d6d09aeada5',31,''),(559,16,'files_encryption/keys/files/Documents/Example.odt/OC_DEFAULT_MODULE/fileKey','ac997cdabadde65b42de09be8d48fac7',558,'fileKey',12,3,44,1486051688,1486051688,0,0,'17d4a75383a7c75361b038671c46259b',27,NULL),(560,16,'files_encryption/keys/files/Documents/Example.odt/OC_DEFAULT_MODULE/Gancho_Gichev.shareKey','67440c9266a6aff5040fe42813e1f4fd',558,'Gancho_Gichev.shareKey',12,3,512,1486051688,1486051688,0,0,'80b085a45489de66c780863bdcbd7dcd',27,NULL),(561,16,'files_encryption/keys/files/Photos/San Francisco.jpg','18b35c6712cc0e8cbf50cc9bcdf81fe0',549,'San Francisco.jpg',2,1,556,1490473114,1490473114,0,0,'58d6d09b29a7a',31,''),(562,16,'files_encryption/keys/files/Photos/Squirrel.jpg','5046aa2550802f7a17ec7647b8e0d84f',549,'Squirrel.jpg',2,1,556,1490473114,1490473114,0,0,'58d6d09b29dd8',31,''),(563,16,'files_encryption/keys/files/Photos/Paris.jpg','cb99e3ae07d921d240772c5e619109c3',549,'Paris.jpg',2,1,556,1490473114,1490473114,0,0,'58d6d09b2a021',31,''),(564,16,'files_encryption/keys/files/Photos/San Francisco.jpg/OC_DEFAULT_MODULE','84408797027bc5c6d81109024b262500',561,'OC_DEFAULT_MODULE',2,1,556,1490473114,1490473114,0,0,'58d6d09b33cfc',31,''),(565,16,'files_encryption/keys/files/Photos/San Francisco.jpg/OC_DEFAULT_MODULE/fileKey','0d7b8422f7765e301dff2a8144618fe3',564,'fileKey',12,3,44,1486051690,1486051690,0,0,'b41a9f4cd249004fd41e50ce7b909839',27,NULL),(566,16,'files_encryption/keys/files/Photos/San Francisco.jpg/OC_DEFAULT_MODULE/Gancho_Gichev.shareKey','a7a0bcfc3d6a5602cc82772ac3f1684b',564,'Gancho_Gichev.shareKey',12,3,512,1486051690,1486051690,0,0,'927c8ea6a2d8c7e41aa869d5deac9cbf',27,NULL),(567,16,'files_encryption/keys/files/Photos/Squirrel.jpg/OC_DEFAULT_MODULE','ddbe3b0d6108c2bd3c20fbb101be7da5',562,'OC_DEFAULT_MODULE',2,1,556,1490473114,1490473114,0,0,'58d6d09b5c9d5',31,''),(568,16,'files_encryption/keys/files/Photos/Squirrel.jpg/OC_DEFAULT_MODULE/fileKey','6d124e847632ffd58962a7596eecf3d7',567,'fileKey',12,3,44,1486051690,1486051690,0,0,'c245b7142e7ae3adde7cc4de35597591',27,NULL),(569,16,'files_encryption/keys/files/Photos/Squirrel.jpg/OC_DEFAULT_MODULE/Gancho_Gichev.shareKey','bea769174726801b3a91da7ae79a3e25',567,'Gancho_Gichev.shareKey',12,3,512,1486051690,1486051690,0,0,'6137a68921d43f3743d8bf8757182f82',27,NULL),(570,16,'files_encryption/keys/files/Photos/Paris.jpg/OC_DEFAULT_MODULE','2c7380a065b3443b76ed65e22a64978d',563,'OC_DEFAULT_MODULE',2,1,556,1490473114,1490473114,0,0,'58d6d09b7dd5a',31,''),(571,16,'files_encryption/keys/files/Photos/Paris.jpg/OC_DEFAULT_MODULE/fileKey','f1c544dbb7eb6c9b472e2e4f741ade72',570,'fileKey',12,3,44,1486051691,1486051691,0,0,'2c3fc0c64dc5880f3da863f4415d0e36',27,NULL),(572,16,'files_encryption/keys/files/Photos/Paris.jpg/OC_DEFAULT_MODULE/Gancho_Gichev.shareKey','d8f11088678dc0fda0f55ea8aea28112',570,'Gancho_Gichev.shareKey',12,3,512,1486051691,1486051691,0,0,'256ecf2d886538940782b5046785541a',27,NULL),(573,16,'files_encryption/keys/files/E-L-Djeims-Petdeset-nuansa-po-tumno.pdf/OC_DEFAULT_MODULE','9b7f5ef22cad5c427716884fb35a7ca6',550,'OC_DEFAULT_MODULE',2,1,556,1490473114,1490473114,0,0,'58d6d09bacc52',31,''),(574,16,'files_encryption/keys/files/E-L-Djeims-Petdeset-nuansa-po-tumno.pdf/OC_DEFAULT_MODULE/fileKey','857459c5a34b2b62b25c32eb6a774964',573,'fileKey',12,3,44,1486051961,1486051961,0,0,'42a501f0549555bd25718f09d0cda544',27,NULL),(575,16,'files_encryption/keys/files/E-L-Djeims-Petdeset-nuansa-po-tumno.pdf/OC_DEFAULT_MODULE/Gancho_Gichev.shareKey','ffb1750a92fd2c4da0b474ec6e4de324',573,'Gancho_Gichev.shareKey',12,3,512,1486051961,1486051961,0,0,'4bfb733179b3485d80bddbb4f6df1517',27,NULL),(576,17,'files_encryption/OC_DEFAULT_MODULE','75930a339fca24af03c665c2add1433c',387,'OC_DEFAULT_MODULE',2,1,5214,1490473116,1490473116,0,0,'58d6d09c3da9b',31,''),(577,17,'files_encryption/OC_DEFAULT_MODULE/Hans-Peter.Schmidt.privateKey','7cb4d36315bbec334054bbc3d86db003',576,'Hans-Peter.Schmidt.privateKey',12,3,4414,1485945231,1485945231,0,0,'04ca27bfc8ee68e7b41ac699671a7054',27,NULL),(578,17,'files_encryption/OC_DEFAULT_MODULE/Hans-Peter.Schmidt.publicKey','ab1198a398e48d238b09fbf2ac7aff11',576,'Hans-Peter.Schmidt.publicKey',12,3,800,1485942099,1485942099,0,0,'58ee170295f6b51525aef939434a1f65',27,NULL),(579,17,'files_encryption/keys/files','9b2997f0595af58997b37b050b6966a7',388,'files',2,1,2780,1490473116,1490473116,0,0,'58d6d09c5883f',31,''),(580,17,'files_encryption/keys/files/ownCloudUserManual.pdf','609836835433cbd956c4c015865f6e2d',579,'ownCloudUserManual.pdf',2,1,556,1490473116,1490473116,0,0,'58d6d09c8b132',31,''),(581,17,'files_encryption/keys/files/Documents','5105b55a0eb666155864ec2a1498e924',579,'Documents',2,1,556,1490473116,1490473116,0,0,'58d6d09c8b70d',31,''),(582,17,'files_encryption/keys/files/Photos','becca09d068560a07175d81be72138bc',579,'Photos',2,1,1668,1490473116,1490473116,0,0,'58d6d09c8bcea',31,''),(583,17,'files_encryption/keys/files/ownCloudUserManual.pdf/OC_DEFAULT_MODULE','32d94bd79aa9f1566499447a85149aad',580,'OC_DEFAULT_MODULE',2,1,556,1490473116,1490473116,0,0,'58d6d09c95568',31,''),(584,17,'files_encryption/keys/files/ownCloudUserManual.pdf/OC_DEFAULT_MODULE/fileKey','9cbdaaf503a6ff5378cd219e10e59986',583,'fileKey',12,3,44,1485942543,1485942543,0,0,'a70f9d1a1a1d94c845181fb94301f511',27,NULL),(585,17,'files_encryption/keys/files/ownCloudUserManual.pdf/OC_DEFAULT_MODULE/Hans-Peter.Schmidt.shareKey','6d1392bbe332bc97d067cfed3db3d6b2',583,'Hans-Peter.Schmidt.shareKey',12,3,512,1485942543,1485942543,0,0,'c15761dae29bee933456af242e5cc598',27,NULL),(586,17,'files_encryption/keys/files/Documents/Example.odt','ab6e44f521f8298727cd126a8beb921a',581,'Example.odt',2,1,556,1490473116,1490473116,0,0,'58d6d09cbe150',31,''),(587,17,'files_encryption/keys/files/Documents/Example.odt/OC_DEFAULT_MODULE','382e6f17b4595f37d001c6e826c5c07c',586,'OC_DEFAULT_MODULE',2,1,556,1490473116,1490473116,0,0,'58d6d09cc8469',31,''),(588,17,'files_encryption/keys/files/Documents/Example.odt/OC_DEFAULT_MODULE/fileKey','ac997cdabadde65b42de09be8d48fac7',587,'fileKey',12,3,44,1485945124,1485945124,0,0,'461eb0eab47ba2b52b0d473b786479a5',27,NULL),(589,17,'files_encryption/keys/files/Documents/Example.odt/OC_DEFAULT_MODULE/Hans-Peter.Schmidt.shareKey','50e6c3d07c4c8afe83d4656015df9900',587,'Hans-Peter.Schmidt.shareKey',12,3,512,1485945124,1485945124,0,0,'f4c01c4d3457ba64b867c1ee784669f8',27,NULL),(590,17,'files_encryption/keys/files/Photos/San Francisco.jpg','18b35c6712cc0e8cbf50cc9bcdf81fe0',582,'San Francisco.jpg',2,1,556,1490473116,1490473116,0,0,'58d6d09d07184',31,''),(591,17,'files_encryption/keys/files/Photos/Squirrel.jpg','5046aa2550802f7a17ec7647b8e0d84f',582,'Squirrel.jpg',2,1,556,1490473116,1490473116,0,0,'58d6d09d076f4',31,''),(592,17,'files_encryption/keys/files/Photos/Paris.jpg','cb99e3ae07d921d240772c5e619109c3',582,'Paris.jpg',2,1,556,1490473116,1490473116,0,0,'58d6d09d07b92',31,''),(593,17,'files_encryption/keys/files/Photos/San Francisco.jpg/OC_DEFAULT_MODULE','84408797027bc5c6d81109024b262500',590,'OC_DEFAULT_MODULE',2,1,556,1490473116,1490473116,0,0,'58d6d09d112fa',31,''),(594,17,'files_encryption/keys/files/Photos/San Francisco.jpg/OC_DEFAULT_MODULE/fileKey','0d7b8422f7765e301dff2a8144618fe3',593,'fileKey',12,3,44,1485942545,1485942545,0,0,'50085835de1d2aeed43bd5411635301e',27,NULL),(595,17,'files_encryption/keys/files/Photos/San Francisco.jpg/OC_DEFAULT_MODULE/Hans-Peter.Schmidt.shareKey','cc571941d36192de327bb2dd86f4a132',593,'Hans-Peter.Schmidt.shareKey',12,3,512,1485942545,1485942545,0,0,'2686c6917b1b103282dbe21b7f7a8cbb',27,NULL),(596,17,'files_encryption/keys/files/Photos/Squirrel.jpg/OC_DEFAULT_MODULE','ddbe3b0d6108c2bd3c20fbb101be7da5',591,'OC_DEFAULT_MODULE',2,1,556,1490473116,1490473116,0,0,'58d6d09d3a117',31,''),(597,17,'files_encryption/keys/files/Photos/Squirrel.jpg/OC_DEFAULT_MODULE/fileKey','6d124e847632ffd58962a7596eecf3d7',596,'fileKey',12,3,44,1485942546,1485942546,0,0,'edf62e00b384b190a1072f523aa6f111',27,NULL),(598,17,'files_encryption/keys/files/Photos/Squirrel.jpg/OC_DEFAULT_MODULE/Hans-Peter.Schmidt.shareKey','3c9254a58a1d21dc4089c1cc38d60665',596,'Hans-Peter.Schmidt.shareKey',12,3,512,1485942546,1485942546,0,0,'41c97cfcbce604999da370718cd585aa',27,NULL),(599,17,'files_encryption/keys/files/Photos/Paris.jpg/OC_DEFAULT_MODULE','2c7380a065b3443b76ed65e22a64978d',592,'OC_DEFAULT_MODULE',2,1,556,1490473116,1490473116,0,0,'58d6d09d64dc8',31,''),(600,17,'files_encryption/keys/files/Photos/Paris.jpg/OC_DEFAULT_MODULE/fileKey','f1c544dbb7eb6c9b472e2e4f741ade72',599,'fileKey',12,3,44,1485942547,1485942547,0,0,'c72c3f1b1642b7bec2a00e613644535a',27,NULL),(601,17,'files_encryption/keys/files/Photos/Paris.jpg/OC_DEFAULT_MODULE/Hans-Peter.Schmidt.shareKey','617b6fab11c0766c14ce6b77d16afe38',599,'Hans-Peter.Schmidt.shareKey',12,3,512,1485942547,1485942547,0,0,'4834dbdfb45fbda9747cf9fa97fc9a7f',27,NULL),(602,4,'files_encryption/OC_DEFAULT_MODULE','75930a339fca24af03c665c2add1433c',32,'OC_DEFAULT_MODULE',2,1,5218,1490473117,1490473117,0,0,'58d6d09e04ea5',31,''),(603,4,'files_encryption/keys','c2d6b95afad8b0ebffae4702fceab715',32,'keys',2,1,0,1435476389,1435476389,0,0,'58d6d09e052c3',31,''),(604,4,'files_encryption/OC_DEFAULT_MODULE/MARTINDAMOS.publicKey','62dd41b8c464435bb2382b8e39d16f80',602,'MARTINDAMOS.publicKey',12,3,800,1421408300,1421408300,0,0,'c21cf98b042480141e9a64d8ff406542',27,NULL),(605,4,'files_encryption/OC_DEFAULT_MODULE/MARTINDAMOS.privateKey','464112b5baf3fe61ec5f4a804153c455',602,'MARTINDAMOS.privateKey',12,3,4418,1421408300,1421408300,0,0,'62842be793d3f2d14f01c2f8e52bb0a1',27,NULL),(606,14,'files_encryption/OC_DEFAULT_MODULE','75930a339fca24af03c665c2add1433c',369,'OC_DEFAULT_MODULE',2,1,5218,1490473118,1490473118,0,0,'58d6d09e42f4a',31,''),(607,14,'files_encryption/OC_DEFAULT_MODULE/daniel.rauwald.privateKey','64cbb14e63a1a189b4a3621b2e51481a',606,'daniel.rauwald.privateKey',12,3,4418,1473766482,1473766482,0,0,'3b48530f820b7c309ff7017655def6b7',27,NULL),(608,14,'files_encryption/OC_DEFAULT_MODULE/daniel.rauwald.publicKey','a7de7de60705f62c8995d8e1f41e828b',606,'daniel.rauwald.publicKey',12,3,800,1473766482,1473766482,0,0,'84bdaa23431cfbb1d529a42f2d0269d2',27,NULL),(609,13,'files_encryption/OC_DEFAULT_MODULE','75930a339fca24af03c665c2add1433c',348,'OC_DEFAULT_MODULE',2,1,5218,1490473118,1490473118,0,0,'58d6d09e7c591',31,''),(610,13,'files_encryption/OC_DEFAULT_MODULE/david.weis.privateKey','f7473fe0804c551a09878b42f996534d',609,'david.weis.privateKey',12,3,4418,1473061674,1473061674,0,0,'2b7d3e28dcb7825b121f6a0363a3a330',27,NULL),(611,13,'files_encryption/OC_DEFAULT_MODULE/david.weis.publicKey','fca8b6c6c9f65dd3f749c113ceac9f94',609,'david.weis.publicKey',12,3,800,1473061674,1473061674,0,0,'edd04c0566b03401a48d0b0763212ce7',27,NULL),(612,13,'files_encryption/keys/files','9b2997f0595af58997b37b050b6966a7',349,'files',2,1,2780,1490473118,1490473118,0,0,'58d6d09e9758c',31,''),(613,13,'files_encryption/keys/files/ownCloudUserManual.pdf','609836835433cbd956c4c015865f6e2d',612,'ownCloudUserManual.pdf',2,1,556,1490473118,1490473118,0,0,'58d6d09ec1c1c',31,''),(614,13,'files_encryption/keys/files/Documents','5105b55a0eb666155864ec2a1498e924',612,'Documents',2,1,556,1490473118,1490473118,0,0,'58d6d09ec2410',31,''),(615,13,'files_encryption/keys/files/Photos','becca09d068560a07175d81be72138bc',612,'Photos',2,1,1668,1490473118,1490473118,0,0,'58d6d09ec2a8d',31,''),(616,13,'files_encryption/keys/files/ownCloudUserManual.pdf/OC_DEFAULT_MODULE','32d94bd79aa9f1566499447a85149aad',613,'OC_DEFAULT_MODULE',2,1,556,1490473118,1490473118,0,0,'58d6d09ecc080',31,''),(617,13,'files_encryption/keys/files/ownCloudUserManual.pdf/OC_DEFAULT_MODULE/fileKey','9cbdaaf503a6ff5378cd219e10e59986',616,'fileKey',12,3,44,1473061903,1473061903,0,0,'bc4ad1d10b4dee8c72303ec4d455db18',27,NULL),(618,13,'files_encryption/keys/files/ownCloudUserManual.pdf/OC_DEFAULT_MODULE/david.weis.shareKey','66ed6e1641ce33e9d58790b5cd16f6e6',616,'david.weis.shareKey',12,3,512,1473061903,1473061903,0,0,'2d47a65f60f6bb517009c5082c6f0231',27,NULL),(619,13,'files_encryption/keys/files/Documents/Example.odt','ab6e44f521f8298727cd126a8beb921a',614,'Example.odt',2,1,556,1490473118,1490473118,0,0,'58d6d09ef0cf1',31,''),(620,13,'files_encryption/keys/files/Documents/Example.odt/OC_DEFAULT_MODULE','382e6f17b4595f37d001c6e826c5c07c',619,'OC_DEFAULT_MODULE',2,1,556,1490473118,1490473118,0,0,'58d6d09f06dca',31,''),(621,13,'files_encryption/keys/files/Documents/Example.odt/OC_DEFAULT_MODULE/fileKey','ac997cdabadde65b42de09be8d48fac7',620,'fileKey',12,3,44,1473061904,1473061904,0,0,'ebf45621de5974cc2a0dc8c180a25452',27,NULL),(622,13,'files_encryption/keys/files/Documents/Example.odt/OC_DEFAULT_MODULE/david.weis.shareKey','684fbf3a461291cce0ca3cc34ddba579',620,'david.weis.shareKey',12,3,512,1473061904,1473061904,0,0,'d59b6bf551ccb52c6b2ab551218aad9d',27,NULL),(623,13,'files_encryption/keys/files/Photos/San Francisco.jpg','18b35c6712cc0e8cbf50cc9bcdf81fe0',615,'San Francisco.jpg',2,1,556,1490473118,1490473118,0,0,'58d6d09f32cd7',31,''),(624,13,'files_encryption/keys/files/Photos/Squirrel.jpg','5046aa2550802f7a17ec7647b8e0d84f',615,'Squirrel.jpg',2,1,556,1490473118,1490473118,0,0,'58d6d09f335bd',31,''),(625,13,'files_encryption/keys/files/Photos/Paris.jpg','cb99e3ae07d921d240772c5e619109c3',615,'Paris.jpg',2,1,556,1490473118,1490473118,0,0,'58d6d09f33ee3',31,''),(626,13,'files_encryption/keys/files/Photos/San Francisco.jpg/OC_DEFAULT_MODULE','84408797027bc5c6d81109024b262500',623,'OC_DEFAULT_MODULE',2,1,556,1490473118,1490473118,0,0,'58d6d09f3cf2c',31,''),(627,13,'files_encryption/keys/files/Photos/San Francisco.jpg/OC_DEFAULT_MODULE/fileKey','0d7b8422f7765e301dff2a8144618fe3',626,'fileKey',12,3,44,1473061905,1473061905,0,0,'ef1234e063ba2e4821214f3ca83b553b',27,NULL),(628,13,'files_encryption/keys/files/Photos/San Francisco.jpg/OC_DEFAULT_MODULE/david.weis.shareKey','1c94900d26ac40c0f82e92b07347e773',626,'david.weis.shareKey',12,3,512,1473061905,1473061905,0,0,'40697bd2fcf42783adb9dc95856e5cb9',27,NULL),(629,13,'files_encryption/keys/files/Photos/Squirrel.jpg/OC_DEFAULT_MODULE','ddbe3b0d6108c2bd3c20fbb101be7da5',624,'OC_DEFAULT_MODULE',2,1,556,1490473118,1490473118,0,0,'58d6d09f6486e',31,''),(630,13,'files_encryption/keys/files/Photos/Squirrel.jpg/OC_DEFAULT_MODULE/fileKey','6d124e847632ffd58962a7596eecf3d7',629,'fileKey',12,3,44,1473061905,1473061905,0,0,'59ba245ebaa3ff703ad8db73bdf3275f',27,NULL),(631,13,'files_encryption/keys/files/Photos/Squirrel.jpg/OC_DEFAULT_MODULE/david.weis.shareKey','18e11a942bc4d0d27aa688951a36ee15',629,'david.weis.shareKey',12,3,512,1473061905,1473061905,0,0,'371d69a44288c1829c20735fab148ba5',27,NULL),(632,13,'files_encryption/keys/files/Photos/Paris.jpg/OC_DEFAULT_MODULE','2c7380a065b3443b76ed65e22a64978d',625,'OC_DEFAULT_MODULE',2,1,556,1490473118,1490473118,0,0,'58d6d09f8d4c0',31,''),(633,13,'files_encryption/keys/files/Photos/Paris.jpg/OC_DEFAULT_MODULE/fileKey','f1c544dbb7eb6c9b472e2e4f741ade72',632,'fileKey',12,3,44,1473061906,1473061906,0,0,'7b80d335bd1dc3a6f1aa3987bf23eb13',27,NULL),(634,13,'files_encryption/keys/files/Photos/Paris.jpg/OC_DEFAULT_MODULE/david.weis.shareKey','069bb8ba7531919f5bed51e37a02b3da',632,'david.weis.shareKey',12,3,512,1473061906,1473061906,0,0,'bdb0b4c5087c56ad87bf9f82b77dd140',27,NULL),(635,9,'files_encryption/OC_DEFAULT_MODULE','75930a339fca24af03c665c2add1433c',219,'OC_DEFAULT_MODULE',2,1,5218,1490473120,1490473120,0,0,'58d6d0a02b6ae',31,''),(636,9,'files_encryption/keys','c2d6b95afad8b0ebffae4702fceab715',219,'keys',2,1,3336,1490473120,1490473120,0,0,'58d6d0a02bc17',31,''),(637,9,'files_encryption/OC_DEFAULT_MODULE/frank.boecker .privateKey','8b2ee856d666423c36661262e61697cf',635,'frank.boecker .privateKey',12,3,4418,1424426679,1424426679,0,0,'b81e8bacf09a1662477467529f76d81e',27,NULL),(638,9,'files_encryption/OC_DEFAULT_MODULE/frank.boecker .publicKey','8771c4139867ee6407409f3b7c30bf4d',635,'frank.boecker .publicKey',12,3,800,1424426679,1424426679,0,0,'ea96cf11c845a30a2b30f5f8dbbdc513',27,NULL),(639,9,'files_encryption/keys/documents','7f77d423a73320e5c369f1034ec49850',636,'documents',2,1,0,1435476389,1435476389,0,0,'58d6d0a04c001',31,''),(640,9,'files_encryption/keys/ownCloudUserManual.pdf','6f0171b19533d6628a0d4cf4cab8c23d',636,'ownCloudUserManual.pdf',2,1,0,1490473120,1490473120,0,0,'58d6d0a04c548',31,''),(641,9,'files_encryption/keys/files','9b2997f0595af58997b37b050b6966a7',636,'files',2,1,3336,1490473120,1490473120,0,0,'58d6d0a04c9f5',31,''),(642,9,'files_encryption/keys/music','8e1dbf9c7b98f7f0d4b649d6a1656f22',636,'music',2,1,0,1435476389,1435476389,0,0,'58d6d0a04ce75',31,''),(643,9,'files_encryption/keys/photos','57e579119067ff05519278a8700b42cc',636,'photos',2,1,0,1435476389,1435476389,0,0,'58d6d0a04d1e5',31,''),(644,9,'files_encryption/keys/documents/example.odt','b4acf56dde7db844dde20146c73f317c',639,'example.odt',2,1,0,1490473120,1490473120,0,0,'58d6d0a05821f',31,''),(645,9,'files_encryption/keys/files/documents','184a24b4e3775ec999c5d6a2700c8686',641,'documents',2,1,556,1490473120,1490473120,0,0,'58d6d0a080e71',31,''),(646,9,'files_encryption/keys/files/ownCloudUserManual.pdf','609836835433cbd956c4c015865f6e2d',641,'ownCloudUserManual.pdf',2,1,556,1490473120,1490473120,0,0,'58d6d0a081444',31,''),(647,9,'files_encryption/keys/files/music','e6c51dcae642da647fa283bc43e2ae08',641,'music',2,1,556,1490473120,1490473120,0,0,'58d6d0a0819a7',31,''),(648,9,'files_encryption/keys/files/photos','a54ea55b203ae58f0f91bbb4ecdd3416',641,'photos',2,1,1668,1490473120,1490473120,0,0,'58d6d0a081db4',31,''),(649,9,'files_encryption/keys/files/documents/example.odt','3dd06a72167169a7dcf31fa289567ff2',645,'example.odt',2,1,556,1490473120,1490473120,0,0,'58d6d0a08b14c',31,''),(650,9,'files_encryption/keys/files/documents/example.odt/OC_DEFAULT_MODULE','67390de49c8553ba53b49cf5938d99af',649,'OC_DEFAULT_MODULE',2,1,556,1490473120,1490473120,0,0,'58d6d0a095603',31,''),(651,9,'files_encryption/keys/files/documents/example.odt/OC_DEFAULT_MODULE/fileKey','d65142fe0c8beb60155a33efe9fde172',650,'fileKey',12,3,44,1424455147,1424455147,0,0,'abdbb71727e220637b690a827e01ab33',27,NULL),(652,9,'files_encryption/keys/files/documents/example.odt/OC_DEFAULT_MODULE/frank.boecker .shareKey','d3e208ef2f1824d0e9d8ec233b36d544',650,'frank.boecker .shareKey',12,3,512,1424455147,1424455147,0,0,'dace15cf47b015591574f3a3052dcdff',27,NULL),(653,9,'files_encryption/keys/files/ownCloudUserManual.pdf/OC_DEFAULT_MODULE','32d94bd79aa9f1566499447a85149aad',646,'OC_DEFAULT_MODULE',2,1,556,1490473120,1490473120,0,0,'58d6d0a0e1853',31,''),(654,9,'files_encryption/keys/files/ownCloudUserManual.pdf/OC_DEFAULT_MODULE/fileKey','9cbdaaf503a6ff5378cd219e10e59986',653,'fileKey',12,3,44,1424455148,1424455148,0,0,'064e23ff9c1253fbb6fff000cb3eb0be',27,NULL),(655,9,'files_encryption/keys/files/ownCloudUserManual.pdf/OC_DEFAULT_MODULE/frank.boecker .shareKey','43a4f034132a5ce0ff2d94ed2d8f983e',653,'frank.boecker .shareKey',12,3,512,1424455149,1424455149,0,0,'7206a5d427abf34a7128fb88c81c7bc9',27,NULL),(656,9,'files_encryption/keys/files/music/projekteva-letitrain.mp3','11a62fc7c0384b5b3c45cc01760b8be9',647,'projekteva-letitrain.mp3',2,1,556,1490473120,1490473120,0,0,'58d6d0a139413',31,''),(657,9,'files_encryption/keys/files/music/projekteva-letitrain.mp3/OC_DEFAULT_MODULE','ec434a22c11c6bb9dff6803c378fbd7b',656,'OC_DEFAULT_MODULE',2,1,556,1490473120,1490473120,0,0,'58d6d0a14a462',31,''),(658,9,'files_encryption/keys/files/music/projekteva-letitrain.mp3/OC_DEFAULT_MODULE/fileKey','51c6b7979254cf998773d4ffd7b05c7c',657,'fileKey',12,3,44,1424455150,1424455150,0,0,'e2b89e7788ded35bda99f0ec3f362cc6',27,NULL),(659,9,'files_encryption/keys/files/music/projekteva-letitrain.mp3/OC_DEFAULT_MODULE/frank.boecker .shareKey','ccdf830a5a84ee617107b8eb1a61aaa2',657,'frank.boecker .shareKey',12,3,512,1424455151,1424455151,0,0,'8e388d3d52dcea42d24ab71a688894cd',27,NULL),(660,9,'files_encryption/keys/files/photos/squirrel.jpg','b03ec0acc1e67b574b82a8330024388e',648,'squirrel.jpg',2,1,556,1490473120,1490473120,0,0,'58d6d0a17b360',31,''),(661,9,'files_encryption/keys/files/photos/paris.jpg','9093db8baa567712fda04159254cc43f',648,'paris.jpg',2,1,556,1490473120,1490473120,0,0,'58d6d0a17b8b2',31,''),(662,9,'files_encryption/keys/files/photos/san francisco.jpg','0d6c7c5f0a8b41816854d0719bbd33cd',648,'san francisco.jpg',2,1,556,1490473120,1490473120,0,0,'58d6d0a17be4c',31,''),(663,9,'files_encryption/keys/files/photos/squirrel.jpg/OC_DEFAULT_MODULE','53e8e79a9947219824a56e7998bad841',660,'OC_DEFAULT_MODULE',2,1,556,1490473120,1490473120,0,0,'58d6d0a1843bd',31,''),(664,9,'files_encryption/keys/files/photos/squirrel.jpg/OC_DEFAULT_MODULE/fileKey','26862c7cca7bbbe26a985c90f631835b',663,'fileKey',12,3,44,1424455152,1424455152,0,0,'77b6b8d4875cf6b47c7f37b3148a70f8',27,NULL),(665,9,'files_encryption/keys/files/photos/squirrel.jpg/OC_DEFAULT_MODULE/frank.boecker .shareKey','71935d2dfd9d24c3ed2cc187908a8448',663,'frank.boecker .shareKey',12,3,512,1424455153,1424455153,0,0,'fb69c0d448b6f9141df8dcd73213c710',27,NULL),(666,9,'files_encryption/keys/files/photos/paris.jpg/OC_DEFAULT_MODULE','0aa1f0f7b0fbf162cd27f477918d8d6a',661,'OC_DEFAULT_MODULE',2,1,556,1490473120,1490473120,0,0,'58d6d0a1a6064',31,''),(667,9,'files_encryption/keys/files/photos/paris.jpg/OC_DEFAULT_MODULE/fileKey','48f3b436bb6f3bcc3a68b283f9daca0e',666,'fileKey',12,3,44,1424455154,1424455154,0,0,'eead3d5ab7747ed361c1c739ec992678',27,NULL),(668,9,'files_encryption/keys/files/photos/paris.jpg/OC_DEFAULT_MODULE/frank.boecker .shareKey','03012a3e6272830f7daa21c9a10f733f',666,'frank.boecker .shareKey',12,3,512,1424455155,1424455155,0,0,'4121e070f1e88c76eb42e51c844c5eed',27,NULL),(669,9,'files_encryption/keys/files/photos/san francisco.jpg/OC_DEFAULT_MODULE','c506fceaf8748d82f4b9d104b1454481',662,'OC_DEFAULT_MODULE',2,1,556,1490473120,1490473120,0,0,'58d6d0a1c8c2d',31,''),(670,9,'files_encryption/keys/files/photos/san francisco.jpg/OC_DEFAULT_MODULE/fileKey','57f16960bd1e8a18a2c8ac0c54c59c4e',669,'fileKey',12,3,44,1424455156,1424455156,0,0,'df58acce8e97cb43670232ddf8b68aff',27,NULL),(671,9,'files_encryption/keys/files/photos/san francisco.jpg/OC_DEFAULT_MODULE/frank.boecker .shareKey','8ea66d58054cbdb5567009579d372ff5',669,'frank.boecker .shareKey',12,3,512,1424455156,1424455156,0,0,'b6a19f58df1ca1cea08ff4f4312c206f',27,NULL),(672,9,'files_encryption/keys/music/projekteva-letitrain.mp3','10266f617c9dd64740e27ad5754445fd',642,'projekteva-letitrain.mp3',2,1,0,1490473120,1490473120,0,0,'58d6d0a20aa74',31,''),(673,9,'files_encryption/keys/photos/squirrel.jpg','1c649c33015e32cc4d262a7cc538afef',643,'squirrel.jpg',2,1,0,1490473120,1490473120,0,0,'58d6d0a2250aa',31,''),(674,9,'files_encryption/keys/photos/paris.jpg','c2c418579ff78c5f1ec0085d562f5ce9',643,'paris.jpg',2,1,0,1490473120,1490473120,0,0,'58d6d0a2257f3',31,''),(675,9,'files_encryption/keys/photos/san francisco.jpg','a007aef8d18d31c2059b5c7c65fde8d8',643,'san francisco.jpg',2,1,0,1490473120,1490473120,0,0,'58d6d0a225e67',31,''),(676,8,'files_encryption/OC_DEFAULT_MODULE','75930a339fca24af03c665c2add1433c',212,'OC_DEFAULT_MODULE',2,1,5222,1490473122,1490473122,0,0,'58d6d0a26c874',31,''),(677,8,'files_encryption/keys','c2d6b95afad8b0ebffae4702fceab715',212,'keys',2,1,0,1435476389,1435476389,0,0,'58d6d0a26cd31',31,''),(678,8,'files_encryption/OC_DEFAULT_MODULE/franz.kainz .privateKey','83515582c605a280811f507b96fb32e5',676,'franz.kainz .privateKey',12,3,4422,1423468735,1423468735,0,0,'156a4d939078fcb4336fa2c7dab71790',27,NULL),(679,8,'files_encryption/OC_DEFAULT_MODULE/franz.kainz .publicKey','9c8a8673c5f062cde7dd8238123e3150',676,'franz.kainz .publicKey',12,3,800,1423468736,1423468736,0,0,'e63197e330c8ac2f9d44cfbacb4735b1',27,NULL),(680,19,'files_encryption/OC_DEFAULT_MODULE','75930a339fca24af03c665c2add1433c',468,'OC_DEFAULT_MODULE',2,1,5218,1490473122,1490473122,0,0,'58d6d0a2b011b',31,''),(681,19,'files_encryption/OC_DEFAULT_MODULE/gregor.mitsch.privateKey','af9df259fae5b1bbc06704b8779d6589',680,'gregor.mitsch.privateKey',12,3,4418,1488307896,1488307896,0,0,'6d78ed58f78246ee9d759333cc077e96',27,NULL),(682,19,'files_encryption/OC_DEFAULT_MODULE/gregor.mitsch.publicKey','74c27ba6cf7e0a0608680522b481c569',680,'gregor.mitsch.publicKey',12,3,800,1488307897,1488307897,0,0,'44225e74fb391620c1367b5d083c3a81',27,NULL),(683,19,'files_encryption/keys/files','9b2997f0595af58997b37b050b6966a7',469,'files',2,1,3856,1529844736,1529844736,0,0,'58d6d0a2d100f',31,''),(684,19,'files_encryption/keys/files_trashbin/files/New Document.odt.d1529844736','0ca8692dba3dc143fd0114371b0a0961',1327,'New Document.odt.d1529844736',2,1,556,1490473122,1490473122,0,0,'58d6d0a31bfc1',31,''),(685,19,'files_encryption/keys/files_trashbin/files/ownCloudUserManual.pdf.d1529844732','c03c213cae47e872597c7bc72dc76590',1327,'ownCloudUserManual.pdf.d1529844732',2,1,556,1490473122,1490473122,0,0,'58d6d0a31cd2a',31,''),(686,19,'files_encryption/keys/files/Documents','5105b55a0eb666155864ec2a1498e924',683,'Documents',2,1,556,1490473122,1490473122,0,0,'58d6d0a31d8ce',31,''),(687,19,'files_encryption/keys/files/Photos','becca09d068560a07175d81be72138bc',683,'Photos',2,1,1668,1490473122,1490473122,0,0,'58d6d0a31df45',31,''),(688,19,'files_encryption/keys/files_trashbin/files/New Document.odt.d1529844736/OC_DEFAULT_MODULE','744557b305fb0067075b20a0c8d267ed',684,'OC_DEFAULT_MODULE',2,1,556,1490473122,1490473122,0,0,'58d6d0a3290f9',31,''),(689,19,'files_encryption/keys/files_trashbin/files/New Document.odt.d1529844736/OC_DEFAULT_MODULE/gregor.mitsch.shareKey','11d1695269c5c43ad37fbbd6326bd0b1',688,'gregor.mitsch.shareKey',12,3,512,1488403759,1488403759,0,0,'b17d21baf0b616f26e5cc002211981d2',27,NULL),(690,19,'files_encryption/keys/files_trashbin/files/New Document.odt.d1529844736/OC_DEFAULT_MODULE/fileKey','e7feaaad6d88d4bab62ecbb10a14755f',688,'fileKey',12,3,44,1488403759,1488403759,0,0,'a4387dfd707d0aa0d3c3835a90a2687b',27,NULL),(691,19,'files_encryption/keys/files_trashbin/files/ownCloudUserManual.pdf.d1529844732/OC_DEFAULT_MODULE','8e6b16ee9b359a5c23a6d8f78d56eac8',685,'OC_DEFAULT_MODULE',2,1,556,1490473122,1490473122,0,0,'58d6d0a35412d',31,''),(692,19,'files_encryption/keys/files_trashbin/files/ownCloudUserManual.pdf.d1529844732/OC_DEFAULT_MODULE/gregor.mitsch.shareKey','24a525dd343fe5e7217be6b7795ca954',691,'gregor.mitsch.shareKey',12,3,512,1488403171,1488403171,0,0,'7df0c7659cf036c2267ed3e7fcfc4cd4',27,NULL),(693,19,'files_encryption/keys/files_trashbin/files/ownCloudUserManual.pdf.d1529844732/OC_DEFAULT_MODULE/fileKey','b551d6f5be49116f2861271b17f97c7e',691,'fileKey',12,3,44,1488403171,1488403171,0,0,'c59e2dca4ed24f4682cf3e46f159762f',27,NULL),(694,19,'files_encryption/keys/files/Documents/Example.odt','ab6e44f521f8298727cd126a8beb921a',686,'Example.odt',2,1,556,1490473122,1490473122,0,0,'58d6d0a380c80',31,''),(695,19,'files_encryption/keys/files/Documents/Example.odt/OC_DEFAULT_MODULE','382e6f17b4595f37d001c6e826c5c07c',694,'OC_DEFAULT_MODULE',2,1,556,1490473122,1490473122,0,0,'58d6d0a38b2b2',31,''),(696,19,'files_encryption/keys/files/Documents/Example.odt/OC_DEFAULT_MODULE/gregor.mitsch.shareKey','fae1568454f0b21fea5cd04d641f533a',695,'gregor.mitsch.shareKey',12,3,512,1488403345,1488403345,0,0,'d4452c4a17fb8db9805ce0487c4c1ca7',27,NULL),(697,19,'files_encryption/keys/files/Documents/Example.odt/OC_DEFAULT_MODULE/fileKey','ac997cdabadde65b42de09be8d48fac7',695,'fileKey',12,3,44,1488403345,1488403345,0,0,'67b69ac9b42258c5f3d4d7967974e548',27,NULL),(698,19,'files_encryption/keys/files/Photos/San Francisco.jpg','18b35c6712cc0e8cbf50cc9bcdf81fe0',687,'San Francisco.jpg',2,1,556,1490473122,1490473122,0,0,'58d6d0a3c0015',31,''),(699,19,'files_encryption/keys/files/Photos/Squirrel.jpg','5046aa2550802f7a17ec7647b8e0d84f',687,'Squirrel.jpg',2,1,556,1490473122,1490473122,0,0,'58d6d0a3c0869',31,''),(700,19,'files_encryption/keys/files/Photos/Paris.jpg','cb99e3ae07d921d240772c5e619109c3',687,'Paris.jpg',2,1,556,1490473122,1490473122,0,0,'58d6d0a3c0fa9',31,''),(701,19,'files_encryption/keys/files/Photos/San Francisco.jpg/OC_DEFAULT_MODULE','84408797027bc5c6d81109024b262500',698,'OC_DEFAULT_MODULE',2,1,556,1490473122,1490473122,0,0,'58d6d0a3cc35f',31,''),(702,19,'files_encryption/keys/files/Photos/San Francisco.jpg/OC_DEFAULT_MODULE/gregor.mitsch.shareKey','18b673969d761410fc60fc5658fa1eed',701,'gregor.mitsch.shareKey',12,3,512,1488403173,1488403173,0,0,'6dfa16dd9025081a3189014901184ccb',27,NULL),(703,19,'files_encryption/keys/files/Photos/San Francisco.jpg/OC_DEFAULT_MODULE/fileKey','0d7b8422f7765e301dff2a8144618fe3',701,'fileKey',12,3,44,1488403173,1488403173,0,0,'60453ed2d0093c47a602481b3044e034',27,NULL),(704,19,'files_encryption/keys/files/Photos/Squirrel.jpg/OC_DEFAULT_MODULE','ddbe3b0d6108c2bd3c20fbb101be7da5',699,'OC_DEFAULT_MODULE',2,1,556,1490473122,1490473122,0,0,'58d6d0a400dc5',31,''),(705,19,'files_encryption/keys/files/Photos/Squirrel.jpg/OC_DEFAULT_MODULE/gregor.mitsch.shareKey','ff241d15abd1f42b5375c88ef5637e17',704,'gregor.mitsch.shareKey',12,3,512,1488403174,1488403174,0,0,'9264bfc2145a2d7e27ba4fbd6c0906b1',27,NULL),(706,19,'files_encryption/keys/files/Photos/Squirrel.jpg/OC_DEFAULT_MODULE/fileKey','6d124e847632ffd58962a7596eecf3d7',704,'fileKey',12,3,44,1488403174,1488403174,0,0,'6277d3e38413ddba014ffe9a4150b479',27,NULL),(707,19,'files_encryption/keys/files/Photos/Paris.jpg/OC_DEFAULT_MODULE','2c7380a065b3443b76ed65e22a64978d',700,'OC_DEFAULT_MODULE',2,1,556,1490473122,1490473122,0,0,'58d6d0a429934',31,''),(708,19,'files_encryption/keys/files/Photos/Paris.jpg/OC_DEFAULT_MODULE/gregor.mitsch.shareKey','5283bca4cb931c11cc5c6ce30ebbc749',707,'gregor.mitsch.shareKey',12,3,512,1488403175,1488403175,0,0,'0114c9f38f2cb4088b11b4c7739f49fe',27,NULL),(709,19,'files_encryption/keys/files/Photos/Paris.jpg/OC_DEFAULT_MODULE/fileKey','f1c544dbb7eb6c9b472e2e4f741ade72',707,'fileKey',12,3,44,1488403175,1488403175,0,0,'497d31b25e312efe259329d369d0347b',27,NULL),(710,15,'files_encryption/OC_DEFAULT_MODULE','75930a339fca24af03c665c2add1433c',375,'OC_DEFAULT_MODULE',2,1,5214,1490473124,1490473124,0,0,'58d6d0a4a2fe8',31,''),(711,15,'files_encryption/OC_DEFAULT_MODULE/jannik.fibach.publicKey','4c2e2f57994c6a00d54ba45f2c21c5ea',710,'jannik.fibach.publicKey',12,3,800,1475749823,1475749823,0,0,'7aac4757cbbbeac177ddcc99236472c2',27,NULL),(712,15,'files_encryption/OC_DEFAULT_MODULE/jannik.fibach.privateKey','5a613ba575c4eae52943e2adc9eb2141',710,'jannik.fibach.privateKey',12,3,4414,1475749823,1475749823,0,0,'81ac22b6baed6afadff70fd08a3c3599',27,NULL),(713,6,'files_encryption/OC_DEFAULT_MODULE','75930a339fca24af03c665c2add1433c',78,'OC_DEFAULT_MODULE',2,1,5214,1490473124,1490473124,0,0,'58d6d0a4dc566',31,''),(714,6,'files_encryption/keys','c2d6b95afad8b0ebffae4702fceab715',78,'keys',2,1,1068,1490473124,1490473124,0,0,'58d6d0a4dcd2b',31,''),(715,6,'files_encryption/OC_DEFAULT_MODULE/jonas.truemper.privateKey','6e96e016c0bc0611f67f554d2bd483bb',713,'jonas.truemper.privateKey',12,3,4414,1422371246,1422371246,0,0,'227db1457e14d62415d0e96256072bae',27,NULL),(716,6,'files_encryption/OC_DEFAULT_MODULE/jonas.truemper.publicKey','f1c8484908f320d6ebd9132be4a307a3',713,'jonas.truemper.publicKey',12,3,800,1422371246,1422371246,0,0,'693f21557cba85a5c0e62560c2a59781',27,NULL),(717,6,'files_encryption/keys/files','9b2997f0595af58997b37b050b6966a7',714,'files',2,1,1068,1490473124,1490473124,0,0,'58d6d0a504b09',31,''),(718,6,'files_encryption/keys/test','0b8a0f46f69273d1831f535c4c9c8e3b',714,'test',2,1,0,1435476389,1435476389,0,0,'58d6d0a5051df',31,''),(719,6,'files_encryption/keys/files/test','c7dff79cde0622eb7a2e7a16735adbbd',717,'test',2,1,1068,1490473124,1490473124,0,0,'58d6d0a50ddb2',31,''),(720,6,'files_encryption/keys/files/test/test.txt','3e7a052e1c5a88d83fd8117a465b506f',719,'test.txt',2,1,1068,1490473124,1490473124,0,0,'58d6d0a517068',31,''),(721,6,'files_encryption/keys/files/test/test.txt/OC_DEFAULT_MODULE','47ab440a078623924f7ed84dd088fffd',720,'OC_DEFAULT_MODULE',2,1,1068,1490473124,1490473124,0,0,'58d6d0a5202bd',31,''),(722,6,'files_encryption/keys/files/test/test.txt/OC_DEFAULT_MODULE/fileKey','fd36631f5c81a7df80d949369ea1d003',721,'fileKey',12,3,44,1422453131,1422453131,0,0,'1431f9be48e22ecb898172129a7f1f7b',27,NULL),(723,6,'files_encryption/keys/files/test/test.txt/OC_DEFAULT_MODULE/jonas.truemper.shareKey','4f80e7534897aa814abfe4209a56bb7a',721,'jonas.truemper.shareKey',12,3,512,1422453132,1422453132,0,0,'9c9e2e4eebd0ffdc89eec338c122f8bb',27,NULL),(724,6,'files_encryption/keys/files/test/test.txt/OC_DEFAULT_MODULE/pubShare_e5d27a3a.shareKey','2ecc19a1700e379ff58df7ba366a3c94',721,'pubShare_e5d27a3a.shareKey',12,3,512,1422453132,1422453132,0,0,'c4d522a7bc1f737312cdb6f2d922d27c',27,NULL),(725,6,'files_encryption/keys/test/test.txt','5536ed5b38932c4d5eb7d2d6841b12bf',718,'test.txt',2,1,0,1490473124,1490473124,0,0,'58d6d0a55e5de',31,''),(726,18,'files_encryption/OC_DEFAULT_MODULE','75930a339fca24af03c665c2add1433c',447,'OC_DEFAULT_MODULE',2,1,5218,1490473125,1490473125,0,0,'58d6d0a59fe1c',31,''),(727,18,'files_encryption/OC_DEFAULT_MODULE/peter.duebbert.publicKey','5c9b979ef2a39fb3a43052a0c725c115',726,'peter.duebbert.publicKey',12,3,800,1487180503,1487180503,0,0,'fa85a94514af1f44a822cad8948ea317',27,NULL),(728,18,'files_encryption/OC_DEFAULT_MODULE/peter.duebbert.privateKey','94058454b31ceaddea75d9d9fab09423',726,'peter.duebbert.privateKey',12,3,4418,1487180503,1487180503,0,0,'b05eda97f9e25f791cfb7b3827e05a97',27,NULL),(729,18,'files_encryption/keys/files','9b2997f0595af58997b37b050b6966a7',448,'files',2,1,2780,1490473125,1490473125,0,0,'58d6d0a5bece7',31,''),(730,18,'files_encryption/keys/files/ownCloudUserManual.pdf','609836835433cbd956c4c015865f6e2d',729,'ownCloudUserManual.pdf',2,1,556,1490473125,1490473125,0,0,'58d6d0a5f1a0a',31,''),(731,18,'files_encryption/keys/files/Documents','5105b55a0eb666155864ec2a1498e924',729,'Documents',2,1,556,1490473125,1490473125,0,0,'58d6d0a5f2746',31,''),(732,18,'files_encryption/keys/files/Photos','becca09d068560a07175d81be72138bc',729,'Photos',2,1,1668,1490473125,1490473125,0,0,'58d6d0a5f30be',31,''),(733,18,'files_encryption/keys/files/ownCloudUserManual.pdf/OC_DEFAULT_MODULE','32d94bd79aa9f1566499447a85149aad',730,'OC_DEFAULT_MODULE',2,1,556,1490473125,1490473125,0,0,'58d6d0a6086ec',31,''),(734,18,'files_encryption/keys/files/ownCloudUserManual.pdf/OC_DEFAULT_MODULE/fileKey','9cbdaaf503a6ff5378cd219e10e59986',733,'fileKey',12,3,44,1487181935,1487181935,0,0,'a8c4ff30fecb30d53ee9afc47a5ac608',27,NULL),(735,18,'files_encryption/keys/files/ownCloudUserManual.pdf/OC_DEFAULT_MODULE/peter.duebbert.shareKey','6ccf68c33757edaaae7f5e80cd6a0f0a',733,'peter.duebbert.shareKey',12,3,512,1487181935,1487181935,0,0,'97f03e831c4bc0d3eecabd549d465ae2',27,NULL),(736,18,'files_encryption/keys/files/Documents/Example.odt','ab6e44f521f8298727cd126a8beb921a',731,'Example.odt',2,1,556,1490473125,1490473125,0,0,'58d6d0a63148a',31,''),(737,18,'files_encryption/keys/files/Documents/Example.odt/OC_DEFAULT_MODULE','382e6f17b4595f37d001c6e826c5c07c',736,'OC_DEFAULT_MODULE',2,1,556,1490473125,1490473125,0,0,'58d6d0a63b6f7',31,''),(738,18,'files_encryption/keys/files/Documents/Example.odt/OC_DEFAULT_MODULE/fileKey','ac997cdabadde65b42de09be8d48fac7',737,'fileKey',12,3,44,1487181936,1487181936,0,0,'4280f6ba41e6188e3abf41a77110c449',27,NULL),(739,18,'files_encryption/keys/files/Documents/Example.odt/OC_DEFAULT_MODULE/peter.duebbert.shareKey','2e989f1540c4c3dcb3d40408b2205eb2',737,'peter.duebbert.shareKey',12,3,512,1487181936,1487181936,0,0,'b78051b25911e01caa7d9017e0d6be2e',27,NULL),(740,18,'files_encryption/keys/files/Photos/San Francisco.jpg','18b35c6712cc0e8cbf50cc9bcdf81fe0',732,'San Francisco.jpg',2,1,556,1490473125,1490473125,0,0,'58d6d0a670860',31,''),(741,18,'files_encryption/keys/files/Photos/Squirrel.jpg','5046aa2550802f7a17ec7647b8e0d84f',732,'Squirrel.jpg',2,1,556,1490473125,1490473125,0,0,'58d6d0a6711c3',31,''),(742,18,'files_encryption/keys/files/Photos/Paris.jpg','cb99e3ae07d921d240772c5e619109c3',732,'Paris.jpg',2,1,556,1490473125,1490473125,0,0,'58d6d0a671923',31,''),(743,18,'files_encryption/keys/files/Photos/San Francisco.jpg/OC_DEFAULT_MODULE','84408797027bc5c6d81109024b262500',740,'OC_DEFAULT_MODULE',2,1,556,1490473125,1490473125,0,0,'58d6d0a67cbb4',31,''),(744,18,'files_encryption/keys/files/Photos/San Francisco.jpg/OC_DEFAULT_MODULE/fileKey','0d7b8422f7765e301dff2a8144618fe3',743,'fileKey',12,3,44,1487181937,1487181937,0,0,'57a3394226aee21aadd1dba9653289c4',27,NULL),(745,18,'files_encryption/keys/files/Photos/San Francisco.jpg/OC_DEFAULT_MODULE/peter.duebbert.shareKey','bab7dc663795b487cad1dba3a24998f7',743,'peter.duebbert.shareKey',12,3,512,1487181937,1487181937,0,0,'8de20b5f6640fea19b8b9b635392cc0d',27,NULL),(746,18,'files_encryption/keys/files/Photos/Squirrel.jpg/OC_DEFAULT_MODULE','ddbe3b0d6108c2bd3c20fbb101be7da5',741,'OC_DEFAULT_MODULE',2,1,556,1490473125,1490473125,0,0,'58d6d0a6a774b',31,''),(747,18,'files_encryption/keys/files/Photos/Squirrel.jpg/OC_DEFAULT_MODULE/fileKey','6d124e847632ffd58962a7596eecf3d7',746,'fileKey',12,3,44,1487181938,1487181938,0,0,'458b1efe19c4b1488781b16b9f972427',27,NULL),(748,18,'files_encryption/keys/files/Photos/Squirrel.jpg/OC_DEFAULT_MODULE/peter.duebbert.shareKey','5a81ac856c6606a1bf7ba0015d7066a1',746,'peter.duebbert.shareKey',12,3,512,1487181938,1487181938,0,0,'5d90263d30b75db6fd3c236f05d71222',27,NULL),(749,18,'files_encryption/keys/files/Photos/Paris.jpg/OC_DEFAULT_MODULE','2c7380a065b3443b76ed65e22a64978d',742,'OC_DEFAULT_MODULE',2,1,556,1490473125,1490473125,0,0,'58d6d0a6d02c2',31,''),(750,18,'files_encryption/keys/files/Photos/Paris.jpg/OC_DEFAULT_MODULE/fileKey','f1c544dbb7eb6c9b472e2e4f741ade72',749,'fileKey',12,3,44,1487181939,1487181939,0,0,'e50625a3cf42130572a621d0cc697a89',27,NULL),(751,18,'files_encryption/keys/files/Photos/Paris.jpg/OC_DEFAULT_MODULE/peter.duebbert.shareKey','4b3d9ae844777c51ea0237ab3bb18116',749,'peter.duebbert.shareKey',12,3,512,1487181939,1487181939,0,0,'2f818ce0e0885549bbc3f2d9b2c0f85a',27,NULL),(752,11,'files_encryption/OC_DEFAULT_MODULE','75930a339fca24af03c665c2add1433c',317,'OC_DEFAULT_MODULE',2,1,5218,1490473127,1490473127,0,0,'58d6d0a761be6',31,''),(753,11,'files_encryption/OC_DEFAULT_MODULE/robert.buta .publicKey','423235da2b507be978f479bb3e7b4d4b',752,'robert.buta .publicKey',12,3,800,1439191246,1439191246,0,0,'f88b267cae79d457739a9f4ddc16e217',27,NULL),(754,11,'files_encryption/OC_DEFAULT_MODULE/robert.buta .privateKey','3184251203f32a54b583dbc04835f001',752,'robert.buta .privateKey',12,3,4418,1439191246,1439191246,0,0,'b71497fb1a9fbfd350443f7e3c6d4f4e',27,NULL),(755,12,'files_encryption/OC_DEFAULT_MODULE','75930a339fca24af03c665c2add1433c',323,'OC_DEFAULT_MODULE',2,1,5218,1490473127,1490473127,0,0,'58d6d0a799e6b',31,''),(756,12,'files_encryption/OC_DEFAULT_MODULE/saimohan.privateKey','046327001746d6a5e25dbfb2b8ebc4ad',755,'saimohan.privateKey',12,3,4418,1444566814,1444566814,0,0,'7eff39dcdc9a6bf8bf3fd71c64892760',27,NULL),(757,12,'files_encryption/OC_DEFAULT_MODULE/saimohan.publicKey','fc82565b4d2cf0e8764c41636c357e7c',755,'saimohan.publicKey',12,3,800,1444546409,1444546409,0,0,'c03e98ae85fec764138566619322a388',27,NULL),(758,12,'files_encryption/keys/files','9b2997f0595af58997b37b050b6966a7',324,'files',2,1,2780,1490473127,1490473127,0,0,'58d6d0a7b53c8',31,''),(759,12,'files_encryption/keys/files/ownCloudUserManual.pdf','609836835433cbd956c4c015865f6e2d',758,'ownCloudUserManual.pdf',2,1,556,1490473127,1490473127,0,0,'58d6d0a7e6b7f',31,''),(760,12,'files_encryption/keys/files/Documents','5105b55a0eb666155864ec2a1498e924',758,'Documents',2,1,556,1490473127,1490473127,0,0,'58d6d0a7e7550',31,''),(761,12,'files_encryption/keys/files/Photos','becca09d068560a07175d81be72138bc',758,'Photos',2,1,1668,1490473127,1490473127,0,0,'58d6d0a7e7ea4',31,''),(762,12,'files_encryption/keys/files/ownCloudUserManual.pdf/OC_DEFAULT_MODULE','32d94bd79aa9f1566499447a85149aad',759,'OC_DEFAULT_MODULE',2,1,556,1490473127,1490473127,0,0,'58d6d0a7f2d99',31,''),(763,12,'files_encryption/keys/files/ownCloudUserManual.pdf/OC_DEFAULT_MODULE/saimohan.shareKey','ee6cc83d4214fd908cc5ad7b47147b8c',762,'saimohan.shareKey',12,3,512,1444549667,1444549667,0,0,'08afb82ad6b2cb144568ea3325b91b7b',27,NULL),(764,12,'files_encryption/keys/files/ownCloudUserManual.pdf/OC_DEFAULT_MODULE/fileKey','9cbdaaf503a6ff5378cd219e10e59986',762,'fileKey',12,3,44,1444549667,1444549667,0,0,'2f624f0d4f806cbbab4fe2eaf3d7821b',27,NULL),(765,12,'files_encryption/keys/files/Documents/Example.odt','ab6e44f521f8298727cd126a8beb921a',760,'Example.odt',2,1,556,1490473127,1490473127,0,0,'58d6d0a827940',31,''),(766,12,'files_encryption/keys/files/Documents/Example.odt/OC_DEFAULT_MODULE','382e6f17b4595f37d001c6e826c5c07c',765,'OC_DEFAULT_MODULE',2,1,556,1490473127,1490473127,0,0,'58d6d0a833cc6',31,''),(767,12,'files_encryption/keys/files/Documents/Example.odt/OC_DEFAULT_MODULE/saimohan.shareKey','86232a900bed8c9119ca6a29b77de610',766,'saimohan.shareKey',12,3,512,1444549668,1444549668,0,0,'73afdc0a4354f1a04ca2463ee3145b9c',27,NULL),(768,12,'files_encryption/keys/files/Documents/Example.odt/OC_DEFAULT_MODULE/fileKey','ac997cdabadde65b42de09be8d48fac7',766,'fileKey',12,3,44,1444549668,1444549668,0,0,'7177edc97b9b1c6490d936a5bb851217',27,NULL),(769,12,'files_encryption/keys/files/Photos/San Francisco.jpg','18b35c6712cc0e8cbf50cc9bcdf81fe0',761,'San Francisco.jpg',2,1,556,1490473127,1490473127,0,0,'58d6d0a866c3f',31,''),(770,12,'files_encryption/keys/files/Photos/Squirrel.jpg','5046aa2550802f7a17ec7647b8e0d84f',761,'Squirrel.jpg',2,1,556,1490473127,1490473127,0,0,'58d6d0a867521',31,''),(771,12,'files_encryption/keys/files/Photos/Paris.jpg','cb99e3ae07d921d240772c5e619109c3',761,'Paris.jpg',2,1,556,1490473127,1490473127,0,0,'58d6d0a867d8e',31,''),(772,12,'files_encryption/keys/files/Photos/San Francisco.jpg/OC_DEFAULT_MODULE','84408797027bc5c6d81109024b262500',769,'OC_DEFAULT_MODULE',2,1,556,1490473127,1490473127,0,0,'58d6d0a872e46',31,''),(773,12,'files_encryption/keys/files/Photos/San Francisco.jpg/OC_DEFAULT_MODULE/saimohan.shareKey','38dc29c2a90e8953f59da3b4acaf8624',772,'saimohan.shareKey',12,3,512,1444549669,1444549669,0,0,'5d6234dd2b3058d6b1f88d3f34c03ae5',27,NULL),(774,12,'files_encryption/keys/files/Photos/San Francisco.jpg/OC_DEFAULT_MODULE/fileKey','0d7b8422f7765e301dff2a8144618fe3',772,'fileKey',12,3,44,1444549669,1444549669,0,0,'96e7aa19608f762aa113e16a75a7dec4',27,NULL),(775,12,'files_encryption/keys/files/Photos/Squirrel.jpg/OC_DEFAULT_MODULE','ddbe3b0d6108c2bd3c20fbb101be7da5',770,'OC_DEFAULT_MODULE',2,1,556,1490473127,1490473127,0,0,'58d6d0a89dd12',31,''),(776,12,'files_encryption/keys/files/Photos/Squirrel.jpg/OC_DEFAULT_MODULE/saimohan.shareKey','0f4cb954ad7534c6953006af0b135e37',775,'saimohan.shareKey',12,3,512,1444549670,1444549670,0,0,'72f27698ce364aa11e518710e2af6151',27,NULL),(777,12,'files_encryption/keys/files/Photos/Squirrel.jpg/OC_DEFAULT_MODULE/fileKey','6d124e847632ffd58962a7596eecf3d7',775,'fileKey',12,3,44,1444549670,1444549670,0,0,'7eea19e8891099bf52daa438f15eb2b8',27,NULL),(778,12,'files_encryption/keys/files/Photos/Paris.jpg/OC_DEFAULT_MODULE','2c7380a065b3443b76ed65e22a64978d',771,'OC_DEFAULT_MODULE',2,1,556,1490473127,1490473127,0,0,'58d6d0a8c6781',31,''),(779,12,'files_encryption/keys/files/Photos/Paris.jpg/OC_DEFAULT_MODULE/saimohan.shareKey','a43b41368f11863d9cd1802c6ca6ca0f',778,'saimohan.shareKey',12,3,512,1444549671,1444549671,0,0,'17a035c95df4f45adf05d88394d5d7fd',27,NULL),(780,12,'files_encryption/keys/files/Photos/Paris.jpg/OC_DEFAULT_MODULE/fileKey','f1c544dbb7eb6c9b472e2e4f741ade72',778,'fileKey',12,3,44,1444549671,1444549671,0,0,'b1356ac1671cb2ed70a0929cd48e9fda',27,NULL),(781,10,'files_encryption/OC_DEFAULT_MODULE','75930a339fca24af03c665c2add1433c',296,'OC_DEFAULT_MODULE',2,1,5218,1490473129,1490473129,0,0,'58d6d0a96265e',31,''),(782,10,'files_encryption/OC_DEFAULT_MODULE/thomas.barkow .publicKey','ced7e9c9f5b2a1af3463629fd5c1595d',781,'thomas.barkow .publicKey',12,3,800,1438156799,1438156799,0,0,'33cb789632e87151c195525f56aef73f',27,NULL),(783,10,'files_encryption/OC_DEFAULT_MODULE/thomas.barkow .privateKey','f8ec6463079de2d682530b8bcf6e1a2c',781,'thomas.barkow .privateKey',12,3,4418,1438156799,1438156799,0,0,'37025daec6daa7926f39c18704f9d5a8',27,NULL),(784,10,'files_encryption/keys/files','9b2997f0595af58997b37b050b6966a7',297,'files',2,1,2780,1490473129,1490473129,0,0,'58d6d0a983c83',31,''),(785,10,'files_encryption/keys/files/ownCloudUserManual.pdf','609836835433cbd956c4c015865f6e2d',784,'ownCloudUserManual.pdf',2,1,556,1490473129,1490473129,0,0,'58d6d0a9b8035',31,''),(786,10,'files_encryption/keys/files/Documents','5105b55a0eb666155864ec2a1498e924',784,'Documents',2,1,556,1490473129,1490473129,0,0,'58d6d0a9b8dab',31,''),(787,10,'files_encryption/keys/files/Photos','becca09d068560a07175d81be72138bc',784,'Photos',2,1,1668,1490473129,1490473129,0,0,'58d6d0a9b93be',31,''),(788,10,'files_encryption/keys/files/ownCloudUserManual.pdf/OC_DEFAULT_MODULE','32d94bd79aa9f1566499447a85149aad',785,'OC_DEFAULT_MODULE',2,1,556,1490473129,1490473129,0,0,'58d6d0a9c4358',31,''),(789,10,'files_encryption/keys/files/ownCloudUserManual.pdf/OC_DEFAULT_MODULE/fileKey','9cbdaaf503a6ff5378cd219e10e59986',788,'fileKey',12,3,44,1438177439,1438177439,0,0,'fdfe578cdd0f7f1e4cb9dfb51f345cb6',27,NULL),(790,10,'files_encryption/keys/files/ownCloudUserManual.pdf/OC_DEFAULT_MODULE/thomas.barkow .shareKey','4707ad611043fe407f5d57b82dfae8c2',788,'thomas.barkow .shareKey',12,3,512,1438177439,1438177439,0,0,'a1364dbd7c512c73eff97deb83211947',27,NULL),(791,10,'files_encryption/keys/files/Documents/Example.odt','ab6e44f521f8298727cd126a8beb921a',786,'Example.odt',2,1,556,1490473129,1490473129,0,0,'58d6d0a9e8bdf',31,''),(792,10,'files_encryption/keys/files/Documents/Example.odt/OC_DEFAULT_MODULE','382e6f17b4595f37d001c6e826c5c07c',791,'OC_DEFAULT_MODULE',2,1,556,1490473129,1490473129,0,0,'58d6d0aa0244c',31,''),(793,10,'files_encryption/keys/files/Documents/Example.odt/OC_DEFAULT_MODULE/fileKey','ac997cdabadde65b42de09be8d48fac7',792,'fileKey',12,3,44,1438177440,1438177440,0,0,'0752dfd0e379daef56649bda617d62e0',27,NULL),(794,10,'files_encryption/keys/files/Documents/Example.odt/OC_DEFAULT_MODULE/thomas.barkow .shareKey','6f7e79d2f36d2f40d5e86ae2b3c2ba69',792,'thomas.barkow .shareKey',12,3,512,1438177440,1438177440,0,0,'d44eab4cf4b5cfeca86385cf06260102',27,NULL),(795,10,'files_encryption/keys/files/Photos/San Francisco.jpg','18b35c6712cc0e8cbf50cc9bcdf81fe0',787,'San Francisco.jpg',2,1,556,1490473129,1490473129,0,0,'58d6d0aa2dd7c',31,''),(796,10,'files_encryption/keys/files/Photos/Squirrel.jpg','5046aa2550802f7a17ec7647b8e0d84f',787,'Squirrel.jpg',2,1,556,1490473129,1490473129,0,0,'58d6d0aa2e95f',31,''),(797,10,'files_encryption/keys/files/Photos/Paris.jpg','cb99e3ae07d921d240772c5e619109c3',787,'Paris.jpg',2,1,556,1490473129,1490473129,0,0,'58d6d0aa2f53f',31,''),(798,10,'files_encryption/keys/files/Photos/San Francisco.jpg/OC_DEFAULT_MODULE','84408797027bc5c6d81109024b262500',795,'OC_DEFAULT_MODULE',2,1,556,1490473129,1490473129,0,0,'58d6d0aa37f78',31,''),(799,10,'files_encryption/keys/files/Photos/San Francisco.jpg/OC_DEFAULT_MODULE/fileKey','0d7b8422f7765e301dff2a8144618fe3',798,'fileKey',12,3,44,1438177442,1438177442,0,0,'bb5fee5537ef7023ac5e3ea460986eba',27,NULL),(800,10,'files_encryption/keys/files/Photos/San Francisco.jpg/OC_DEFAULT_MODULE/thomas.barkow .shareKey','52cb8aa98797f8954a7c00e46e1c971f',798,'thomas.barkow .shareKey',12,3,512,1438177442,1438177442,0,0,'279b09eb0da14771ecca68f433f412ef',27,NULL),(801,10,'files_encryption/keys/files/Photos/Squirrel.jpg/OC_DEFAULT_MODULE','ddbe3b0d6108c2bd3c20fbb101be7da5',796,'OC_DEFAULT_MODULE',2,1,556,1490473129,1490473129,0,0,'58d6d0aa5e95e',31,''),(802,10,'files_encryption/keys/files/Photos/Squirrel.jpg/OC_DEFAULT_MODULE/fileKey','6d124e847632ffd58962a7596eecf3d7',801,'fileKey',12,3,44,1438177442,1438177442,0,0,'0d906fe8449937597b99f68bd4bcb584',27,NULL),(803,10,'files_encryption/keys/files/Photos/Squirrel.jpg/OC_DEFAULT_MODULE/thomas.barkow .shareKey','de31792186bd4eb935c993c7faceb4ad',801,'thomas.barkow .shareKey',12,3,512,1438177442,1438177442,0,0,'7a055f8b92378831e52dda9599a94a6b',27,NULL),(804,10,'files_encryption/keys/files/Photos/Paris.jpg/OC_DEFAULT_MODULE','2c7380a065b3443b76ed65e22a64978d',797,'OC_DEFAULT_MODULE',2,1,556,1490473129,1490473129,0,0,'58d6d0aa81443',31,''),(805,10,'files_encryption/keys/files/Photos/Paris.jpg/OC_DEFAULT_MODULE/fileKey','f1c544dbb7eb6c9b472e2e4f741ade72',804,'fileKey',12,3,44,1438177443,1438177443,0,0,'b0f7f3d1dddf273133403c6b92549674',27,NULL),(806,10,'files_encryption/keys/files/Photos/Paris.jpg/OC_DEFAULT_MODULE/thomas.barkow .shareKey','e6faf05af426411d7dac96300e6ef46f',804,'thomas.barkow .shareKey',12,3,512,1438177443,1438177443,0,0,'8599181bd25dbf4d0d31c510ae869da8',27,NULL),(807,2,'files_encryption/OC_DEFAULT_MODULE/master_f46f7dc0.publicKey','7fb81f019c39ff0ed9cdb0bc73a50430',508,'master_f46f7dc0.publicKey',12,3,800,1490513862,1490513862,0,0,'b74241e52a5e61bd78e9accf868921d5',27,NULL),(808,2,'files_encryption/OC_DEFAULT_MODULE/master_f46f7dc0.privateKey','534324c3c1d85fcb308fc95c62fc0624',508,'master_f46f7dc0.privateKey',12,3,4433,1490513862,1490513862,0,0,'86ab745cd938df1cea1a07a485a32b55',27,NULL),(809,5,'thumbnails/52/1024-683-max.png','5e402ea862c1e6de8c32b1d4cc04225b',159,'1024-683-max.png',18,5,79994,1490513968,1490513968,0,0,'d81356ae04294c832ab2fd72dcf97cc5',27,NULL),(810,5,'thumbnails/53/1024-683-max.png','65463edeb1c3fd661f20e9c2d3e2e01f',158,'1024-683-max.png',18,5,91662,1490513968,1490513968,0,0,'0cc67d6a01f70baf952ce0826129c619',27,NULL),(811,5,'thumbnails/51/1024-768-max.png','064fbb212f1c1c2f41ff2381fe74e0dd',162,'1024-768-max.png',18,5,73058,1490513968,1490513968,0,0,'320002d1efcf267a25a15b5524338a3d',27,NULL),(812,5,'thumbnails/52/32-32.png','6fa3403a4bb0a80df48b1d41549f32f6',159,'32-32.png',18,5,923,1490513968,1490513968,0,0,'fb24dce175d89f6409801450c56d1554',27,NULL),(813,5,'thumbnails/51/32-32.png','37cd0aa72445ce0b04fdd8bef9ece565',162,'32-32.png',18,5,986,1490513968,1490513968,0,0,'c0d3c690e620e3278ab395200bc97256',27,NULL),(814,5,'thumbnails/53/32-32.png','7dd4f9af2940b401b7727c0378b1c941',158,'32-32.png',18,5,965,1490513968,1490513968,0,0,'5a931130d642eb5334cc49bbf1ca0949',27,NULL),(815,2,'files_external','c270928b685e7946199afdfb898d27ea',13,'files_external',2,1,0,1490514784,1490514784,0,0,'58d7736016081',31,''),(816,5,'thumbnails/52/300-200-with-aspect.png','25b9086064d7c6473f4f9ac733dfcaaf',159,'300-200-with-aspect.png',18,5,9141,1490515424,1490515424,0,0,'1409b7db35dfa23b4a5887e14a36b198',27,''),(817,5,'thumbnails/53/300-200-with-aspect.png','152f2d2ffb65f25663c3b552afd86da8',158,'300-200-with-aspect.png',18,5,10831,1490515424,1490515424,0,0,'157ccdb35e37951f5c2be81ed7d8a6cc',27,''),(818,5,'thumbnails/51/267-200-with-aspect.png','8f3207c40202d47f383ee395430554e1',162,'267-200-with-aspect.png',18,5,7768,1490515424,1490515424,0,0,'3782cacaa8711383b4668e320053a9a8',27,''),(819,4,'encryption_migration_backup_2017-03-26_08-02-31','7c02c41e0edba451fd22953b18fa0aee',30,'encryption_migration_backup_2017-03-26_08-02-31',2,1,5218,1490516103,1490515351,0,0,'58d778892e673',31,''),(820,4,'encryption_migration_backup_2017-03-25_20-18-37','ae5ac89634bfdffd81dcff0849fc6e9b',30,'encryption_migration_backup_2017-03-25_20-18-37',2,1,4418,1490516104,1490473117,0,0,'58d778892e673',31,''),(821,4,'encryption_migration_backup_2017-03-26_07-38-42','26ce6c7e94534318143d457195a343b2',30,'encryption_migration_backup_2017-03-26_07-38-42',2,1,5218,1490516104,1490513922,0,0,'58d778892e673',31,''),(822,4,'encryption_migration_backup_2015-06-28_07-26-29','3f3ddf529d5631d96a0f7184cdb779e4',30,'encryption_migration_backup_2015-06-28_07-26-29',2,1,4418,1490516104,1435476389,0,0,'58d778892e673',31,''),(823,4,'encryption_migration_backup_2017-03-26_08-02-31/OC_DEFAULT_MODULE','d151361f21b153e7e4f8358f75d0e5ac',819,'OC_DEFAULT_MODULE',2,1,5218,1490516103,1490515351,0,0,'58d778892e673',31,''),(824,4,'encryption_migration_backup_2017-03-26_08-02-31/keys','9b25dbdfb5127934bfc390d9af76de3d',819,'keys',2,1,0,1490515351,1490515351,0,0,'58d7788792bf6',31,''),(825,4,'encryption_migration_backup_2017-03-26_08-02-31/OC_DEFAULT_MODULE/MARTINDAMOS.publicKey','a3ca13b05f1ae5beb30246271fc92a2d',823,'MARTINDAMOS.publicKey',12,3,800,1490515351,1490515351,0,0,'cba1b752fb7fc58da5dbf8fef13d3b50',27,''),(826,4,'encryption_migration_backup_2017-03-26_08-02-31/OC_DEFAULT_MODULE/MARTINDAMOS.privateKey','587e5f3add793e9059a22264152ef836',823,'MARTINDAMOS.privateKey',12,3,4418,1490515351,1490515351,0,0,'ed58de55053327ecfa42330b13ea4d8a',27,''),(827,4,'encryption_migration_backup_2017-03-25_20-18-37/keys','f998e1297816a142895fee5638d593f8',820,'keys',2,1,0,1490473117,1490473117,0,0,'58d7788805798',31,''),(828,4,'encryption_migration_backup_2017-03-25_20-18-37/MARTINDAMOS.privateKey','716acc95d0214fe3479562221d3522e5',820,'MARTINDAMOS.privateKey',12,3,4418,1490473117,1490473117,0,0,'d3f7b7b8d3267349a695741593ae8e9f',27,''),(829,4,'encryption_migration_backup_2017-03-26_07-38-42/OC_DEFAULT_MODULE','2df6ef19072a2070c9b6c32004b2c6c5',821,'OC_DEFAULT_MODULE',2,1,5218,1490516104,1490513922,0,0,'58d778892e673',31,''),(830,4,'encryption_migration_backup_2017-03-26_07-38-42/keys','542d779c4204240a33ac1518a7651c01',821,'keys',2,1,0,1490513922,1490513922,0,0,'58d7788842d03',31,''),(831,4,'encryption_migration_backup_2017-03-26_07-38-42/OC_DEFAULT_MODULE/MARTINDAMOS.publicKey','e0767ab0a0437aa2f7354e59d411a188',829,'MARTINDAMOS.publicKey',12,3,800,1490513922,1490513922,0,0,'fd0193b43fda8c59b0c0a29262df589f',27,''),(832,4,'encryption_migration_backup_2017-03-26_07-38-42/OC_DEFAULT_MODULE/MARTINDAMOS.privateKey','316f2bd756f774501c41e20db8d6cac8',829,'MARTINDAMOS.privateKey',12,3,4418,1490513922,1490513922,0,0,'90572a5f51a124bf376112afadbe502e',27,''),(833,4,'encryption_migration_backup_2015-06-28_07-26-29/share-keys','67436c4a123802853b497361c91df462',822,'share-keys',2,1,0,1435476389,1435476389,0,0,'58d77888aa79c',31,''),(834,4,'encryption_migration_backup_2015-06-28_07-26-29/MARTINDAMOS.private.key','12d39d5d31b3783c5d68a312441dbad6',822,'MARTINDAMOS.private.key',16,3,4418,1435476389,1435476389,0,0,'93fa02296e9a6e3f6fabd2e542af5f3c',27,''),(835,4,'encryption_migration_backup_2015-06-28_07-26-29/keyfiles','e9b39320cc77b657c54286623445e609',822,'keyfiles',2,1,0,1435476389,1435476389,0,0,'58d77888aaf18',31,''),(836,14,'encryption_migration_backup_2017-03-25_20-18-38','e86a544f679674e63dddb06b0e0aeb0f',367,'encryption_migration_backup_2017-03-25_20-18-38',2,1,4418,1490516105,1490473118,0,0,'58d7788a1913c',31,''),(837,14,'encryption_migration_backup_2017-03-26_08-02-31','7c02c41e0edba451fd22953b18fa0aee',367,'encryption_migration_backup_2017-03-26_08-02-31',2,1,5218,1490516105,1490515351,0,0,'58d7788a1913c',31,''),(838,14,'encryption_migration_backup_2017-03-26_07-38-42','26ce6c7e94534318143d457195a343b2',367,'encryption_migration_backup_2017-03-26_07-38-42',2,1,5218,1490516105,1490513922,0,0,'58d7788a1913c',31,''),(839,14,'encryption_migration_backup_2017-03-25_20-18-38/daniel.rauwald.privateKey','2857c531cd13d01e475b7c3d9c8182ee',836,'daniel.rauwald.privateKey',12,3,4418,1490473118,1490473118,0,0,'21b7bc08230fa77cad1446b073a22bc7',27,''),(840,14,'encryption_migration_backup_2017-03-25_20-18-38/keys','793619824fc719d55f851ca189de2e93',836,'keys',2,1,0,1490473118,1490473118,0,0,'58d7788980f07',31,''),(841,14,'encryption_migration_backup_2017-03-26_08-02-31/OC_DEFAULT_MODULE','d151361f21b153e7e4f8358f75d0e5ac',837,'OC_DEFAULT_MODULE',2,1,5218,1490516105,1490515351,0,0,'58d7788a1913c',31,''),(842,14,'encryption_migration_backup_2017-03-26_08-02-31/keys','9b25dbdfb5127934bfc390d9af76de3d',837,'keys',2,1,0,1490515351,1490515351,0,0,'58d77889a9cba',31,''),(843,14,'encryption_migration_backup_2017-03-26_08-02-31/OC_DEFAULT_MODULE/daniel.rauwald.privateKey','335735bb020d790265b9cb3305e41e41',841,'daniel.rauwald.privateKey',12,3,4418,1490515351,1490515351,0,0,'442f547bdcffbb04a6d0ff2313ff9d87',27,''),(844,14,'encryption_migration_backup_2017-03-26_08-02-31/OC_DEFAULT_MODULE/daniel.rauwald.publicKey','33050c59329e0bf8078d35d2728f2aa4',841,'daniel.rauwald.publicKey',12,3,800,1490515351,1490515351,0,0,'481a9e53d0c31d36f4ff14b7f6a70599',27,''),(845,14,'encryption_migration_backup_2017-03-26_07-38-42/OC_DEFAULT_MODULE','2df6ef19072a2070c9b6c32004b2c6c5',838,'OC_DEFAULT_MODULE',2,1,5218,1490516105,1490513922,0,0,'58d7788a1913c',31,''),(846,14,'encryption_migration_backup_2017-03-26_07-38-42/keys','542d779c4204240a33ac1518a7651c01',838,'keys',2,1,0,1490513922,1490513922,0,0,'58d77889d28e3',31,''),(847,14,'encryption_migration_backup_2017-03-26_07-38-42/OC_DEFAULT_MODULE/daniel.rauwald.privateKey','8ffd83197436c5a33b46f66f05cc0c91',845,'daniel.rauwald.privateKey',12,3,4418,1490513922,1490513922,0,0,'4ecfdf47dc67b3192f14ac7af26fdf22',27,''),(848,14,'encryption_migration_backup_2017-03-26_07-38-42/OC_DEFAULT_MODULE/daniel.rauwald.publicKey','0fb8a48c3fd0ef384330f19c518695ce',845,'daniel.rauwald.publicKey',12,3,800,1490513922,1490513922,0,0,'f682e507f90bc35f6333c888b8066cee',27,''),(849,8,'encryption_migration_backup_2017-03-25_20-18-42','7c1244dde926ff6fd4ae6faa82d2d306',210,'encryption_migration_backup_2017-03-25_20-18-42',2,1,4422,1490516106,1490473122,0,0,'58d7788b0f5a2',31,''),(850,8,'encryption_migration_backup_2017-03-26_08-02-36','ff1c421b409bfa7137a3179cbdac64db',210,'encryption_migration_backup_2017-03-26_08-02-36',2,1,5222,1490516106,1490515356,0,0,'58d7788b0f5a2',31,''),(851,8,'encryption_migration_backup_2017-03-26_07-38-46','05522541cc51dc3d0d8b2dcf8b48ea33',210,'encryption_migration_backup_2017-03-26_07-38-46',2,1,5222,1490516106,1490513926,0,0,'58d7788b0f5a2',31,''),(852,8,'encryption_migration_backup_2015-06-28_07-26-29','3f3ddf529d5631d96a0f7184cdb779e4',210,'encryption_migration_backup_2015-06-28_07-26-29',2,1,4422,1490516106,1435476389,0,0,'58d7788b0f5a2',31,''),(853,8,'encryption_migration_backup_2017-03-25_20-18-42/franz.kainz .privateKey','40ae4ebe9c9179c1b39a84a6428afa21',849,'franz.kainz .privateKey',12,3,4422,1490473122,1490473122,0,0,'7ad395f7be56a152df5f8067b6900ffe',27,''),(854,8,'encryption_migration_backup_2017-03-25_20-18-42/keys','bf862e5940f421afaba0d94d1790792b',849,'keys',2,1,0,1490473122,1490473122,0,0,'58d7788a47c19',31,''),(855,8,'encryption_migration_backup_2017-03-26_08-02-36/OC_DEFAULT_MODULE','c93cfefd3fb453a2941091e15e894e39',850,'OC_DEFAULT_MODULE',2,1,5222,1490516106,1490515356,0,0,'58d7788b0f5a2',31,''),(856,8,'encryption_migration_backup_2017-03-26_08-02-36/keys','18acefcd399fe4f5141a81e8e10eb4d4',850,'keys',2,1,0,1490515356,1490515356,0,0,'58d7788a61063',31,''),(857,8,'encryption_migration_backup_2017-03-26_08-02-36/OC_DEFAULT_MODULE/franz.kainz .privateKey','70146ec937a0d8469630be99e2078661',855,'franz.kainz .privateKey',12,3,4422,1490515356,1490515356,0,0,'2c81c74dd46429086181d74a96d7dd87',27,''),(858,8,'encryption_migration_backup_2017-03-26_08-02-36/OC_DEFAULT_MODULE/franz.kainz .publicKey','4bf78ffb342748cb482f6107c13fcccc',855,'franz.kainz .publicKey',12,3,800,1490515356,1490515356,0,0,'651778947d29869b943c08672b1fade1',27,''),(859,8,'encryption_migration_backup_2017-03-26_07-38-46/OC_DEFAULT_MODULE','59e3187c5634508f677a28ee262005da',851,'OC_DEFAULT_MODULE',2,1,5222,1490516106,1490513926,0,0,'58d7788b0f5a2',31,''),(860,8,'encryption_migration_backup_2017-03-26_07-38-46/keys','b22f548d7b493ad9cdf032b1879b41f3',851,'keys',2,1,0,1490513926,1490513926,0,0,'58d7788a905a7',31,''),(861,8,'encryption_migration_backup_2017-03-26_07-38-46/OC_DEFAULT_MODULE/franz.kainz .privateKey','72ff49f4e6bc0a8fa2978209c9ab14ad',859,'franz.kainz .privateKey',12,3,4422,1490513926,1490513926,0,0,'1189fd3d904f705624d766f81b2a56f1',27,''),(862,8,'encryption_migration_backup_2017-03-26_07-38-46/OC_DEFAULT_MODULE/franz.kainz .publicKey','80b0f96b96eb03286516f5bae40fbde9',859,'franz.kainz .publicKey',12,3,800,1490513926,1490513926,0,0,'95595ae6b4f94a87bd618fdfc2962703',27,''),(863,8,'encryption_migration_backup_2015-06-28_07-26-29/share-keys','67436c4a123802853b497361c91df462',852,'share-keys',2,1,0,1435476389,1435476389,0,0,'58d7788ac4c32',31,''),(864,8,'encryption_migration_backup_2015-06-28_07-26-29/keyfiles','e9b39320cc77b657c54286623445e609',852,'keyfiles',2,1,0,1435476389,1435476389,0,0,'58d7788ac56c1',31,''),(865,8,'encryption_migration_backup_2015-06-28_07-26-29/franz.kainz .private.key','441e6d64e1e049f6d131e5d5013f6ddc',852,'franz.kainz .private.key',16,3,4422,1435476389,1435476389,0,0,'763293cac79643b142437173530b2468',27,''),(866,15,'encryption_migration_backup_2017-03-26_08-02-38','02315735b61d3c2e7c77256d336bc366',373,'encryption_migration_backup_2017-03-26_08-02-38',2,1,5214,1490516107,1490515358,0,0,'58d7788bf3ae0',31,''),(867,15,'encryption_migration_backup_2017-03-25_20-18-44','cfc3ec63c01b8a192a4c5dc1daaa9926',373,'encryption_migration_backup_2017-03-25_20-18-44',2,1,4414,1490516107,1490473124,0,0,'58d7788bf3ae0',31,''),(868,15,'encryption_migration_backup_2017-03-26_07-38-49','e71487bcb66c0403f9510d72c97d3cc6',373,'encryption_migration_backup_2017-03-26_07-38-49',2,1,5214,1490516107,1490513929,0,0,'58d7788bf3ae0',31,''),(869,15,'encryption_migration_backup_2017-03-26_08-02-38/OC_DEFAULT_MODULE','123a6a016cf810cf9de8b51fae145d98',866,'OC_DEFAULT_MODULE',2,1,5214,1490516107,1490515358,0,0,'58d7788bf3ae0',31,''),(870,15,'encryption_migration_backup_2017-03-26_08-02-38/keys','1eff057ca9d61f62ca7fb63d49475527',866,'keys',2,1,0,1490515358,1490515358,0,0,'58d7788b48e75',31,''),(871,15,'encryption_migration_backup_2017-03-26_08-02-38/OC_DEFAULT_MODULE/jannik.fibach.publicKey','1d70becaf2f580a6e2626d2f3b867f66',869,'jannik.fibach.publicKey',12,3,800,1490515358,1490515358,0,0,'65ef3e0b7cb89fe5448c9b2527a0e4bd',27,''),(872,15,'encryption_migration_backup_2017-03-26_08-02-38/OC_DEFAULT_MODULE/jannik.fibach.privateKey','f2dc12c9bad0169016ddf15dc05326d7',869,'jannik.fibach.privateKey',12,3,4414,1490515358,1490515358,0,0,'cac9cb2cb1d0b4dc4c52693d97bbb5ae',27,''),(873,15,'encryption_migration_backup_2017-03-25_20-18-44/keys','c5109b641b8ab0f0a932ec2a968ab48a',867,'keys',2,1,0,1490473124,1490473124,0,0,'58d7788b7bebe',31,''),(874,15,'encryption_migration_backup_2017-03-25_20-18-44/jannik.fibach.privateKey','8d14f14e9b34bea7627e7beb0390b071',867,'jannik.fibach.privateKey',12,3,4414,1490473124,1490473124,0,0,'6b0dbfb33a734b37880b661eb9b95219',27,''),(875,15,'encryption_migration_backup_2017-03-26_07-38-49/OC_DEFAULT_MODULE','dee7349b4595ef2301261f7a6d62dcae',868,'OC_DEFAULT_MODULE',2,1,5214,1490516107,1490513929,0,0,'58d7788bf3ae0',31,''),(876,15,'encryption_migration_backup_2017-03-26_07-38-49/keys','46a845bc1ba203c6e25c796b8b913aac',868,'keys',2,1,0,1490513929,1490513929,0,0,'58d7788b9f643',31,''),(877,15,'encryption_migration_backup_2017-03-26_07-38-49/OC_DEFAULT_MODULE/jannik.fibach.publicKey','a136b323aab1985a41d2f059cb75eb6d',875,'jannik.fibach.publicKey',12,3,800,1490513929,1490513929,0,0,'52a7cb8c583af118dfecf617cf7c8331',27,''),(878,15,'encryption_migration_backup_2017-03-26_07-38-49/OC_DEFAULT_MODULE/jannik.fibach.privateKey','f0aab6cceb5528f08e2b5da291b0d9df',875,'jannik.fibach.privateKey',12,3,4414,1490513929,1490513929,0,0,'991320be901e4ff45196f5c9f2be02ac',27,''),(879,11,'encryption_migration_backup_2017-03-26_08-02-41','10e548761c326cd5bf84923c4369f54b',315,'encryption_migration_backup_2017-03-26_08-02-41',2,1,5218,1490516108,1490515361,0,0,'58d7788cd0d25',31,''),(880,11,'encryption_migration_backup_2017-03-25_20-18-47','9c64f8a3deeba3fea922e3435294148b',315,'encryption_migration_backup_2017-03-25_20-18-47',2,1,4418,1490516108,1490473127,0,0,'58d7788cd0d25',31,''),(881,11,'encryption_migration_backup_2017-03-26_07-38-52','d3ac9300df231345298ccd2d74ef1ba8',315,'encryption_migration_backup_2017-03-26_07-38-52',2,1,5218,1490516108,1490513932,0,0,'58d7788cd0d25',31,''),(882,11,'encryption_migration_backup_2017-03-26_08-02-41/OC_DEFAULT_MODULE','b36b95e90e8905881b194dbb255126e8',879,'OC_DEFAULT_MODULE',2,1,5218,1490516108,1490515361,0,0,'58d7788cd0d25',31,''),(883,11,'encryption_migration_backup_2017-03-26_08-02-41/keys','80a25d4677218bd4868a4e0396cfd92b',879,'keys',2,1,0,1490515361,1490515361,0,0,'58d7788c38480',31,''),(884,11,'encryption_migration_backup_2017-03-26_08-02-41/OC_DEFAULT_MODULE/robert.buta .publicKey','4b29d4b0918bd17ae7a20f64f8823315',882,'robert.buta .publicKey',12,3,800,1490515361,1490515361,0,0,'e9cdfc2540d4272c9b4f1862ed370201',27,''),(885,11,'encryption_migration_backup_2017-03-26_08-02-41/OC_DEFAULT_MODULE/robert.buta .privateKey','4212f3321da271711cac290663260895',882,'robert.buta .privateKey',12,3,4418,1490515361,1490515361,0,0,'0587fa8614a1b231eb4a3d53be8cbbf2',27,''),(886,11,'encryption_migration_backup_2017-03-25_20-18-47/keys','8e32a251c2a3994c84322f04f866b26e',880,'keys',2,1,0,1490473127,1490473127,0,0,'58d7788c6b1c3',31,''),(887,11,'encryption_migration_backup_2017-03-25_20-18-47/robert.buta .privateKey','e9d505c6aff01ecf9c4947d43f0e72e0',880,'robert.buta .privateKey',12,3,4418,1490473127,1490473127,0,0,'f200da0366b8a9493be98ca381ef3f5a',27,''),(888,11,'encryption_migration_backup_2017-03-26_07-38-52/OC_DEFAULT_MODULE','0e4eca623701d8d935742575e16f6880',881,'OC_DEFAULT_MODULE',2,1,5218,1490516108,1490513932,0,0,'58d7788cd0d25',31,''),(889,11,'encryption_migration_backup_2017-03-26_07-38-52/keys','f098f1c068b75d642de65634e4f407f9',881,'keys',2,1,0,1490513932,1490513932,0,0,'58d7788c89ebb',31,''),(890,11,'encryption_migration_backup_2017-03-26_07-38-52/OC_DEFAULT_MODULE/robert.buta .publicKey','4badd58a118438a196029a693de585a9',888,'robert.buta .publicKey',12,3,800,1490513932,1490513932,0,0,'64e21d7725ad8ad5ac9231ab5b8ca3b6',27,''),(891,11,'encryption_migration_backup_2017-03-26_07-38-52/OC_DEFAULT_MODULE/robert.buta .privateKey','cff5b96fa483bef3e3aab03478cc16a9',888,'robert.buta .privateKey',12,3,4418,1490513932,1490513932,0,0,'4365143f49dd48dbeca24111753ea278',27,''),(892,20,'','d41d8cd98f00b204e9800998ecf8427e',-1,'',2,1,0,1490724187,1490724187,0,0,'58daa55ba2bb9',23,''),(893,20,'files_encryption','171a8829416be21834bef1b79079dde8',892,'files_encryption',2,1,0,1490724187,1490724187,0,0,'58daa55bbb59a',31,''),(894,20,'files_encryption/OC_DEFAULT_MODULE','75930a339fca24af03c665c2add1433c',893,'OC_DEFAULT_MODULE',2,1,0,1490724188,1490724188,0,0,'58daa55bcbda9',31,''),(895,20,'files_encryption/OC_DEFAULT_MODULE/tobias.saenger.publicKey','5189e5452883de0286e2811b61ca6ea7',894,'tobias.saenger.publicKey',12,3,800,1490724187,1490724187,0,0,'23db65f439e3283586f7d447014818b8',27,''),(896,20,'files_encryption/OC_DEFAULT_MODULE/tobias.saenger.privateKey','d11755976eea6f21f51bc664226a610b',894,'tobias.saenger.privateKey',12,3,4505,1490724188,1490724188,0,0,'8b57ab61d7a9905195840d1f6fa6f5f7',27,''),(897,5,'documents/d8ceac1b14b6d7419fb1610395becef4a2526e1f.odt','ee6b6c012ba40f9edc2d939f4d7961c9',169,'d8ceac1b14b6d7419fb1610395becef4a2526e1f.odt',9,3,49216,1492524147,1492524147,0,0,'04f28fbaa09a276251f1e7964da14f75',27,''),(898,19,'files/ag','525bf0fad27be3b921cf46bde3b81ad7',472,'ag',2,1,4632600,1504560572,1504559272,0,0,'59adc5bd04563',31,''),(899,19,'files_trashbin/files/alex.d1504559236','b0a5c4bb4dcbd0533703f9a90a71476d',1321,'alex.d1504559236',2,1,3790618,1503871272,1501437765,0,0,'59a341289b8a4',31,''),(900,19,'files_encryption/keys/files/ag','a64813433c4ca0271824ebd6023bc637',683,'ag',2,1,1632,1504559321,1504559321,0,0,'59323cf261336',31,''),(901,19,'files_encryption/keys/files_trashbin/files/alex.d1504559236','98101cc00f914e7b367241eec94136a2',1327,'alex.d1504559236',2,1,469472,1501437821,1501437821,0,0,'59323cf283677',31,''),(902,19,'files_encryption/keys/files_trashbin/files/V 0.1.3.zip.d1496612441','7904992e4d8f96f7111085a7d0a26d5c',1327,'V 0.1.3.zip.d1496612441',2,1,0,1496464626,1496464626,0,0,'59323cf2979ad',31,''),(903,19,'files_encryption/keys/files_trashbin/files/V 0.1.3.zip.d1496612441/OC_DEFAULT_MODULE','3e7971451ff6ab40d78bfc17e7f96d15',902,'OC_DEFAULT_MODULE',2,1,0,1496464626,1496464626,0,0,'59323cf2ac0de',31,''),(904,19,'files_encryption/keys/files_trashbin/files/V 0.1.3.zip.d1496612441/OC_DEFAULT_MODULE/fileKey','c3a679249610da5de5acf4550f41abf2',903,'fileKey',12,3,32,1496464626,1496464626,0,0,'6fc00a922480a434d80835f8a556d257',27,''),(905,19,'files_encryption/keys/files_trashbin/files/V 0.1.3.zip.d1496612441/OC_DEFAULT_MODULE/gregor.mitsch.shareKey','c0d4b070bd2edfce4729ae03bbdc6808',903,'gregor.mitsch.shareKey',12,3,512,1496464626,1496464626,0,0,'1ba19d7aa027e2e7b800cce01d319ec3',27,''),(906,19,'files_trashbin/files/V 0.1.3.zip.d1496612441','eac0fb2d25e3b77f6635c2af459da1a0',1321,'V 0.1.3.zip.d1496612441',12,3,16313,1496464626,1496464626,1,0,'451deb3c1ac8b7c6a97d6ca8d6052010',27,''),(907,19,'files_trashbin/files/v0.1.3-reply.d1496612443','c33a8762cad710b0b7e93d9e06c64d66',1321,'v0.1.3-reply.d1496612443',2,1,2085,1496470289,1496470289,0,0,'59325311bb497',31,''),(908,19,'files_encryption/keys/files_trashbin/files/v0.1.3-reply.d1496612443','4aa5e8aba1f5cb868a4af9fa813f8419',1327,'v0.1.3-reply.d1496612443',2,1,1088,1496470289,1496470289,0,0,'59323d857e743',31,''),(909,19,'files_encryption/keys/files_trashbin/files/v0.1.3-reply.d1496612443/run-application.sh','d932398b573b1d8ac8cbf62709f437a0',908,'run-application.sh',2,1,0,1496464773,1496464773,0,0,'59323d8598808',31,''),(910,19,'files_encryption/keys/files_trashbin/files/v0.1.3-reply.d1496612443/run-application.sh/OC_DEFAULT_MODULE','979cf24fb8a099fd95b74a23aa1d59d0',909,'OC_DEFAULT_MODULE',2,1,0,1496464773,1496464773,0,0,'59323d85a8fa3',31,''),(911,19,'files_encryption/keys/files_trashbin/files/v0.1.3-reply.d1496612443/run-application.sh/OC_DEFAULT_MODULE/fileKey','eb12a409b604e038eb9ba8991f377766',910,'fileKey',12,3,32,1496464773,1496464773,0,0,'126909de61d43191d852868cb4f6f6e5',27,''),(912,19,'files_encryption/keys/files_trashbin/files/v0.1.3-reply.d1496612443/run-application.sh/OC_DEFAULT_MODULE/gregor.mitsch.shareKey','a1feb2a1c5f503966fdcbb7c9e4083fe',910,'gregor.mitsch.shareKey',12,3,512,1496464773,1496464773,0,0,'611b9b43fcb72b201a1a2854ae27adbe',27,''),(913,19,'files_trashbin/files/v0.1.3-reply.d1496612443/run-application.sh','f9aab0ae1e24c1915ecdb7d39252904b',907,'run-application.sh',36,10,30,1496464773,1496464773,1,0,'4a40af60be03026614d5cdc96fa99ebc',27,''),(914,19,'files_trashbin/files/v0.1-3-no-executable-files-possilbe.d1496612446','99785bf7564e59d90f4081948aef7142',1321,'v0.1-3-no-executable-files-possilbe.d1496612446',2,1,20076,1496465508,1496465508,0,0,'59324064e2748',31,''),(915,19,'files_encryption/keys/files_trashbin/files/v0.1-3-no-executable-files-possilbe.d1496612446','23bf2f785c01a30f6851ac06c629f3f0',1327,'v0.1-3-no-executable-files-possilbe.d1496612446',2,1,5984,1496465508,1496465508,0,0,'593240573369d',31,''),(916,19,'files_encryption/keys/files_trashbin/files/v0.1-3-no-executable-files-possilbe.d1496612446/achsen.py','e899b2d134249ea6c5f2c033b281ff81',915,'achsen.py',2,1,544,1496465495,1496465495,0,0,'5932405764d78',31,''),(917,19,'files_encryption/keys/files_trashbin/files/v0.1-3-no-executable-files-possilbe.d1496612446/achsen.py/OC_DEFAULT_MODULE','103889f93778cee1bd4f181ac8914a53',916,'OC_DEFAULT_MODULE',2,1,544,1496465495,1496465495,0,0,'593240576da3f',31,''),(918,19,'files_trashbin/files/v0.1-3-no-executable-files-possilbe.d1496612446/achsen.py','d5bf283ff79108b6c91e1b06e9f743e9',914,'achsen.py',37,10,5716,1496465495,1496465495,1,0,'e0d3f13448266defa6fac0f870d5f746',27,''),(919,19,'files_encryption/keys/files_trashbin/files/v0.1-3-no-executable-files-possilbe.d1496612446/kontrollpanel.py','a46d498a51e52623492415b7922f788d',915,'kontrollpanel.py',2,1,544,1496465496,1496465496,0,0,'593240588fd77',31,''),(920,19,'files_encryption/keys/files_trashbin/files/v0.1-3-no-executable-files-possilbe.d1496612446/kontrollpanel.py/OC_DEFAULT_MODULE','95592861d1138e2ae227f65675305b9b',919,'OC_DEFAULT_MODULE',2,1,544,1496465496,1496465496,0,0,'5932405899fce',31,''),(921,19,'files_trashbin/files/v0.1-3-no-executable-files-possilbe.d1496612446/kontrollpanel.py','ffe2b5853b3b0f77020443553d4d123b',914,'kontrollpanel.py',37,10,2128,1496465496,1496465496,1,0,'54fda3d0d1e00ce74a36955a6e37ee0d',27,''),(922,19,'files_encryption/keys/files_trashbin/files/v0.1-3-no-executable-files-possilbe.d1496612446/main.py','948bd9feac07a85484e1e05fed098fd9',915,'main.py',2,1,544,1496465497,1496465497,0,0,'59324059da028',31,''),(923,19,'files_encryption/keys/files_trashbin/files/v0.1-3-no-executable-files-possilbe.d1496612446/main.py/OC_DEFAULT_MODULE','254ce732df4ada9fde3b98f37dae4f68',922,'OC_DEFAULT_MODULE',2,1,544,1496465497,1496465497,0,0,'59324059e6f45',31,''),(924,19,'files_trashbin/files/v0.1-3-no-executable-files-possilbe.d1496612446/main.py','6b8065ac63cb882ecc2406e5b55dd335',914,'main.py',37,10,1459,1496465497,1496465497,1,0,'97f7bc3cb534813d34a8bb852f17aa58',27,''),(925,19,'files_encryption/keys/files_trashbin/files/v0.1-3-no-executable-files-possilbe.d1496612446/mainLayout.py','e62ef28f73d7d3895ad54cd398d18f0e',915,'mainLayout.py',2,1,544,1496465499,1496465499,0,0,'5932405b9d6f8',31,''),(926,19,'files_encryption/keys/files_trashbin/files/v0.1-3-no-executable-files-possilbe.d1496612446/mainLayout.py/OC_DEFAULT_MODULE','06cb139d295c4c81968075dadb69cccd',925,'OC_DEFAULT_MODULE',2,1,544,1496465499,1496465499,0,0,'5932405ba6822',31,''),(927,19,'files_trashbin/files/v0.1-3-no-executable-files-possilbe.d1496612446/mainLayout.py','3748160bc0d7387d66723773c7db780b',914,'mainLayout.py',37,10,1012,1496465499,1496465499,1,0,'958a1b1281b8afc2c027c10a8909ecf9',27,''),(928,19,'files_encryption/keys/files_trashbin/files/v0.1-3-no-executable-files-possilbe.d1496612446/mechanikMain.py','fbcda93de8eda03f85f62414e44e915b',915,'mechanikMain.py',2,1,544,1496465500,1496465500,0,0,'5932405ccedf7',31,''),(929,19,'files_encryption/keys/files_trashbin/files/v0.1-3-no-executable-files-possilbe.d1496612446/mechanikMain.py/OC_DEFAULT_MODULE','fc5acdb7c783dbd62d377488cd9b2b8d',928,'OC_DEFAULT_MODULE',2,1,544,1496465500,1496465500,0,0,'5932405cd8cd2',31,''),(930,19,'files_trashbin/files/v0.1-3-no-executable-files-possilbe.d1496612446/mechanikMain.py','50cdca75c0130f369aaee6f8e218042b',914,'mechanikMain.py',37,10,1384,1496465500,1496465500,1,0,'6ec0bea2b38ce2b34b836d1a23e5d49b',27,''),(931,19,'files_encryption/keys/files_trashbin/files/v0.1-3-no-executable-files-possilbe.d1496612446/mechanikSchieferWurf.py','0b337ec39b22c2ca1d523975238a753c',915,'mechanikSchieferWurf.py',2,1,544,1496465502,1496465502,0,0,'5932405e1d731',31,''),(932,19,'files_encryption/keys/files_trashbin/files/v0.1-3-no-executable-files-possilbe.d1496612446/mechanikSchieferWurf.py/OC_DEFAULT_MODULE','8c35f525fde2d8787857a3dfab1b70a2',931,'OC_DEFAULT_MODULE',2,1,544,1496465502,1496465502,0,0,'5932405e2765b',31,''),(933,19,'files_trashbin/files/v0.1-3-no-executable-files-possilbe.d1496612446/mechanikSchieferWurf.py','672b8fd42eb2999390d1516052f1fafe',914,'mechanikSchieferWurf.py',37,10,2370,1496465502,1496465502,1,0,'c334d46c0659035c9a0d5ae84ee78a10',27,''),(934,19,'files_encryption/keys/files_trashbin/files/v0.1-3-no-executable-files-possilbe.d1496612446/pauseIcon.png','35fb402dfc4be2e4f8ff7bcdde1f4bdb',915,'pauseIcon.png',2,1,544,1496465503,1496465503,0,0,'5932405f7080d',31,''),(935,19,'files_encryption/keys/files_trashbin/files/v0.1-3-no-executable-files-possilbe.d1496612446/pauseIcon.png/OC_DEFAULT_MODULE','b7fe6296b1151abaff11d60e7fac81e2',934,'OC_DEFAULT_MODULE',2,1,544,1496465503,1496465503,0,0,'5932405f79c34',31,''),(936,19,'files_trashbin/files/v0.1-3-no-executable-files-possilbe.d1496612446/pauseIcon.png','e1b2d1d7217b8ead33c7911c98b921d6',914,'pauseIcon.png',18,5,542,1496465503,1496465503,1,0,'680952c5c37fdf63538741e0d455fef5',27,''),(937,19,'files_encryption/keys/files_trashbin/files/v0.1-3-no-executable-files-possilbe.d1496612446/playIcon.png','005905386babf1b02a4320f24852829f',915,'playIcon.png',2,1,544,1496465504,1496465504,0,0,'59324060a232b',31,''),(938,19,'files_encryption/keys/files_trashbin/files/v0.1-3-no-executable-files-possilbe.d1496612446/playIcon.png/OC_DEFAULT_MODULE','325f69cd2ef739826e2dee266c7445a9',937,'OC_DEFAULT_MODULE',2,1,544,1496465504,1496465504,0,0,'59324060abfe5',31,''),(939,19,'files_trashbin/files/v0.1-3-no-executable-files-possilbe.d1496612446/playIcon.png','6c81359ea7db72a94ea01aae1330a918',914,'playIcon.png',18,5,495,1496465504,1496465504,1,0,'67eada4ce41a7a7fccb104586830dddf',27,''),(940,19,'files_encryption/keys/files_trashbin/files/v0.1-3-no-executable-files-possilbe.d1496612446/refreshIcon.png','18a68bf787d0a46cac154b6172737862',915,'refreshIcon.png',2,1,544,1496465505,1496465505,0,0,'59324061f1676',31,''),(941,19,'files_encryption/keys/files_trashbin/files/v0.1-3-no-executable-files-possilbe.d1496612446/refreshIcon.png/OC_DEFAULT_MODULE','e183aaf403f2fc2fbc65aff44f2e417d',940,'OC_DEFAULT_MODULE',2,1,544,1496465505,1496465505,0,0,'5932406206bfa',31,''),(942,19,'files_trashbin/files/v0.1-3-no-executable-files-possilbe.d1496612446/refreshIcon.png','0b466e316d8648534550601f94eff78b',914,'refreshIcon.png',18,5,671,1496465505,1496465505,1,0,'25b150c377c4ef50f1f0eb7d6fb0cce0',27,''),(943,19,'files_encryption/keys/files_trashbin/files/v0.1-3-no-executable-files-possilbe.d1496612446/resetIcon.png','7ef1f3ced2c09d2adae298fc545c7400',915,'resetIcon.png',2,1,544,1496465507,1496465507,0,0,'5932406350996',31,''),(944,19,'files_encryption/keys/files_trashbin/files/v0.1-3-no-executable-files-possilbe.d1496612446/resetIcon.png/OC_DEFAULT_MODULE','b659d8a0393be078d713493b0277aabc',943,'OC_DEFAULT_MODULE',2,1,544,1496465507,1496465507,0,0,'5932406359c60',31,''),(945,19,'files_trashbin/files/v0.1-3-no-executable-files-possilbe.d1496612446/resetIcon.png','f8bdc61c90a4afad40dd4fd9a402c933',914,'resetIcon.png',18,5,4269,1496465507,1496465507,1,0,'e02bec7e1f4c86896fa15e15fe946e39',27,''),(946,19,'files_encryption/keys/files_trashbin/files/v0.1-3-no-executable-files-possilbe.d1496612446/run-application.sh','6e9d4a8d210ea386f581409640e79f07',915,'run-application.sh',2,1,544,1496465508,1496465508,0,0,'593240648749c',31,''),(947,19,'files_encryption/keys/files_trashbin/files/v0.1-3-no-executable-files-possilbe.d1496612446/run-application.sh/OC_DEFAULT_MODULE','5e0815a1eeaff3e0c9b8123e90f34f6f',946,'OC_DEFAULT_MODULE',2,1,544,1496465508,1496465508,0,0,'5932406491532',31,''),(948,19,'files_trashbin/files/v0.1-3-no-executable-files-possilbe.d1496612446/run-application.sh','378c4a3238cb953530f8e6090077ed2e',914,'run-application.sh',36,10,30,1496465508,1496465508,1,0,'f97be6e9399ce5c989ed5f994824fe9f',27,''),(949,19,'files_encryption/keys/files_trashbin/files/v0.1.3-reply.d1496612443/run-application.zip','851562a16d7adf6f3b7775e3a9259773',908,'run-application.zip',2,1,544,1496465616,1496465616,0,0,'593240d04e885',31,''),(950,19,'files_encryption/keys/files_trashbin/files/v0.1.3-reply.d1496612443/run-application.zip/OC_DEFAULT_MODULE','73682066689e0c5e70b541faf6117aac',949,'OC_DEFAULT_MODULE',2,1,544,1496465616,1496465616,0,0,'593240d05a6e5',31,''),(951,19,'files_trashbin/files/v0.1.3-reply.d1496612443/run-application.zip','11aeca1ffe2344375beff3a7ad03ac00',907,'run-application.zip',35,3,200,1496465616,1496465616,1,0,'8b7c1e91106625fd985325c1b7e90437',27,''),(952,19,'files_encryption/keys/files_trashbin/files/v0.1.3-reply.d1496612443/run-application.zip/OC_DEFAULT_MODULE/gregor.mitsch.shareKey','d2179881909a1f51f1b1898c66eedcdc',950,'gregor.mitsch.shareKey',12,3,512,1496465616,1496465616,0,0,'34385a3b29ebf628cc5e3d1d6b970838',27,''),(953,19,'files_encryption/keys/files_trashbin/files/v0.1.3-reply.d1496612443/run-application.zip/OC_DEFAULT_MODULE/fileKey','5ecc813a236f278d85de53e35fca8ef8',950,'fileKey',12,3,32,1496465616,1496465616,0,0,'73d7e7ea9f8c79501e88c4309459b3ef',27,''),(954,19,'files_encryption/keys/files_trashbin/files/v0.1-3-no-executable-files-possilbe.d1496612446/run-application.sh/OC_DEFAULT_MODULE/gregor.mitsch.shareKey','fb11d3fccef64123b61a4bf2f81b059a',947,'gregor.mitsch.shareKey',12,3,512,1496465508,1496465508,0,0,'11682a5743652d32bf7741fd2c096ed6',27,''),(955,19,'files_encryption/keys/files_trashbin/files/v0.1-3-no-executable-files-possilbe.d1496612446/run-application.sh/OC_DEFAULT_MODULE/fileKey','52080dedd1f2c46fd26389e74b028b76',947,'fileKey',12,3,32,1496465508,1496465508,0,0,'af702a20e2b6c5652af4a7d3dd15af42',27,''),(956,19,'files_encryption/keys/files_trashbin/files/v0.1-3-no-executable-files-possilbe.d1496612446/resetIcon.png/OC_DEFAULT_MODULE/gregor.mitsch.shareKey','a91a2d8793e77bb392b856b52b350dc6',944,'gregor.mitsch.shareKey',12,3,512,1496465507,1496465507,0,0,'053e1f9d433224b3cb82cfba2c35508f',27,''),(957,19,'files_encryption/keys/files_trashbin/files/v0.1-3-no-executable-files-possilbe.d1496612446/resetIcon.png/OC_DEFAULT_MODULE/fileKey','5dcf1f3cf2bdebeeb4262979da27c05f',944,'fileKey',12,3,32,1496465507,1496465507,0,0,'068549f6b6f28ec3f5f8b161a831d35b',27,''),(958,19,'files_encryption/keys/files_trashbin/files/v0.1-3-no-executable-files-possilbe.d1496612446/refreshIcon.png/OC_DEFAULT_MODULE/gregor.mitsch.shareKey','407ab5d506a2f080d5340063691de2b0',941,'gregor.mitsch.shareKey',12,3,512,1496465505,1496465505,0,0,'42e5789001183461c096278cc9538de0',27,''),(959,19,'files_encryption/keys/files_trashbin/files/v0.1-3-no-executable-files-possilbe.d1496612446/refreshIcon.png/OC_DEFAULT_MODULE/fileKey','4f3d37ee2973c1bbf0d0419d70615de8',941,'fileKey',12,3,32,1496465505,1496465505,0,0,'6b5e477dd95e20cf24a7840ab410f9e3',27,''),(960,19,'files_encryption/keys/files_trashbin/files/v0.1-3-no-executable-files-possilbe.d1496612446/playIcon.png/OC_DEFAULT_MODULE/gregor.mitsch.shareKey','513afba1285df74a16540e31512c237a',938,'gregor.mitsch.shareKey',12,3,512,1496465504,1496465504,0,0,'929967030b2215f56413973407751ccd',27,''),(961,19,'files_encryption/keys/files_trashbin/files/v0.1-3-no-executable-files-possilbe.d1496612446/playIcon.png/OC_DEFAULT_MODULE/fileKey','2a391abfd163728f84d31ef1c4f9751b',938,'fileKey',12,3,32,1496465504,1496465504,0,0,'37d17c5210e33957544b9192317e7f5f',27,''),(962,19,'files_encryption/keys/files_trashbin/files/v0.1-3-no-executable-files-possilbe.d1496612446/pauseIcon.png/OC_DEFAULT_MODULE/gregor.mitsch.shareKey','edcaf6367b5611472f2816f3969a9ce7',935,'gregor.mitsch.shareKey',12,3,512,1496465503,1496465503,0,0,'c657338b9dda5d2152cfe0c31da816ab',27,''),(963,19,'files_encryption/keys/files_trashbin/files/v0.1-3-no-executable-files-possilbe.d1496612446/pauseIcon.png/OC_DEFAULT_MODULE/fileKey','bce93acbf7917b4c7142868a5c0f9795',935,'fileKey',12,3,32,1496465503,1496465503,0,0,'b5fbda3ad95388f1eba4fab1fe44ac4c',27,''),(964,19,'files_encryption/keys/files_trashbin/files/v0.1-3-no-executable-files-possilbe.d1496612446/mechanikSchieferWurf.py/OC_DEFAULT_MODULE/gregor.mitsch.shareKey','86b891c71cae7058fef4fb356748d24f',932,'gregor.mitsch.shareKey',12,3,512,1496465502,1496465502,0,0,'30dc3e3b75811df75c9bafef44ec1333',27,''),(965,19,'files_encryption/keys/files_trashbin/files/v0.1-3-no-executable-files-possilbe.d1496612446/mechanikSchieferWurf.py/OC_DEFAULT_MODULE/fileKey','0ea95c7e81380e32292399251f359e67',932,'fileKey',12,3,32,1496465502,1496465502,0,0,'8a75fd96d471e891777daf2e47da835a',27,''),(966,19,'files_encryption/keys/files_trashbin/files/v0.1-3-no-executable-files-possilbe.d1496612446/mechanikMain.py/OC_DEFAULT_MODULE/gregor.mitsch.shareKey','51b027dfd712c6b1a2cd0a7986f0e2d0',929,'gregor.mitsch.shareKey',12,3,512,1496465500,1496465500,0,0,'014848d366a33e1fb2353c1ffa28d029',27,''),(967,19,'files_encryption/keys/files_trashbin/files/v0.1-3-no-executable-files-possilbe.d1496612446/mechanikMain.py/OC_DEFAULT_MODULE/fileKey','79085bc9b3027758c836fe6cae172094',929,'fileKey',12,3,32,1496465500,1496465500,0,0,'66ed5e4af082d2196185a8c1c88270da',27,''),(968,19,'files_encryption/keys/files_trashbin/files/v0.1-3-no-executable-files-possilbe.d1496612446/mainLayout.py/OC_DEFAULT_MODULE/gregor.mitsch.shareKey','13b8f45582c1fe488d4e4ea411e19881',926,'gregor.mitsch.shareKey',12,3,512,1496465499,1496465499,0,0,'732899b5e68d38e1a34a075c22bbc151',27,''),(969,19,'files_encryption/keys/files_trashbin/files/v0.1-3-no-executable-files-possilbe.d1496612446/mainLayout.py/OC_DEFAULT_MODULE/fileKey','ec83dfc619cfb3abe49e0d9c03d9c2f9',926,'fileKey',12,3,32,1496465499,1496465499,0,0,'245b030f175699e13e4bb1cd05fe4c05',27,''),(970,19,'files_encryption/keys/files_trashbin/files/v0.1-3-no-executable-files-possilbe.d1496612446/main.py/OC_DEFAULT_MODULE/gregor.mitsch.shareKey','0b6c6a2090592275fa92888ba8ce0854',923,'gregor.mitsch.shareKey',12,3,512,1496465497,1496465497,0,0,'3f4f618d816b115bbfb6aa7d21879310',27,''),(971,19,'files_encryption/keys/files_trashbin/files/v0.1-3-no-executable-files-possilbe.d1496612446/main.py/OC_DEFAULT_MODULE/fileKey','a85186b260d110c2eafce54fe3177a70',923,'fileKey',12,3,32,1496465497,1496465497,0,0,'0d759cd032e0e2a32be2d69377f26c9d',27,''),(972,19,'files_encryption/keys/files_trashbin/files/v0.1-3-no-executable-files-possilbe.d1496612446/kontrollpanel.py/OC_DEFAULT_MODULE/gregor.mitsch.shareKey','003878b181d668770a95088fa3a73203',920,'gregor.mitsch.shareKey',12,3,512,1496465496,1496465496,0,0,'d49cfdfd73661c7b8572dff3bc28dfc7',27,''),(973,19,'files_encryption/keys/files_trashbin/files/v0.1-3-no-executable-files-possilbe.d1496612446/kontrollpanel.py/OC_DEFAULT_MODULE/fileKey','55662c9c2e70a8a2d56a934aad2b5d90',920,'fileKey',12,3,32,1496465496,1496465496,0,0,'9d4aa5aff2435e59754bf4a27df1331e',27,''),(974,19,'files_encryption/keys/files_trashbin/files/v0.1-3-no-executable-files-possilbe.d1496612446/achsen.py/OC_DEFAULT_MODULE/gregor.mitsch.shareKey','291e0b0652e26635669f46cc46272898',917,'gregor.mitsch.shareKey',12,3,512,1496465495,1496465495,0,0,'394964e0bd199673b79a5cbe935649c3',27,''),(975,19,'files_encryption/keys/files_trashbin/files/v0.1-3-no-executable-files-possilbe.d1496612446/achsen.py/OC_DEFAULT_MODULE/fileKey','32831e271028158a2ccf2ef4e3e07b81',917,'fileKey',12,3,32,1496465495,1496465495,0,0,'3812f3a8f9059236b6296e1f0b821b20',27,''),(976,19,'files_encryption/keys/files_trashbin/files/v0.1.3-reply.d1496612443/main.py','05d64c31faa59bb45f70a9569469f8c0',908,'main.py',2,1,544,1496470289,1496470289,0,0,'593253115e764',31,''),(977,19,'files_encryption/keys/files_trashbin/files/v0.1.3-reply.d1496612443/main.py/OC_DEFAULT_MODULE','39d6bb219e7ceb15c5a87f7800d7f3c0',976,'OC_DEFAULT_MODULE',2,1,544,1496470289,1496470289,0,0,'593253116a850',31,''),(978,19,'files_trashbin/files/v0.1.3-reply.d1496612443/main.py','440f1320fd91d7e733690c065c36db63',907,'main.py',37,10,1855,1496470289,1496470289,1,0,'6cc2f74a30b36ffd53b5d19ff873aecb',27,''),(979,19,'files_encryption/keys/files_trashbin/files/v0.1.3-reply.d1496612443/main.py/OC_DEFAULT_MODULE/gregor.mitsch.shareKey','265b4ae1324fb5ac5e9385bad7e07b2c',977,'gregor.mitsch.shareKey',12,3,512,1496470289,1496470289,0,0,'5862565dacc2ff7c2b6b984c28dd6e7a',27,''),(980,19,'files_encryption/keys/files_trashbin/files/v0.1.3-reply.d1496612443/main.py/OC_DEFAULT_MODULE/fileKey','8a8ea9d8a4cf211036c338214f5f04d9',977,'fileKey',12,3,32,1496470289,1496470289,0,0,'5feb2d8f20613771499cecb44291a0dc',27,''),(997,19,'files_trashbin/files/V 0.2.0.d1496612452','1a80c48a8340797f3cf72620de53a754',1321,'V 0.2.0.d1496612452',2,1,37981,1496496146,1496496138,0,0,'5932b8132bc62',31,''),(998,19,'files_trashbin/files/V 0.2.0.d1496612452/__pycache__','c7629b72233f185cf93593ea8221b8b9',997,'__pycache__',2,1,15686,1496496146,1496496146,0,0,'5932b8132bc62',31,''),(999,19,'files_encryption/keys/files_trashbin/files/V 0.2.0.d1496612452','018c674de169c0ac8c2ac37efd2406d5',1327,'V 0.2.0.d1496612452',2,1,9248,1496496139,1496496139,0,0,'5932b7f9e5e80',31,''),(1000,19,'files_encryption/keys/files_trashbin/files/V 0.2.0.d1496612452/mainLayout.py','2b6a64558853a2d18bbc91417d99ce4a',999,'mainLayout.py',2,1,544,1496496122,1496496122,0,0,'5932b7fa17b45',31,''),(1001,19,'files_encryption/keys/files_trashbin/files/V 0.2.0.d1496612452/mainLayout.py/OC_DEFAULT_MODULE','41b1130e39bb01fe4ef52ae437dac800',1000,'OC_DEFAULT_MODULE',2,1,544,1496496122,1496496122,0,0,'5932b7fa1ff66',31,''),(1002,19,'files_trashbin/files/V 0.2.0.d1496612452/mainLayout.py','114f3d541ddbda746c653542a5830a5f',997,'mainLayout.py',37,10,1012,1496496122,1496496122,1,0,'38e19a79d7f24d283e690c63efa34e51',27,''),(1003,19,'files_encryption/keys/files_trashbin/files/V 0.2.0.d1496612452/.directory','f2bb657c2c1de60a4befd0d24916caa6',999,'.directory',2,1,544,1496496123,1496496123,0,0,'5932b7fb85471',31,''),(1004,19,'files_encryption/keys/files_trashbin/files/V 0.2.0.d1496612452/.directory/OC_DEFAULT_MODULE','8ac44e3ae204cea4a58cf181b5a703b6',1003,'OC_DEFAULT_MODULE',2,1,544,1496496123,1496496123,0,0,'5932b7fb90863',31,''),(1005,19,'files_trashbin/files/V 0.2.0.d1496612452/.directory','d02b69e3d5d65aa6afb02cf1e6ada4f6',997,'.directory',12,3,59,1496496123,1496496123,1,0,'65836010c6199cb34be86b1d753268bc',27,''),(1006,19,'files_encryption/keys/files_trashbin/files/V 0.2.0.d1496612452/achsen.py','adbfbf37e4ed3e7ff5fa0d6d60f91142',999,'achsen.py',2,1,544,1496496124,1496496124,0,0,'5932b7fd02583',31,''),(1007,19,'files_encryption/keys/files_trashbin/files/V 0.2.0.d1496612452/achsen.py/OC_DEFAULT_MODULE','6a458a2252d085378a79329292ccf10a',1006,'OC_DEFAULT_MODULE',2,1,544,1496496124,1496496124,0,0,'5932b7fd12a27',31,''),(1008,19,'files_trashbin/files/V 0.2.0.d1496612452/achsen.py','de64a5df2b5a36e8d16b10e9bba145b0',997,'achsen.py',37,10,6380,1496496124,1496496124,1,0,'c0ae0c8b4cbfd38e1c11fa572876fae8',27,''),(1009,19,'files_encryption/keys/files_trashbin/files/V 0.2.0.d1496612452/resetIcon.png','f5782fe86ec4949b64506f6bae89e4e9',999,'resetIcon.png',2,1,544,1496496126,1496496126,0,0,'5932b7feac349',31,''),(1010,19,'files_encryption/keys/files_trashbin/files/V 0.2.0.d1496612452/resetIcon.png/OC_DEFAULT_MODULE','0ae2cb7056ac2f35eaa0e604e52d25be',1009,'OC_DEFAULT_MODULE',2,1,544,1496496126,1496496126,0,0,'5932b7feb64eb',31,''),(1011,19,'files_trashbin/files/V 0.2.0.d1496612452/resetIcon.png','582a2cca319406f284820c1c40512885',997,'resetIcon.png',18,5,4269,1496496126,1496496126,1,0,'011bc5eeae28af80c339dee36e8cc994',27,''),(1012,19,'files_encryption/keys/files_trashbin/files/V 0.2.0.d1496612452/refreshIcon.png','5af415fa611d86140d792a9e31752150',999,'refreshIcon.png',2,1,544,1496496128,1496496128,0,0,'5932b80024251',31,''),(1013,19,'files_encryption/keys/files_trashbin/files/V 0.2.0.d1496612452/refreshIcon.png/OC_DEFAULT_MODULE','daf5bc4603538c1e2e2c8e833b3f326d',1012,'OC_DEFAULT_MODULE',2,1,544,1496496128,1496496128,0,0,'5932b8002ec3c',31,''),(1014,19,'files_trashbin/files/V 0.2.0.d1496612452/refreshIcon.png','d04c91abebfb81df34499081e7c2b660',997,'refreshIcon.png',18,5,671,1496496128,1496496128,1,0,'9e899418ee43bb2f0b0f2cf71ee69659',27,''),(1015,19,'files_encryption/keys/files_trashbin/files/V 0.2.0.d1496612452/playIcon.png','cc49e8a6690a541c1396dc9f0ad8eca9',999,'playIcon.png',2,1,544,1496496129,1496496129,0,0,'5932b8018a1f8',31,''),(1016,19,'files_encryption/keys/files_trashbin/files/V 0.2.0.d1496612452/playIcon.png/OC_DEFAULT_MODULE','cd3f17a07a478992d9c27e49a4dfa6d9',1015,'OC_DEFAULT_MODULE',2,1,544,1496496129,1496496129,0,0,'5932b80192f49',31,''),(1017,19,'files_trashbin/files/V 0.2.0.d1496612452/playIcon.png','db1d499e1ad3a5fb3c5e84ec8497421d',997,'playIcon.png',18,5,495,1496496129,1496496129,1,0,'e3a612d9d74e9bb842b5e47a899e2acb',27,''),(1018,19,'files_encryption/keys/files_trashbin/files/V 0.2.0.d1496612452/kontrollpanel.py','569c2ae342455c74146a984ba31b062c',999,'kontrollpanel.py',2,1,544,1496496130,1496496130,0,0,'5932b802e1341',31,''),(1019,19,'files_encryption/keys/files_trashbin/files/V 0.2.0.d1496612452/kontrollpanel.py/OC_DEFAULT_MODULE','449440d99c4f5adfd636dcb854fc544c',1018,'OC_DEFAULT_MODULE',2,1,544,1496496130,1496496130,0,0,'5932b802eb118',31,''),(1020,19,'files_trashbin/files/V 0.2.0.d1496612452/kontrollpanel.py','616ab09b7cb9f80906c1c8ed8c44cb58',997,'kontrollpanel.py',37,10,2128,1496496130,1496496130,1,0,'48d7ad72a6b29ddbe4a26a4f05855aa1',27,''),(1021,19,'files_encryption/keys/files_trashbin/files/V 0.2.0.d1496612452/main.py','4ce17093ffe2f76e4898ae6d6cb642fd',999,'main.py',2,1,544,1496496132,1496496132,0,0,'5932b804978d1',31,''),(1022,19,'files_encryption/keys/files_trashbin/files/V 0.2.0.d1496612452/main.py/OC_DEFAULT_MODULE','53bcb2ca238760257649f454e86cf1dc',1021,'OC_DEFAULT_MODULE',2,1,544,1496496132,1496496132,0,0,'5932b804a350d',31,''),(1023,19,'files_trashbin/files/V 0.2.0.d1496612452/main.py','bdbf6c21d6a6a3cccf52c6a92197c483',997,'main.py',37,10,1454,1496496132,1496496132,1,0,'ae194a52105e6d44d697281a4648d466',27,''),(1024,19,'files_encryption/keys/files_trashbin/files/V 0.2.0.d1496612452/run-application.sh','a901caaced70d6087dc6e8dd45389607',999,'run-application.sh',2,1,544,1496496133,1496496133,0,0,'5932b80604edd',31,''),(1025,19,'files_encryption/keys/files_trashbin/files/V 0.2.0.d1496612452/run-application.sh/OC_DEFAULT_MODULE','332b7147de8452abc728e7934db93919',1024,'OC_DEFAULT_MODULE',2,1,544,1496496133,1496496133,0,0,'5932b806170db',31,''),(1026,19,'files_trashbin/files/V 0.2.0.d1496612452/run-application.sh','41efc8777b18680404fa87d758a81398',997,'run-application.sh',36,10,30,1496496133,1496496133,1,0,'55c3a539872c2b31b48ee79efd3e5282',27,''),(1027,19,'files_encryption/keys/files_trashbin/files/V 0.2.0.d1496612452/mechanikMain.py','a7fab29d403e3644abc7f4f94524d8c8',999,'mechanikMain.py',2,1,544,1496496135,1496496135,0,0,'5932b80789ee9',31,''),(1028,19,'files_encryption/keys/files_trashbin/files/V 0.2.0.d1496612452/mechanikMain.py/OC_DEFAULT_MODULE','389fcda16d4d9889849350f98bc3a97d',1027,'OC_DEFAULT_MODULE',2,1,544,1496496135,1496496135,0,0,'5932b80793d5f',31,''),(1029,19,'files_trashbin/files/V 0.2.0.d1496612452/mechanikMain.py','42eca400a1555b87a307772496104ed8',997,'mechanikMain.py',37,10,1384,1496496135,1496496135,1,0,'93beba65c2c389c0c44dead1ee8e7b82',27,''),(1030,19,'files_encryption/keys/files_trashbin/files/V 0.2.0.d1496612452/pauseIcon.png','edd03ff64a8b6c9675fbd562af0c1e9d',999,'pauseIcon.png',2,1,544,1496496137,1496496137,0,0,'5932b809478a4',31,''),(1031,19,'files_encryption/keys/files_trashbin/files/V 0.2.0.d1496612452/pauseIcon.png/OC_DEFAULT_MODULE','7118054ba21951c780cd86c1870f363f',1030,'OC_DEFAULT_MODULE',2,1,544,1496496137,1496496137,0,0,'5932b8094f70d',31,''),(1032,19,'files_trashbin/files/V 0.2.0.d1496612452/pauseIcon.png','033622fc6eeab67fcb5e67909f108e98',997,'pauseIcon.png',18,5,542,1496496137,1496496137,1,0,'3a4e79f9f9762678cdcacc3fefc44e15',27,''),(1033,19,'files_encryption/keys/files_trashbin/files/V 0.2.0.d1496612452/mechanikSchieferWurf.py','200e67e7ed530344445359caab69213c',999,'mechanikSchieferWurf.py',2,1,544,1496496138,1496496138,0,0,'5932b80a8959b',31,''),(1034,19,'files_encryption/keys/files_trashbin/files/V 0.2.0.d1496612452/mechanikSchieferWurf.py/OC_DEFAULT_MODULE','9ac8475a5ab54fa4874c5d1e007c9bf6',1033,'OC_DEFAULT_MODULE',2,1,544,1496496138,1496496138,0,0,'5932b80a93561',31,''),(1035,19,'files_trashbin/files/V 0.2.0.d1496612452/mechanikSchieferWurf.py','6fc7680146a08552c038627727be2f58',997,'mechanikSchieferWurf.py',37,10,3871,1496496138,1496496138,1,0,'29ead61732cc452691f521eae3d3389d',27,''),(1036,19,'files_encryption/keys/files_trashbin/files/V 0.2.0.d1496612452/__pycache__','ae377687fe31dca638fbe01c1e1c2ad5',999,'__pycache__',2,1,2720,1496496146,1496496146,0,0,'5932b80c00174',31,''),(1037,19,'files_encryption/keys/files_trashbin/files/V 0.2.0.d1496612452/__pycache__/mechanikMain.cpython-36.pyc','6f298c16223521394b81e5e9dd03e462',1036,'mechanikMain.cpython-36.pyc',2,1,544,1496496140,1496496140,0,0,'5932b80c2e91f',31,''),(1038,19,'files_encryption/keys/files_trashbin/files/V 0.2.0.d1496612452/__pycache__/mechanikMain.cpython-36.pyc/OC_DEFAULT_MODULE','ac0909172351662c8b8e2362c8b0abef',1037,'OC_DEFAULT_MODULE',2,1,544,1496496140,1496496140,0,0,'5932b80c389ae',31,''),(1039,19,'files_trashbin/files/V 0.2.0.d1496612452/__pycache__/mechanikMain.cpython-36.pyc','64a6ae830e33b5fdb98d448d407f0287',998,'mechanikMain.cpython-36.pyc',12,3,1847,1496496140,1496496140,1,0,'a9a776f19c0c0a15468864d8c0546b0d',27,''),(1040,19,'files_encryption/keys/files_trashbin/files/V 0.2.0.d1496612452/__pycache__/achsen.cpython-36.pyc','42a7aab89982ff63b4d3c3ca8106f22d',1036,'achsen.cpython-36.pyc',2,1,544,1496496141,1496496141,0,0,'5932b80dae70f',31,''),(1041,19,'files_encryption/keys/files_trashbin/files/V 0.2.0.d1496612452/__pycache__/achsen.cpython-36.pyc/OC_DEFAULT_MODULE','8e10e08bca93ccfc97978f320e8a87b0',1040,'OC_DEFAULT_MODULE',2,1,544,1496496141,1496496141,0,0,'5932b80db75d0',31,''),(1042,19,'files_trashbin/files/V 0.2.0.d1496612452/__pycache__/achsen.cpython-36.pyc','0e1e108c4fd1e1cfb923cd38da4d3494',998,'achsen.cpython-36.pyc',12,3,5747,1496496141,1496496141,1,0,'7fb7d0a77a5a10e665a109e2d5a44902',27,''),(1043,19,'files_encryption/keys/files_trashbin/files/V 0.2.0.d1496612452/__pycache__/mechanikSchieferWurf.cpython-36.pyc','b4e8b1313ff5d3604862e44fd1dc65f5',1036,'mechanikSchieferWurf.cpython-36.pyc',2,1,544,1496496143,1496496143,0,0,'5932b80f368d1',31,''),(1044,19,'files_encryption/keys/files_trashbin/files/V 0.2.0.d1496612452/__pycache__/mechanikSchieferWurf.cpython-36.pyc/OC_DEFAULT_MODULE','3730f05c3ea0962a7201ca2af978da10',1043,'OC_DEFAULT_MODULE',2,1,544,1496496143,1496496143,0,0,'5932b80f42a06',31,''),(1045,19,'files_trashbin/files/V 0.2.0.d1496612452/__pycache__/mechanikSchieferWurf.cpython-36.pyc','00e550005bb813da41b99a9aa1624f0b',998,'mechanikSchieferWurf.cpython-36.pyc',12,3,4134,1496496143,1496496143,1,0,'4ea0fb9817dc0a5fbde7310a9d6a1033',27,''),(1046,19,'files_encryption/keys/files_trashbin/files/V 0.2.0.d1496612452/__pycache__/mainLayout.cpython-36.pyc','9f095f8ecc030cabff7ce995549ef761',1036,'mainLayout.cpython-36.pyc',2,1,544,1496496144,1496496144,0,0,'5932b810bf3bb',31,''),(1047,19,'files_encryption/keys/files_trashbin/files/V 0.2.0.d1496612452/__pycache__/mainLayout.cpython-36.pyc/OC_DEFAULT_MODULE','1a5b4b79f86e3fc397b2e93c083798d8',1046,'OC_DEFAULT_MODULE',2,1,544,1496496144,1496496144,0,0,'5932b810caf32',31,''),(1048,19,'files_trashbin/files/V 0.2.0.d1496612452/__pycache__/mainLayout.cpython-36.pyc','60f19ec9e4c09dc20ce94c939db3bc6c',998,'mainLayout.cpython-36.pyc',12,3,1568,1496496144,1496496144,1,0,'9d48cffecc76dce7171a711646b614ac',27,''),(1049,19,'files_encryption/keys/files_trashbin/files/V 0.2.0.d1496612452/__pycache__/kontrollpanel.cpython-36.pyc','0bf8cf6b84027d2656c3ae31d9e5d885',1036,'kontrollpanel.cpython-36.pyc',2,1,544,1496496146,1496496146,0,0,'5932b8124939a',31,''),(1050,19,'files_encryption/keys/files_trashbin/files/V 0.2.0.d1496612452/__pycache__/kontrollpanel.cpython-36.pyc/OC_DEFAULT_MODULE','179b79c908fd9be73cc42c2dac7b8ce7',1049,'OC_DEFAULT_MODULE',2,1,544,1496496146,1496496146,0,0,'5932b812574c2',31,''),(1051,19,'files_trashbin/files/V 0.2.0.d1496612452/__pycache__/kontrollpanel.cpython-36.pyc','99482f80f6f5d29e27876e89a461898f',998,'kontrollpanel.cpython-36.pyc',12,3,2390,1496496146,1496496146,1,0,'6e9dc1483bfa367b70d397d14aa4627c',27,''),(1072,19,'thumbnails/479/1024-683-max.png','a2f270d7e35e61d7d92a5cbc7dbc74d7',497,'1024-683-max.png',18,5,79994,1496496437,1496496437,0,0,'6463527c726a9925a2ea21481089dfd2',27,''),(1073,19,'thumbnails/479/200-200.png','42b03f8bc025eb2b042667b9a0739c64',497,'200-200.png',18,5,6517,1496496438,1496496438,0,0,'d80f0233ab6e3a7fa21a3fa1a1fbbbd2',27,''),(1074,19,'thumbnails/477/1024-683-max.png','68119021d17ea22a35dee129f4f58bee',499,'1024-683-max.png',18,5,91662,1496496438,1496496438,0,0,'677b091c3b330dad4cf93b1ef88035d0',27,''),(1075,19,'thumbnails/477/200-200.png','65f3d75917e5f4c03843100ae8bbcd72',499,'200-200.png',18,5,7359,1496496438,1496496438,0,0,'2d363b5ae357a1d429f2f0738e0c7b18',27,''),(1076,19,'thumbnails/478/1024-768-max.png','1db431c3a180961acd8286df59e8b5ad',500,'1024-768-max.png',18,5,73058,1496496438,1496496438,0,0,'719e1d6c5f4683a19a86e92eec1f19f8',27,''),(1077,19,'thumbnails/478/200-200.png','5046a71381f6a5d58ecf87de347576d1',500,'200-200.png',18,5,6701,1496496438,1496496438,0,0,'b05588daab7c546375828fada3b10f62',27,''),(1078,19,'thumbnails/479/32-32.png','de0efc17d6e774b2ed8993ec8e90518d',497,'32-32.png',18,5,895,1496496473,1496496473,0,0,'15f36496743ce3d6f6bc856e36f55601',27,''),(1079,19,'thumbnails/477/32-32.png','cffb36700566c300f3ddd3d3ea692f23',499,'32-32.png',18,5,929,1496496473,1496496473,0,0,'ec09788a95199d2e0b5d47871f1441ab',27,''),(1080,19,'thumbnails/478/32-32.png','f39bd77bf52597a751883ae3a3a1d8d2',500,'32-32.png',18,5,949,1496496473,1496496473,0,0,'5b2eae22d95a69ddeb5f9f8e355aa6aa',27,''),(1081,19,'files_encryption/keys/files_trashbin/files/V 0.2.0.d1496612452/__pycache__/kontrollpanel.cpython-36.pyc/OC_DEFAULT_MODULE/gregor.mitsch.shareKey','cfda74cbb5e766f3fb993cb792630548',1050,'gregor.mitsch.shareKey',12,3,512,1496496146,1496496146,0,0,'b8a0e0039c9a4bd37232f24ffae6a818',27,''),(1082,19,'files_encryption/keys/files_trashbin/files/V 0.2.0.d1496612452/__pycache__/kontrollpanel.cpython-36.pyc/OC_DEFAULT_MODULE/fileKey','e1d0940ea06ca9703b33872e1d7e3dd9',1050,'fileKey',12,3,32,1496496146,1496496146,0,0,'d312db1a6f61e7b0f35745d5e537cee0',27,''),(1083,19,'files_encryption/keys/files_trashbin/files/V 0.2.0.d1496612452/__pycache__/mainLayout.cpython-36.pyc/OC_DEFAULT_MODULE/gregor.mitsch.shareKey','696e61bf6e294b7de85da0b68e0ccdca',1047,'gregor.mitsch.shareKey',12,3,512,1496496144,1496496144,0,0,'1c6acac54d1da498c1c2276222adc17a',27,''),(1084,19,'files_encryption/keys/files_trashbin/files/V 0.2.0.d1496612452/__pycache__/mainLayout.cpython-36.pyc/OC_DEFAULT_MODULE/fileKey','64fa773121e208071702c0602e58f36c',1047,'fileKey',12,3,32,1496496144,1496496144,0,0,'eae92cb63d8298aaa1362b49309fc5f6',27,''),(1085,19,'files_encryption/keys/files_trashbin/files/V 0.2.0.d1496612452/__pycache__/mechanikSchieferWurf.cpython-36.pyc/OC_DEFAULT_MODULE/gregor.mitsch.shareKey','b3ed18b5ba3d86c5b95c7b812ea986d6',1044,'gregor.mitsch.shareKey',12,3,512,1496496143,1496496143,0,0,'9a96b86bd696687ed3b988b5fd5f7651',27,''),(1086,19,'files_encryption/keys/files_trashbin/files/V 0.2.0.d1496612452/__pycache__/mechanikSchieferWurf.cpython-36.pyc/OC_DEFAULT_MODULE/fileKey','834b1d85a2a99940a92c39e769861122',1044,'fileKey',12,3,32,1496496143,1496496143,0,0,'3f013eb66b75a302ed448464220ec134',27,''),(1087,19,'files_encryption/keys/files_trashbin/files/V 0.2.0.d1496612452/__pycache__/achsen.cpython-36.pyc/OC_DEFAULT_MODULE/gregor.mitsch.shareKey','584b2afb2f8520130b725235c3d90bc9',1041,'gregor.mitsch.shareKey',12,3,512,1496496141,1496496141,0,0,'d4517d14d9ef5c9bdd50cb028fdeabc7',27,''),(1088,19,'files_encryption/keys/files_trashbin/files/V 0.2.0.d1496612452/__pycache__/achsen.cpython-36.pyc/OC_DEFAULT_MODULE/fileKey','05a58f7eee967a1153ebcab0a8c64123',1041,'fileKey',12,3,32,1496496141,1496496141,0,0,'d7240b6113405f89013f89e697cbd403',27,''),(1089,19,'files_encryption/keys/files_trashbin/files/V 0.2.0.d1496612452/__pycache__/mechanikMain.cpython-36.pyc/OC_DEFAULT_MODULE/gregor.mitsch.shareKey','d8ee8dfca4b3a85663ba95df4047fa10',1038,'gregor.mitsch.shareKey',12,3,512,1496496140,1496496140,0,0,'5ab1770764343e00a76e21e8f40e3f07',27,''),(1090,19,'files_encryption/keys/files_trashbin/files/V 0.2.0.d1496612452/__pycache__/mechanikMain.cpython-36.pyc/OC_DEFAULT_MODULE/fileKey','070b2713ef28786829cc944f64c179c2',1038,'fileKey',12,3,32,1496496140,1496496140,0,0,'acda3cba6bb07770cbf6fe76dc06c8b4',27,''),(1091,19,'files_encryption/keys/files_trashbin/files/V 0.2.0.d1496612452/mechanikSchieferWurf.py/OC_DEFAULT_MODULE/gregor.mitsch.shareKey','1a65d7b20cc38b578a6a7ba1d7880eb1',1034,'gregor.mitsch.shareKey',12,3,512,1496496138,1496496138,0,0,'dbe154613d039e9cafbf9907fa605dda',27,''),(1092,19,'files_encryption/keys/files_trashbin/files/V 0.2.0.d1496612452/mechanikSchieferWurf.py/OC_DEFAULT_MODULE/fileKey','c62482434fe22a3bb4bb755273ae97fc',1034,'fileKey',12,3,32,1496496138,1496496138,0,0,'dbafd449cbf637639fac12a9a268055b',27,''),(1093,19,'files_encryption/keys/files_trashbin/files/V 0.2.0.d1496612452/pauseIcon.png/OC_DEFAULT_MODULE/gregor.mitsch.shareKey','32fda6337357e36d2d51511e2e711318',1031,'gregor.mitsch.shareKey',12,3,512,1496496137,1496496137,0,0,'2ebf906a3dfb898434c7023f6feb15da',27,''),(1094,19,'files_encryption/keys/files_trashbin/files/V 0.2.0.d1496612452/pauseIcon.png/OC_DEFAULT_MODULE/fileKey','b2f60a3928d9d9d2eb31ccf7d087186f',1031,'fileKey',12,3,32,1496496137,1496496137,0,0,'4b1bfce75f0acfd00807fb96ea4257eb',27,''),(1095,19,'files_encryption/keys/files_trashbin/files/V 0.2.0.d1496612452/mechanikMain.py/OC_DEFAULT_MODULE/gregor.mitsch.shareKey','fc7b8d10ab372f206f377064bd1bec50',1028,'gregor.mitsch.shareKey',12,3,512,1496496135,1496496135,0,0,'97c44d7cb64d15d7ef59fb45c80ea476',27,''),(1096,19,'files_encryption/keys/files_trashbin/files/V 0.2.0.d1496612452/mechanikMain.py/OC_DEFAULT_MODULE/fileKey','7c4fa9bf5e9d8f499171be14be6b0441',1028,'fileKey',12,3,32,1496496135,1496496135,0,0,'057a84e4742ecce76cfa5688e83e2b19',27,''),(1097,19,'files_encryption/keys/files_trashbin/files/V 0.2.0.d1496612452/run-application.sh/OC_DEFAULT_MODULE/gregor.mitsch.shareKey','0224f61ee31e2a77e3284675f24c7134',1025,'gregor.mitsch.shareKey',12,3,512,1496496133,1496496133,0,0,'ea128da153463da61f05d5a044613706',27,''),(1098,19,'files_encryption/keys/files_trashbin/files/V 0.2.0.d1496612452/run-application.sh/OC_DEFAULT_MODULE/fileKey','a03f730d32eca49a919fd384621fc1b2',1025,'fileKey',12,3,32,1496496133,1496496133,0,0,'549e0b9defe4907f3f6fbac0b87d8987',27,''),(1099,19,'files_encryption/keys/files_trashbin/files/V 0.2.0.d1496612452/main.py/OC_DEFAULT_MODULE/gregor.mitsch.shareKey','bc1a37d47cdc57d9fc007307225e3e8e',1022,'gregor.mitsch.shareKey',12,3,512,1496496132,1496496132,0,0,'cc175f879fb59c370ad69f0534623ab7',27,''),(1100,19,'files_encryption/keys/files_trashbin/files/V 0.2.0.d1496612452/main.py/OC_DEFAULT_MODULE/fileKey','408ab845716e37ce5611bee4c6d9f7dc',1022,'fileKey',12,3,32,1496496132,1496496132,0,0,'03039171346d8e9b9af69f4bafd47044',27,''),(1101,19,'files_encryption/keys/files_trashbin/files/V 0.2.0.d1496612452/kontrollpanel.py/OC_DEFAULT_MODULE/gregor.mitsch.shareKey','a20eff5f9a54c3c746ef5dd3d6eeb8ec',1019,'gregor.mitsch.shareKey',12,3,512,1496496130,1496496130,0,0,'5e3324c5c2187585574bea2c9fbcc3f4',27,''),(1102,19,'files_encryption/keys/files_trashbin/files/V 0.2.0.d1496612452/kontrollpanel.py/OC_DEFAULT_MODULE/fileKey','22d832f3929d9a0b83c5158ab69d0c70',1019,'fileKey',12,3,32,1496496130,1496496130,0,0,'8bf7c46d5b5ae55937ce0b1ce86f73a1',27,''),(1103,19,'files_encryption/keys/files_trashbin/files/V 0.2.0.d1496612452/playIcon.png/OC_DEFAULT_MODULE/gregor.mitsch.shareKey','1fbd5e5f6548848b12cd696329080086',1016,'gregor.mitsch.shareKey',12,3,512,1496496129,1496496129,0,0,'9af85b4898e39b569637628ced36c69b',27,''),(1104,19,'files_encryption/keys/files_trashbin/files/V 0.2.0.d1496612452/playIcon.png/OC_DEFAULT_MODULE/fileKey','7a84b11910ff847cde04b69cbce207f0',1016,'fileKey',12,3,32,1496496129,1496496129,0,0,'1e86d0d676a2a2ad79c284f31368f2ef',27,''),(1105,19,'files_encryption/keys/files_trashbin/files/V 0.2.0.d1496612452/refreshIcon.png/OC_DEFAULT_MODULE/gregor.mitsch.shareKey','0dc37a1b7ff6bbb9d6b9bff34ab4ce4e',1013,'gregor.mitsch.shareKey',12,3,512,1496496128,1496496128,0,0,'d05243889fd7155b8457b4ab77250749',27,''),(1106,19,'files_encryption/keys/files_trashbin/files/V 0.2.0.d1496612452/refreshIcon.png/OC_DEFAULT_MODULE/fileKey','098e6262f578d1149f44ae7034e44aab',1013,'fileKey',12,3,32,1496496128,1496496128,0,0,'fad7b049599c38515cdb262f84ec7d8f',27,''),(1107,19,'files_encryption/keys/files_trashbin/files/V 0.2.0.d1496612452/resetIcon.png/OC_DEFAULT_MODULE/gregor.mitsch.shareKey','3bc96f5cfa980f46ea22bb44db493c07',1010,'gregor.mitsch.shareKey',12,3,512,1496496126,1496496126,0,0,'52ee38494079d8f1f102100a46e32905',27,''),(1108,19,'files_encryption/keys/files_trashbin/files/V 0.2.0.d1496612452/resetIcon.png/OC_DEFAULT_MODULE/fileKey','d38b9b25eb42f634bd6728c8a5761a91',1010,'fileKey',12,3,32,1496496126,1496496126,0,0,'b10fdb338b55cdb44f884b0707a42ffe',27,''),(1109,19,'files_encryption/keys/files_trashbin/files/V 0.2.0.d1496612452/achsen.py/OC_DEFAULT_MODULE/gregor.mitsch.shareKey','60a8d3dae8f31906de51e547e786d720',1007,'gregor.mitsch.shareKey',12,3,512,1496496124,1496496124,0,0,'e607f9ad3c3eb49dfa76970ad6487f1c',27,''),(1110,19,'files_encryption/keys/files_trashbin/files/V 0.2.0.d1496612452/achsen.py/OC_DEFAULT_MODULE/fileKey','6426069545e6482f7d6dab8ff2eeee20',1007,'fileKey',12,3,32,1496496124,1496496124,0,0,'01fca1410ccba2d84bf0fa8f71bb3f65',27,''),(1111,19,'files_encryption/keys/files_trashbin/files/V 0.2.0.d1496612452/.directory/OC_DEFAULT_MODULE/gregor.mitsch.shareKey','887e9b9256e5c8d65387e279c82725bc',1004,'gregor.mitsch.shareKey',12,3,512,1496496123,1496496123,0,0,'48660a431e494f80628ef7eaa0c1f4c1',27,''),(1112,19,'files_encryption/keys/files_trashbin/files/V 0.2.0.d1496612452/.directory/OC_DEFAULT_MODULE/fileKey','e9517aade56ec22b9ec3cf5535718ad5',1004,'fileKey',12,3,32,1496496123,1496496123,0,0,'d7df853dc1a18ab2002b067f5db7593f',27,''),(1113,19,'files_encryption/keys/files_trashbin/files/V 0.2.0.d1496612452/mainLayout.py/OC_DEFAULT_MODULE/gregor.mitsch.shareKey','afdf54d64176e4975f99f21c0b891c8c',1001,'gregor.mitsch.shareKey',12,3,512,1496496122,1496496122,0,0,'5a773c3975c3198c6423fb422d1f1b6b',27,''),(1114,19,'files_encryption/keys/files_trashbin/files/V 0.2.0.d1496612452/mainLayout.py/OC_DEFAULT_MODULE/fileKey','216a644056bbb3e29e5f48aeefcfb2e4',1001,'fileKey',12,3,32,1496496122,1496496122,0,0,'c32bc55eae319ffaf72458a5695cbe31',27,''),(1115,19,'files_trashbin/files/V 0.2.1.d1496612450','8981c13b59a5b56a5469cac42cc573de',1321,'V 0.2.1.d1496612450',2,1,38832,1496518284,1496518276,0,0,'59330e8c6e51d',31,''),(1116,19,'files_trashbin/files/V 0.2.1.d1496612450/__pycache__','457381f8f1761c4c86d5072cd08400a6',1115,'__pycache__',2,1,16177,1496518284,1496518284,0,0,'59330e8c6e51d',31,''),(1117,19,'files_encryption/keys/files_trashbin/files/V 0.2.1.d1496612450','b3909bba32aef88ed13d9af17af40fde',1327,'V 0.2.1.d1496612450',2,1,9792,1496518277,1496518277,0,0,'59330e73d2efc',31,''),(1118,19,'files_encryption/keys/files_trashbin/files/V 0.2.1.d1496612450/mainLayout.py','ee825f3775784ce55b3a2b2f835c7374',1117,'mainLayout.py',2,1,544,1496518259,1496518259,0,0,'59330e740329f',31,''),(1119,19,'files_encryption/keys/files_trashbin/files/V 0.2.1.d1496612450/mainLayout.py/OC_DEFAULT_MODULE','6f385128124b4bab516e0eb4c254c738',1118,'OC_DEFAULT_MODULE',2,1,544,1496518259,1496518259,0,0,'59330e740cc6a',31,''),(1120,19,'files_trashbin/files/V 0.2.1.d1496612450/mainLayout.py','7f33cedcb0aa6f97d309cae292420721',1115,'mainLayout.py',37,10,1012,1496518259,1496518259,1,0,'277202cdc17fb49f25ac133a3739b36f',27,''),(1121,19,'files_encryption/keys/files_trashbin/files/V 0.2.1.d1496612450/.directory','76e07ba8b6b4f7d07051fa27573656e7',1117,'.directory',2,1,544,1496518261,1496518261,0,0,'59330e753f48f',31,''),(1122,19,'files_encryption/keys/files_trashbin/files/V 0.2.1.d1496612450/.directory/OC_DEFAULT_MODULE','01f6603b26af3f341526ad60e54357f1',1121,'OC_DEFAULT_MODULE',2,1,544,1496518261,1496518261,0,0,'59330e7548923',31,''),(1123,19,'files_trashbin/files/V 0.2.1.d1496612450/.directory','f1758d1c821ad6138e1822b146e41ca0',1115,'.directory',12,3,59,1496518261,1496518261,1,0,'584094c2dc4eece94e6e1fd2fe492075',27,''),(1124,19,'files_encryption/keys/files_trashbin/files/V 0.2.1.d1496612450/achsen.py','1249db59185d5f541181593a89316e43',1117,'achsen.py',2,1,544,1496518262,1496518262,0,0,'59330e7695d17',31,''),(1125,19,'files_encryption/keys/files_trashbin/files/V 0.2.1.d1496612450/achsen.py/OC_DEFAULT_MODULE','7115ec30461d0e0e5ee9c6a72058353f',1124,'OC_DEFAULT_MODULE',2,1,544,1496518262,1496518262,0,0,'59330e76a1714',31,''),(1126,19,'files_trashbin/files/V 0.2.1.d1496612450/achsen.py','42c3f2f2257827c42c87265e8512d4a4',1115,'achsen.py',37,10,7067,1496518262,1496518262,1,0,'d233e0147565d4553eb9bb2719349f11',27,''),(1127,19,'files_encryption/keys/files_trashbin/files/V 0.2.1.d1496612450/resetIcon.png','9808572679047701626d9c03ea75eae5',1117,'resetIcon.png',2,1,544,1496518264,1496518264,0,0,'59330e7817aac',31,''),(1128,19,'files_encryption/keys/files_trashbin/files/V 0.2.1.d1496612450/resetIcon.png/OC_DEFAULT_MODULE','80702c2528a95ed1e2bcb6331cdebd17',1127,'OC_DEFAULT_MODULE',2,1,544,1496518264,1496518264,0,0,'59330e7821285',31,''),(1129,19,'files_trashbin/files/V 0.2.1.d1496612450/resetIcon.png','bb3e10d2a81c381c0bb27a44268cf7c4',1115,'resetIcon.png',18,5,4269,1496518264,1496518264,1,0,'8e107043d973878abb062bcc29bf4428',27,''),(1130,19,'files_encryption/keys/files_trashbin/files/V 0.2.1.d1496612450/refreshIcon.png','0deaf52683366f18f59fc8d9634bf60a',1117,'refreshIcon.png',2,1,544,1496518265,1496518265,0,0,'59330e7961614',31,''),(1131,19,'files_encryption/keys/files_trashbin/files/V 0.2.1.d1496612450/refreshIcon.png/OC_DEFAULT_MODULE','283d83b07a2cd91ec791a90330aceeb3',1130,'OC_DEFAULT_MODULE',2,1,544,1496518265,1496518265,0,0,'59330e796abf1',31,''),(1132,19,'files_trashbin/files/V 0.2.1.d1496612450/refreshIcon.png','f1109a6d421eb17afe181d8d332cc491',1115,'refreshIcon.png',18,5,671,1496518265,1496518265,1,0,'b10b2950877c5344b90d1bd6d6f913ce',27,''),(1133,19,'files_encryption/keys/files_trashbin/files/V 0.2.1.d1496612450/playIcon.png','d7cca46d2052b02e7dbf020f3355e50e',1117,'playIcon.png',2,1,544,1496518266,1496518266,0,0,'59330e7aa30c8',31,''),(1134,19,'files_encryption/keys/files_trashbin/files/V 0.2.1.d1496612450/playIcon.png/OC_DEFAULT_MODULE','3830cecc40d65a3185ec795b7d6013f4',1133,'OC_DEFAULT_MODULE',2,1,544,1496518266,1496518266,0,0,'59330e7aad155',31,''),(1135,19,'files_trashbin/files/V 0.2.1.d1496612450/playIcon.png','d8910d0801ad3c9a8442b1b6e5cbfc9e',1115,'playIcon.png',18,5,495,1496518266,1496518266,1,0,'ef9c4252c089fdea4ee9e1cbd1ba053b',27,''),(1136,19,'files_encryption/keys/files_trashbin/files/V 0.2.1.d1496612450/.main.py.kate-swp','1f3e12abce38929bf3dd4eed16c5e882',1117,'.main.py.kate-swp',2,1,544,1496518268,1496518268,0,0,'59330e7c97c0d',31,''),(1137,19,'files_encryption/keys/files_trashbin/files/V 0.2.1.d1496612450/.main.py.kate-swp/OC_DEFAULT_MODULE','dccef9eb6284b0947f2466b7c9271dbd',1136,'OC_DEFAULT_MODULE',2,1,544,1496518268,1496518268,0,0,'59330e7ca18fb',31,''),(1138,19,'files_trashbin/files/V 0.2.1.d1496612450/.main.py.kate-swp','609554ffd8983e8388ea95f00bd1ceed',1115,'.main.py.kate-swp',12,3,48,1496518268,1496518268,1,0,'e479ad7d1df5ca8844a9f3b3eedbda14',27,''),(1139,19,'files_encryption/keys/files_trashbin/files/V 0.2.1.d1496612450/kontrollpanel.py','064c1794458e62326f39be7f81ca77ee',1117,'kontrollpanel.py',2,1,544,1496518269,1496518269,0,0,'59330e7dd7d55',31,''),(1140,19,'files_encryption/keys/files_trashbin/files/V 0.2.1.d1496612450/kontrollpanel.py/OC_DEFAULT_MODULE','fd2ab3c83318def698788fbed21cd594',1139,'OC_DEFAULT_MODULE',2,1,544,1496518269,1496518269,0,0,'59330e7de1b5c',31,''),(1141,19,'files_trashbin/files/V 0.2.1.d1496612450/kontrollpanel.py','232c561cd4d1fb292039454d67d5d4cc',1115,'kontrollpanel.py',37,10,2128,1496518269,1496518269,1,0,'706abd7e09bf5f6587f8274d9871d209',27,''),(1142,19,'files_encryption/keys/files_trashbin/files/V 0.2.1.d1496612450/main.py','7abcc60dee6c189c1be161f74dd33433',1117,'main.py',2,1,544,1496518271,1496518271,0,0,'59330e7f45b14',31,''),(1143,19,'files_encryption/keys/files_trashbin/files/V 0.2.1.d1496612450/main.py/OC_DEFAULT_MODULE','52424eea1f48f655c7a0d600ed35bb6c',1142,'OC_DEFAULT_MODULE',2,1,544,1496518271,1496518271,0,0,'59330e7f4fa8f',31,''),(1144,19,'files_trashbin/files/V 0.2.1.d1496612450/main.py','0942c370105b058a3263654f52fd06ef',1115,'main.py',37,10,876,1496518271,1496518271,1,0,'5cc22fc73eec5e72310b699c7a152a45',27,''),(1145,19,'files_encryption/keys/files_trashbin/files/V 0.2.1.d1496612450/run-application.sh','df9b9dfb445381bb1b210800be685ac9',1117,'run-application.sh',2,1,544,1496518272,1496518272,0,0,'59330e808396b',31,''),(1146,19,'files_encryption/keys/files_trashbin/files/V 0.2.1.d1496612450/run-application.sh/OC_DEFAULT_MODULE','7e03615aa289e883f7c2b7eed01d2fec',1145,'OC_DEFAULT_MODULE',2,1,544,1496518272,1496518272,0,0,'59330e808d189',31,''),(1147,19,'files_trashbin/files/V 0.2.1.d1496612450/run-application.sh','52e667cb2e886644d033c666218584a7',1115,'run-application.sh',36,10,30,1496518272,1496518272,1,0,'867e0349c387447ad96c904108b3719d',27,''),(1148,19,'files_encryption/keys/files_trashbin/files/V 0.2.1.d1496612450/mechanikMain.py','7fd9c42630f94a814f213631721eb426',1117,'mechanikMain.py',2,1,544,1496518273,1496518273,0,0,'59330e81ae972',31,''),(1149,19,'files_encryption/keys/files_trashbin/files/V 0.2.1.d1496612450/mechanikMain.py/OC_DEFAULT_MODULE','38c86e26945b82d20571d36a7d26b60d',1148,'OC_DEFAULT_MODULE',2,1,544,1496518273,1496518273,0,0,'59330e81b68f0',31,''),(1150,19,'files_trashbin/files/V 0.2.1.d1496612450/mechanikMain.py','f16aeb977ec474a6d412f879371a0501',1115,'mechanikMain.py',37,10,1384,1496518273,1496518273,1,0,'f7fc6a76f39bdc1f6ec0faa8ebe9e42c',27,''),(1151,19,'files_encryption/keys/files_trashbin/files/V 0.2.1.d1496612450/pauseIcon.png','c20457dfd8f7b014ebb7ef14cb4f319d',1117,'pauseIcon.png',2,1,544,1496518275,1496518275,0,0,'59330e832b767',31,''),(1152,19,'files_encryption/keys/files_trashbin/files/V 0.2.1.d1496612450/pauseIcon.png/OC_DEFAULT_MODULE','54295ed05d990f31e9f17adeea3e7b7c',1151,'OC_DEFAULT_MODULE',2,1,544,1496518275,1496518275,0,0,'59330e8337607',31,''),(1153,19,'files_trashbin/files/V 0.2.1.d1496612450/pauseIcon.png','1a4ec9d6ec7dabd2e8591efdcd554012',1115,'pauseIcon.png',18,5,542,1496518275,1496518275,1,0,'7fb18138da4a0be82ffb9a0f0c81d83a',27,''),(1154,19,'files_encryption/keys/files_trashbin/files/V 0.2.1.d1496612450/mechanikSchieferWurf.py','3a83a99e4efe7e8e5c1ea79989115c15',1117,'mechanikSchieferWurf.py',2,1,544,1496518276,1496518276,0,0,'59330e847b4d3',31,''),(1155,19,'files_encryption/keys/files_trashbin/files/V 0.2.1.d1496612450/mechanikSchieferWurf.py/OC_DEFAULT_MODULE','89d6e41b74089a339e69aa376be53248',1154,'OC_DEFAULT_MODULE',2,1,544,1496518276,1496518276,0,0,'59330e8482da1',31,''),(1156,19,'files_trashbin/files/V 0.2.1.d1496612450/mechanikSchieferWurf.py','c3bc5bf1a507ee62d677bdc6e6597625',1115,'mechanikSchieferWurf.py',37,10,4074,1496518276,1496518276,1,0,'33f60dea2160c93eededf66ce9c2724a',27,''),(1157,19,'files_encryption/keys/files_trashbin/files/V 0.2.1.d1496612450/__pycache__','df730eadb04a1a216b8f4bb370a97432',1117,'__pycache__',2,1,2720,1496518284,1496518284,0,0,'59330e85b5762',31,''),(1158,19,'files_encryption/keys/files_trashbin/files/V 0.2.1.d1496612450/__pycache__/mechanikMain.cpython-36.pyc','333f4bd875a43bfb11f0f7495de5c3ba',1157,'mechanikMain.cpython-36.pyc',2,1,544,1496518277,1496518277,0,0,'59330e85e3d61',31,''),(1159,19,'files_encryption/keys/files_trashbin/files/V 0.2.1.d1496612450/__pycache__/mechanikMain.cpython-36.pyc/OC_DEFAULT_MODULE','ab8ea09a6a9b755b53bacbe0afaeeeef',1158,'OC_DEFAULT_MODULE',2,1,544,1496518277,1496518277,0,0,'59330e85ed82b',31,''),(1160,19,'files_trashbin/files/V 0.2.1.d1496612450/__pycache__/mechanikMain.cpython-36.pyc','83a9b6bb66497477b4d5cc1b05e079f1',1116,'mechanikMain.cpython-36.pyc',12,3,1847,1496518277,1496518277,1,0,'01ed8104c446f967601217bbcfac9b63',27,''),(1161,19,'files_encryption/keys/files_trashbin/files/V 0.2.1.d1496612450/__pycache__/achsen.cpython-36.pyc','930b90c53107205c599de5955ef5d6a3',1157,'achsen.cpython-36.pyc',2,1,544,1496518279,1496518279,0,0,'59330e87b5bf4',31,''),(1162,19,'files_encryption/keys/files_trashbin/files/V 0.2.1.d1496612450/__pycache__/achsen.cpython-36.pyc/OC_DEFAULT_MODULE','64e822fc2ac555bcf6ce2cdd0e3c5329',1161,'OC_DEFAULT_MODULE',2,1,544,1496518279,1496518279,0,0,'59330e87bd869',31,''),(1163,19,'files_trashbin/files/V 0.2.1.d1496612450/__pycache__/achsen.cpython-36.pyc','ff4305892ad6739a04bee7b72a0edf71',1116,'achsen.cpython-36.pyc',12,3,5993,1496518279,1496518279,1,0,'d4c8cbadb9d144d0d116bbc5261ac01e',27,''),(1164,19,'files_encryption/keys/files_trashbin/files/V 0.2.1.d1496612450/__pycache__/mechanikSchieferWurf.cpython-36.pyc','e635a647f845afd4d74187c7e3bbbcd4',1157,'mechanikSchieferWurf.cpython-36.pyc',2,1,544,1496518281,1496518281,0,0,'59330e8919d41',31,''),(1165,19,'files_encryption/keys/files_trashbin/files/V 0.2.1.d1496612450/__pycache__/mechanikSchieferWurf.cpython-36.pyc/OC_DEFAULT_MODULE','c1057e948ea4ee097d8a9d086032cfae',1164,'OC_DEFAULT_MODULE',2,1,544,1496518281,1496518281,0,0,'59330e8921a35',31,''),(1166,19,'files_trashbin/files/V 0.2.1.d1496612450/__pycache__/mechanikSchieferWurf.cpython-36.pyc','6916a1236b55deedfdaf66dd6117ac85',1116,'mechanikSchieferWurf.cpython-36.pyc',12,3,4379,1496518281,1496518281,1,0,'01162e021216057ce826fda5b095be49',27,''),(1167,19,'files_encryption/keys/files_trashbin/files/V 0.2.1.d1496612450/__pycache__/mainLayout.cpython-36.pyc','5a9cf0d42a849fa431ea2cd91a416965',1157,'mainLayout.cpython-36.pyc',2,1,544,1496518282,1496518282,0,0,'59330e8a90cf7',31,''),(1168,19,'files_encryption/keys/files_trashbin/files/V 0.2.1.d1496612450/__pycache__/mainLayout.cpython-36.pyc/OC_DEFAULT_MODULE','1d4e6ed536ae5bff61d44436e39740e1',1167,'OC_DEFAULT_MODULE',2,1,544,1496518282,1496518282,0,0,'59330e8a9c481',31,''),(1169,19,'files_trashbin/files/V 0.2.1.d1496612450/__pycache__/mainLayout.cpython-36.pyc','63ecec744f5e4df7f478de8736eb156f',1116,'mainLayout.cpython-36.pyc',12,3,1568,1496518282,1496518282,1,0,'4b9885545cb7b45710db8c0e82dc5a1d',27,''),(1170,19,'files_encryption/keys/files_trashbin/files/V 0.2.1.d1496612450/__pycache__/kontrollpanel.cpython-36.pyc','438dad6bff0e6e836665b9a2f24c8da3',1157,'kontrollpanel.cpython-36.pyc',2,1,544,1496518284,1496518284,0,0,'59330e8c1ab36',31,''),(1171,19,'files_encryption/keys/files_trashbin/files/V 0.2.1.d1496612450/__pycache__/kontrollpanel.cpython-36.pyc/OC_DEFAULT_MODULE','c613ab7fa336a8ab517238e49d3832c6',1170,'OC_DEFAULT_MODULE',2,1,544,1496518284,1496518284,0,0,'59330e8c231bf',31,''),(1172,19,'files_trashbin/files/V 0.2.1.d1496612450/__pycache__/kontrollpanel.cpython-36.pyc','068fedb9595409568dc6aee79822291c',1116,'kontrollpanel.cpython-36.pyc',12,3,2390,1496518284,1496518284,1,0,'7a35f7ad0160b702488161ad4aa130e9',27,''),(1173,19,'files_encryption/keys/files_trashbin/files/V 0.2.1.d1496612450/__pycache__/kontrollpanel.cpython-36.pyc/OC_DEFAULT_MODULE/gregor.mitsch.shareKey','fc4b20e0660cf2caa463170200a84de9',1171,'gregor.mitsch.shareKey',12,3,512,1496518284,1496518284,0,0,'f2f88e4b39fbfe7daa724458209d57a7',27,''),(1174,19,'files_encryption/keys/files_trashbin/files/V 0.2.1.d1496612450/__pycache__/kontrollpanel.cpython-36.pyc/OC_DEFAULT_MODULE/fileKey','a560f862cccfc38e848b9bc71e8f8e9a',1171,'fileKey',12,3,32,1496518284,1496518284,0,0,'d7e122a492f5c97355e4d7694d34b1f8',27,''),(1175,19,'files_encryption/keys/files_trashbin/files/V 0.2.1.d1496612450/__pycache__/mainLayout.cpython-36.pyc/OC_DEFAULT_MODULE/gregor.mitsch.shareKey','f0fa57b330f1ea1a40b4c000a5969617',1168,'gregor.mitsch.shareKey',12,3,512,1496518282,1496518282,0,0,'9dc0bb64c9ae50306352d05aacf21a87',27,''),(1176,19,'files_encryption/keys/files_trashbin/files/V 0.2.1.d1496612450/__pycache__/mainLayout.cpython-36.pyc/OC_DEFAULT_MODULE/fileKey','f9499701051217d9c7dbf4fcc2d7eacf',1168,'fileKey',12,3,32,1496518282,1496518282,0,0,'251862a11a6524b66a623562355ef03c',27,''),(1177,19,'files_encryption/keys/files_trashbin/files/V 0.2.1.d1496612450/__pycache__/mechanikSchieferWurf.cpython-36.pyc/OC_DEFAULT_MODULE/gregor.mitsch.shareKey','397337a5c382ee8f4200a9672c79729b',1165,'gregor.mitsch.shareKey',12,3,512,1496518281,1496518281,0,0,'7e74845a2de4cb35639cb1d44c906ac4',27,''),(1178,19,'files_encryption/keys/files_trashbin/files/V 0.2.1.d1496612450/__pycache__/mechanikSchieferWurf.cpython-36.pyc/OC_DEFAULT_MODULE/fileKey','35ee95f37b9f9b56a312ad275cae5cc6',1165,'fileKey',12,3,32,1496518281,1496518281,0,0,'587cafff107ce35ba31f790c3db039f1',27,''),(1179,19,'files_encryption/keys/files_trashbin/files/V 0.2.1.d1496612450/__pycache__/achsen.cpython-36.pyc/OC_DEFAULT_MODULE/gregor.mitsch.shareKey','e508a2a15e7268952f7eced1869ab526',1162,'gregor.mitsch.shareKey',12,3,512,1496518279,1496518279,0,0,'3d21429118b7eb9d10ac47e5d49be165',27,''),(1180,19,'files_encryption/keys/files_trashbin/files/V 0.2.1.d1496612450/__pycache__/achsen.cpython-36.pyc/OC_DEFAULT_MODULE/fileKey','45ea602b6a8c5963de77d9324bb43e11',1162,'fileKey',12,3,32,1496518279,1496518279,0,0,'b5895eab53a546ffae1a3262d6710508',27,''),(1181,19,'files_encryption/keys/files_trashbin/files/V 0.2.1.d1496612450/__pycache__/mechanikMain.cpython-36.pyc/OC_DEFAULT_MODULE/gregor.mitsch.shareKey','8a33c6784e4d89a98a92ac33e12e2635',1159,'gregor.mitsch.shareKey',12,3,512,1496518277,1496518277,0,0,'e3aef656f7a3c1a2ea4ebf7db2f019a9',27,''),(1182,19,'files_encryption/keys/files_trashbin/files/V 0.2.1.d1496612450/__pycache__/mechanikMain.cpython-36.pyc/OC_DEFAULT_MODULE/fileKey','f79103fccf30479d0550879fa14d2a86',1159,'fileKey',12,3,32,1496518277,1496518277,0,0,'fde26ba24d4bf6365e78c956ae856981',27,''),(1183,19,'files_encryption/keys/files_trashbin/files/V 0.2.1.d1496612450/mechanikSchieferWurf.py/OC_DEFAULT_MODULE/gregor.mitsch.shareKey','8d70178cd0893b395a41ba92cf16f6ce',1155,'gregor.mitsch.shareKey',12,3,512,1496518276,1496518276,0,0,'e8591966601bc6019152b5be3649d272',27,''),(1184,19,'files_encryption/keys/files_trashbin/files/V 0.2.1.d1496612450/mechanikSchieferWurf.py/OC_DEFAULT_MODULE/fileKey','62b01b2f0449f283babc73b4bcd85803',1155,'fileKey',12,3,32,1496518276,1496518276,0,0,'47021e82a256c5cf44e29d13c12d1635',27,''),(1185,19,'files_encryption/keys/files_trashbin/files/V 0.2.1.d1496612450/pauseIcon.png/OC_DEFAULT_MODULE/gregor.mitsch.shareKey','f7ac6c3e0a45a72e315b6b7732e286a9',1152,'gregor.mitsch.shareKey',12,3,512,1496518275,1496518275,0,0,'d278b44004b49b0bb91856d9aeb35248',27,''),(1186,19,'files_encryption/keys/files_trashbin/files/V 0.2.1.d1496612450/pauseIcon.png/OC_DEFAULT_MODULE/fileKey','68717e21fb43f56072cfbe6c483dbd52',1152,'fileKey',12,3,32,1496518275,1496518275,0,0,'8d735d6beb7c5e355f79e4e719f0a254',27,''),(1187,19,'files_encryption/keys/files_trashbin/files/V 0.2.1.d1496612450/mechanikMain.py/OC_DEFAULT_MODULE/gregor.mitsch.shareKey','698661234249590b06893df47432900b',1149,'gregor.mitsch.shareKey',12,3,512,1496518273,1496518273,0,0,'35d9fee64093e76361f9e7965dc98543',27,''),(1188,19,'files_encryption/keys/files_trashbin/files/V 0.2.1.d1496612450/mechanikMain.py/OC_DEFAULT_MODULE/fileKey','7a7ee9183e8ce8412e1d4f2f00bd3d13',1149,'fileKey',12,3,32,1496518273,1496518273,0,0,'322fb26429a539b3154d5b98ba0c0daf',27,''),(1189,19,'files_encryption/keys/files_trashbin/files/V 0.2.1.d1496612450/run-application.sh/OC_DEFAULT_MODULE/gregor.mitsch.shareKey','8bbaf3871eceaabe709fd4ebc122dab5',1146,'gregor.mitsch.shareKey',12,3,512,1496518272,1496518272,0,0,'fc1cc422c333c80004d4b01db51f7082',27,''),(1190,19,'files_encryption/keys/files_trashbin/files/V 0.2.1.d1496612450/run-application.sh/OC_DEFAULT_MODULE/fileKey','0f4ff0a7ac44171f373eb12f61c26c8a',1146,'fileKey',12,3,32,1496518272,1496518272,0,0,'04186bb06b80dd7ca081a8b1b305068a',27,''),(1191,19,'files_encryption/keys/files_trashbin/files/V 0.2.1.d1496612450/main.py/OC_DEFAULT_MODULE/gregor.mitsch.shareKey','c8c9384b4db5902c7f691a819372be0a',1143,'gregor.mitsch.shareKey',12,3,512,1496518271,1496518271,0,0,'227a9c218f7f80799034c3d7d3cc8928',27,''),(1192,19,'files_encryption/keys/files_trashbin/files/V 0.2.1.d1496612450/main.py/OC_DEFAULT_MODULE/fileKey','329ee52ae69ba04eb789a4a539560154',1143,'fileKey',12,3,32,1496518271,1496518271,0,0,'329f69c22adac31527b48a8995fe9ae4',27,''),(1193,19,'files_encryption/keys/files_trashbin/files/V 0.2.1.d1496612450/kontrollpanel.py/OC_DEFAULT_MODULE/gregor.mitsch.shareKey','dcf8bba8df39117545ddd1644d530e0a',1140,'gregor.mitsch.shareKey',12,3,512,1496518269,1496518269,0,0,'94343cd9dfb3f3518078ed648f3c744b',27,''),(1194,19,'files_encryption/keys/files_trashbin/files/V 0.2.1.d1496612450/kontrollpanel.py/OC_DEFAULT_MODULE/fileKey','edb2e300838fc805b0ed661cd6e9b63d',1140,'fileKey',12,3,32,1496518269,1496518269,0,0,'579a9157ae44d8e6ab968e853ef2fddb',27,''),(1195,19,'files_encryption/keys/files_trashbin/files/V 0.2.1.d1496612450/.main.py.kate-swp/OC_DEFAULT_MODULE/gregor.mitsch.shareKey','8960c8ff2351489903ffa50602996f98',1137,'gregor.mitsch.shareKey',12,3,512,1496518268,1496518268,0,0,'ceb1ee987d97df385eb3421d4f9e5e8f',27,''),(1196,19,'files_encryption/keys/files_trashbin/files/V 0.2.1.d1496612450/.main.py.kate-swp/OC_DEFAULT_MODULE/fileKey','424d888e798975d0358075b6bd60757a',1137,'fileKey',12,3,32,1496518268,1496518268,0,0,'73e5f58e35a17373dda95e986dc319d8',27,''),(1197,19,'files_encryption/keys/files_trashbin/files/V 0.2.1.d1496612450/playIcon.png/OC_DEFAULT_MODULE/gregor.mitsch.shareKey','57400b471e1e0140e7aa60f03627b6fb',1134,'gregor.mitsch.shareKey',12,3,512,1496518266,1496518266,0,0,'f611a84124da331c751bc2e8eddb9ce4',27,''),(1198,19,'files_encryption/keys/files_trashbin/files/V 0.2.1.d1496612450/playIcon.png/OC_DEFAULT_MODULE/fileKey','ae32923860b24cc959472c4c9550c5a0',1134,'fileKey',12,3,32,1496518266,1496518266,0,0,'882e4be2a8b71fd863b18456622db98c',27,''),(1199,19,'files_encryption/keys/files_trashbin/files/V 0.2.1.d1496612450/refreshIcon.png/OC_DEFAULT_MODULE/gregor.mitsch.shareKey','9d4a524ded60d7acd933ac981cc6f25b',1131,'gregor.mitsch.shareKey',12,3,512,1496518265,1496518265,0,0,'100136ff2470f45b451fa2d2a922a441',27,''),(1200,19,'files_encryption/keys/files_trashbin/files/V 0.2.1.d1496612450/refreshIcon.png/OC_DEFAULT_MODULE/fileKey','7cbd04f71c98d18db131c6eb30bdeb5f',1131,'fileKey',12,3,32,1496518265,1496518265,0,0,'ce2fb52232d3178b76f3b8fd52cefeb0',27,''),(1201,19,'files_encryption/keys/files_trashbin/files/V 0.2.1.d1496612450/resetIcon.png/OC_DEFAULT_MODULE/gregor.mitsch.shareKey','dadce2898e4d7a6df613d8a4c778b417',1128,'gregor.mitsch.shareKey',12,3,512,1496518264,1496518264,0,0,'58b585589f43ba66c88e5121b72116b6',27,''),(1202,19,'files_encryption/keys/files_trashbin/files/V 0.2.1.d1496612450/resetIcon.png/OC_DEFAULT_MODULE/fileKey','a5046a5da4460630980509cf6af19711',1128,'fileKey',12,3,32,1496518264,1496518264,0,0,'1d8751b109c3b6b97645a6eaa236730e',27,''),(1203,19,'files_encryption/keys/files_trashbin/files/V 0.2.1.d1496612450/achsen.py/OC_DEFAULT_MODULE/gregor.mitsch.shareKey','db00e86a3b808407cb20e97687fc3810',1125,'gregor.mitsch.shareKey',12,3,512,1496518262,1496518262,0,0,'082275a1f2a4c9b85eaaa8366ab2c395',27,''),(1204,19,'files_encryption/keys/files_trashbin/files/V 0.2.1.d1496612450/achsen.py/OC_DEFAULT_MODULE/fileKey','37add993a5b0a9d3fd7d7053e20e962d',1125,'fileKey',12,3,32,1496518262,1496518262,0,0,'d3c42835ff62ac777ec40632bd1f868f',27,''),(1205,19,'files_encryption/keys/files_trashbin/files/V 0.2.1.d1496612450/.directory/OC_DEFAULT_MODULE/gregor.mitsch.shareKey','a73e93f8eaf8e9daa840532e4502e702',1122,'gregor.mitsch.shareKey',12,3,512,1496518261,1496518261,0,0,'a586a4c0615b6377c1de6a8161d9ae6e',27,''),(1206,19,'files_encryption/keys/files_trashbin/files/V 0.2.1.d1496612450/.directory/OC_DEFAULT_MODULE/fileKey','1c44d7fe6de4e1adc4e02a289f789452',1122,'fileKey',12,3,32,1496518261,1496518261,0,0,'19e4d8ff15509951fc6d0a8d2689338a',27,''),(1207,19,'files_encryption/keys/files_trashbin/files/V 0.2.1.d1496612450/mainLayout.py/OC_DEFAULT_MODULE/gregor.mitsch.shareKey','196405313bbd02d19aea25f6409fa6a7',1119,'gregor.mitsch.shareKey',12,3,512,1496518259,1496518259,0,0,'b95e1f420bb1bbcacab5143198bb4c71',27,''),(1208,19,'files_encryption/keys/files_trashbin/files/V 0.2.1.d1496612450/mainLayout.py/OC_DEFAULT_MODULE/fileKey','7d066ec9716c92cc2493ace565857612',1119,'fileKey',12,3,32,1496518259,1496518259,0,0,'56790be65e3c6d215b2aa2bd08712866',27,''),(1209,19,'files_trashbin/files/V 0.3.0.d1496613424','ca7d3958ec71e17849e443b646629b98',1321,'V 0.3.0.d1496613424',2,1,39442,1496608917,1496608909,0,0,'59347095decf6',31,''),(1210,19,'files_trashbin/files/V 0.3.0.d1496613424/__pycache__','c3af0d1b912df119ee6007079cabccd6',1209,'__pycache__',2,1,16106,1496608917,1496608917,0,0,'59347095decf6',31,''),(1211,19,'files_encryption/keys/files_trashbin/files/V 0.3.0.d1496613424','1e902fdd4704c2a552c83a24de2b6b3a',1327,'V 0.3.0.d1496613424',2,1,9248,1496608911,1496608911,0,0,'5934707cbdfb8',31,''),(1212,19,'files_encryption/keys/files_trashbin/files/V 0.3.0.d1496613424/mainLayout.py','744012708a0ba917b99442add46dce08',1211,'mainLayout.py',2,1,544,1496608892,1496608892,0,0,'5934707ce7603',31,''),(1213,19,'files_encryption/keys/files_trashbin/files/V 0.3.0.d1496613424/mainLayout.py/OC_DEFAULT_MODULE','3d393ab7e45f8dc6f79ed85929c36754',1212,'OC_DEFAULT_MODULE',2,1,544,1496608892,1496608892,0,0,'5934707cefb9e',31,''),(1214,19,'files_trashbin/files/V 0.3.0.d1496613424/mainLayout.py','704f5241b8900458b6cd6386a4d35fda',1209,'mainLayout.py',37,10,1012,1496608892,1496608892,1,0,'e50027079cff87d33a40868103753559',27,''),(1215,19,'files_encryption/keys/files_trashbin/files/V 0.3.0.d1496613424/.directory','f9be55d7f683e0015deab20d99161bf2',1211,'.directory',2,1,544,1496608894,1496608894,0,0,'5934707e43f14',31,''),(1216,19,'files_encryption/keys/files_trashbin/files/V 0.3.0.d1496613424/.directory/OC_DEFAULT_MODULE','9eda1dbf3174e91fc8e94167c9edce50',1215,'OC_DEFAULT_MODULE',2,1,544,1496608894,1496608894,0,0,'5934707e4f3a6',31,''),(1217,19,'files_trashbin/files/V 0.3.0.d1496613424/.directory','6b52261ac333d3e765b5078f722a570f',1209,'.directory',12,3,59,1496608894,1496608894,1,0,'47e66a338c486e2f157f8f0412a58249',27,''),(1218,19,'files_encryption/keys/files_trashbin/files/V 0.3.0.d1496613424/achsen.py','6bd1fea911dc4356f75cd30112d7a7cb',1211,'achsen.py',2,1,544,1496608895,1496608895,0,0,'5934707fb9e17',31,''),(1219,19,'files_encryption/keys/files_trashbin/files/V 0.3.0.d1496613424/achsen.py/OC_DEFAULT_MODULE','46a6523c82ca9e3644e96c0994379ed2',1218,'OC_DEFAULT_MODULE',2,1,544,1496608895,1496608895,0,0,'5934707fc6b61',31,''),(1220,19,'files_trashbin/files/V 0.3.0.d1496613424/achsen.py','9e75c44d2fc81f4a35e1aa879587a78d',1209,'achsen.py',37,10,7817,1496608895,1496608895,1,0,'20269a1d3d6caa968cab3025ddad6f0c',27,''),(1221,19,'files_encryption/keys/files_trashbin/files/V 0.3.0.d1496613424/resetIcon.png','7a907d2227dceeadfd4f863319b5a51b',1211,'resetIcon.png',2,1,544,1496608897,1496608897,0,0,'593470813ec5c',31,''),(1222,19,'files_encryption/keys/files_trashbin/files/V 0.3.0.d1496613424/resetIcon.png/OC_DEFAULT_MODULE','9f43b374cb9aa7a4c5bcf7c196153715',1221,'OC_DEFAULT_MODULE',2,1,544,1496608897,1496608897,0,0,'5934708148a46',31,''),(1223,19,'files_trashbin/files/V 0.3.0.d1496613424/resetIcon.png','bf9804900750f6494b04eb8b057327c2',1209,'resetIcon.png',18,5,4269,1496608897,1496608897,1,0,'b47166063ef627b5e31b13a40789e89d',27,''),(1224,19,'files_encryption/keys/files_trashbin/files/V 0.3.0.d1496613424/refreshIcon.png','d7a7910d001e83f80de48e6bc6943ad3',1211,'refreshIcon.png',2,1,544,1496608898,1496608898,0,0,'59347082eacaa',31,''),(1225,19,'files_encryption/keys/files_trashbin/files/V 0.3.0.d1496613424/refreshIcon.png/OC_DEFAULT_MODULE','9fcdfb27b2cf1e1ee7a5918e9cd82177',1224,'OC_DEFAULT_MODULE',2,1,544,1496608898,1496608898,0,0,'5934708300677',31,''),(1226,19,'files_trashbin/files/V 0.3.0.d1496613424/refreshIcon.png','4bcfb4224db990f5835aac204296f466',1209,'refreshIcon.png',18,5,671,1496608898,1496608898,1,0,'2eb819095b3647c99ee1b2e783145638',27,''),(1227,19,'files_encryption/keys/files_trashbin/files/V 0.3.0.d1496613424/playIcon.png','55f49c4cda0366916fd69ed16f5b1eb9',1211,'playIcon.png',2,1,544,1496608900,1496608900,0,0,'593470849c6a4',31,''),(1228,19,'files_encryption/keys/files_trashbin/files/V 0.3.0.d1496613424/playIcon.png/OC_DEFAULT_MODULE','7e8df35bdc08f263f4ad736f3f1defcb',1227,'OC_DEFAULT_MODULE',2,1,544,1496608900,1496608900,0,0,'59347084a8217',31,''),(1229,19,'files_trashbin/files/V 0.3.0.d1496613424/playIcon.png','8cb0b70772cf6f4399f60fcabd314f9e',1209,'playIcon.png',18,5,495,1496608900,1496608900,1,0,'a57db27099de9952510f9d161d0a4b49',27,''),(1230,19,'files_encryption/keys/files_trashbin/files/V 0.3.0.d1496613424/kontrollpanel.py','cf37233940c5b3b0bdaaea560523d758',1211,'kontrollpanel.py',2,1,544,1496608901,1496608901,0,0,'5934708602ae3',31,''),(1231,19,'files_encryption/keys/files_trashbin/files/V 0.3.0.d1496613424/kontrollpanel.py/OC_DEFAULT_MODULE','5c552a1be98c05a76fff5bd6caed9a1d',1230,'OC_DEFAULT_MODULE',2,1,544,1496608901,1496608901,0,0,'593470860c01c',31,''),(1232,19,'files_trashbin/files/V 0.3.0.d1496613424/kontrollpanel.py','11153f6f0272de344e610580ba07ce2f',1209,'kontrollpanel.py',37,10,2128,1496608901,1496608901,1,0,'d57da09be005ccd18f8449820c0e35d1',27,''),(1233,19,'files_encryption/keys/files_trashbin/files/V 0.3.0.d1496613424/main.py','cc785651a4a64a96c9f0230841cc2794',1211,'main.py',2,1,544,1496608903,1496608903,0,0,'593470876cada',31,''),(1234,19,'files_encryption/keys/files_trashbin/files/V 0.3.0.d1496613424/main.py/OC_DEFAULT_MODULE','dd39091db125babd1292e10c0a6274bb',1233,'OC_DEFAULT_MODULE',2,1,544,1496608903,1496608903,0,0,'5934708777e54',31,''),(1235,19,'files_trashbin/files/V 0.3.0.d1496613424/main.py','a97e0d0e546402f4a4ed634b047ba39f',1209,'main.py',37,10,876,1496608903,1496608903,1,0,'3f47e57310bfff374820e0ad2c7f7d44',27,''),(1236,19,'files_encryption/keys/files_trashbin/files/V 0.3.0.d1496613424/run-application.sh','8ab702498fc19c85900b9ce304b65995',1211,'run-application.sh',2,1,544,1496608905,1496608905,0,0,'593470895071c',31,''),(1237,19,'files_encryption/keys/files_trashbin/files/V 0.3.0.d1496613424/run-application.sh/OC_DEFAULT_MODULE','d2890fa96e8374571335a3a44ba9321b',1236,'OC_DEFAULT_MODULE',2,1,544,1496608905,1496608905,0,0,'5934708958589',31,''),(1238,19,'files_trashbin/files/V 0.3.0.d1496613424/run-application.sh','cc5972106d9976a3a976ba6c4a40c5ff',1209,'run-application.sh',36,10,30,1496608905,1496608905,1,0,'71eb44762390dbdb3c8e998e26e4b3ed',27,''),(1239,19,'files_encryption/keys/files_trashbin/files/V 0.3.0.d1496613424/mechanikMain.py','a8abc085712ad993d4f22b7f38eeae86',1211,'mechanikMain.py',2,1,544,1496608906,1496608906,0,0,'5934708a97f25',31,''),(1240,19,'files_encryption/keys/files_trashbin/files/V 0.3.0.d1496613424/mechanikMain.py/OC_DEFAULT_MODULE','bd322a74b2ba611a0977214b5e9d857e',1239,'OC_DEFAULT_MODULE',2,1,544,1496608906,1496608906,0,0,'5934708aa0788',31,''),(1241,19,'files_trashbin/files/V 0.3.0.d1496613424/mechanikMain.py','435972ea47fb93d3fbbcfe74c8eacbdd',1209,'mechanikMain.py',37,10,1384,1496608906,1496608906,1,0,'02298c43dd638c909ed3d9b73134cc8a',27,''),(1242,19,'files_encryption/keys/files_trashbin/files/V 0.3.0.d1496613424/pauseIcon.png','bc46aa6039e52b93854794f2ac685120',1211,'pauseIcon.png',2,1,544,1496608907,1496608907,0,0,'5934708be0b9a',31,''),(1243,19,'files_encryption/keys/files_trashbin/files/V 0.3.0.d1496613424/pauseIcon.png/OC_DEFAULT_MODULE','992a900eeb354cb29a98154e0152f987',1242,'OC_DEFAULT_MODULE',2,1,544,1496608907,1496608907,0,0,'5934708bebc6f',31,''),(1244,19,'files_trashbin/files/V 0.3.0.d1496613424/pauseIcon.png','32699a234e6719c41d03f22fd0a49203',1209,'pauseIcon.png',18,5,542,1496608907,1496608907,1,0,'ff0893dc365c6ee5f6570c879b47c334',27,''),(1245,19,'files_encryption/keys/files_trashbin/files/V 0.3.0.d1496613424/mechanikSchieferWurf.py','0ffaff16218fbca07461a99248103b57',1211,'mechanikSchieferWurf.py',2,1,544,1496608909,1496608909,0,0,'5934708db0b96',31,''),(1246,19,'files_encryption/keys/files_trashbin/files/V 0.3.0.d1496613424/mechanikSchieferWurf.py/OC_DEFAULT_MODULE','915be2dc0ce93ace0e6a919f292e9aef',1245,'OC_DEFAULT_MODULE',2,1,544,1496608909,1496608909,0,0,'5934708db9dd4',31,''),(1247,19,'files_trashbin/files/V 0.3.0.d1496613424/mechanikSchieferWurf.py','77911785950bd5d688ce55bfd6949fd5',1209,'mechanikSchieferWurf.py',37,10,4053,1496608909,1496608909,1,0,'0bafca65e81b2970016a2b6a73ad344d',27,''),(1248,19,'files_encryption/keys/files_trashbin/files/V 0.3.0.d1496613424/__pycache__','a84d8e1080855d76b720bb96c849aa87',1211,'__pycache__',2,1,2720,1496608917,1496608917,0,0,'5934708f06814',31,''),(1249,19,'files_encryption/keys/files_trashbin/files/V 0.3.0.d1496613424/__pycache__/mechanikMain.cpython-36.pyc','d1f794200037afd9ecf7ff208e26920e',1248,'mechanikMain.cpython-36.pyc',2,1,544,1496608911,1496608911,0,0,'5934708f2a9c6',31,''),(1250,19,'files_encryption/keys/files_trashbin/files/V 0.3.0.d1496613424/__pycache__/mechanikMain.cpython-36.pyc/OC_DEFAULT_MODULE','d4011cad8bd1cc62a4d0ae1d6ad291b0',1249,'OC_DEFAULT_MODULE',2,1,544,1496608911,1496608911,0,0,'5934708f331a2',31,''),(1251,19,'files_trashbin/files/V 0.3.0.d1496613424/__pycache__/mechanikMain.cpython-36.pyc','78df953fc580700ad0043603b507a665',1210,'mechanikMain.cpython-36.pyc',12,3,1847,1496608911,1496608911,1,0,'e86ca4d99601e4ad2589ad04becb7591',27,''),(1252,19,'files_encryption/keys/files_trashbin/files/V 0.3.0.d1496613424/__pycache__/achsen.cpython-36.pyc','7ffd67b815d6e0cb0a17951487ef37e0',1248,'achsen.cpython-36.pyc',2,1,544,1496608912,1496608912,0,0,'59347090b56bc',31,''),(1253,19,'files_encryption/keys/files_trashbin/files/V 0.3.0.d1496613424/__pycache__/achsen.cpython-36.pyc/OC_DEFAULT_MODULE','c38f010ade1da94d692415988fd2ce5e',1252,'OC_DEFAULT_MODULE',2,1,544,1496608912,1496608912,0,0,'59347090c4635',31,''),(1254,19,'files_trashbin/files/V 0.3.0.d1496613424/__pycache__/achsen.cpython-36.pyc','c7fbeff12b3e3069443ce5f8bd4c1b90',1210,'achsen.cpython-36.pyc',12,3,5919,1496608912,1496608912,1,0,'6aa5a8494f89a42228a79fc6d84f2ab9',27,''),(1255,19,'files_encryption/keys/files_trashbin/files/V 0.3.0.d1496613424/__pycache__/mechanikSchieferWurf.cpython-36.pyc','772559eb8267d7faa30dfd1dc4a3bcf9',1248,'mechanikSchieferWurf.cpython-36.pyc',2,1,544,1496608914,1496608914,0,0,'593470924db11',31,''),(1256,19,'files_encryption/keys/files_trashbin/files/V 0.3.0.d1496613424/__pycache__/mechanikSchieferWurf.cpython-36.pyc/OC_DEFAULT_MODULE','d531081f975ee4f9ee297e54a0445698',1255,'OC_DEFAULT_MODULE',2,1,544,1496608914,1496608914,0,0,'5934709258205',31,''),(1257,19,'files_trashbin/files/V 0.3.0.d1496613424/__pycache__/mechanikSchieferWurf.cpython-36.pyc','487876bc73cf9bd81d5f5c453a872d37',1210,'mechanikSchieferWurf.cpython-36.pyc',12,3,4382,1496608914,1496608914,1,0,'5f389d9560f1897ed4940c8b821f33e8',27,''),(1258,19,'files_encryption/keys/files_trashbin/files/V 0.3.0.d1496613424/__pycache__/mainLayout.cpython-36.pyc','8ea2b61811f3e39d52dd4271ee6cfa26',1248,'mainLayout.cpython-36.pyc',2,1,544,1496608915,1496608915,0,0,'59347093b620d',31,''),(1259,19,'files_encryption/keys/files_trashbin/files/V 0.3.0.d1496613424/__pycache__/mainLayout.cpython-36.pyc/OC_DEFAULT_MODULE','b49287d488c346fb99854aa3e06bfe81',1258,'OC_DEFAULT_MODULE',2,1,544,1496608915,1496608915,0,0,'59347093bf6cc',31,''),(1260,19,'files_trashbin/files/V 0.3.0.d1496613424/__pycache__/mainLayout.cpython-36.pyc','c5728bed5b6f87a950d64c9f14cb8439',1210,'mainLayout.cpython-36.pyc',12,3,1568,1496608915,1496608915,1,0,'3f12e9add98938cfa6f7c6c33f2eff3a',27,''),(1261,19,'files_encryption/keys/files_trashbin/files/V 0.3.0.d1496613424/__pycache__/kontrollpanel.cpython-36.pyc','de4b842affcc3b5eb7de2aede85fec32',1248,'kontrollpanel.cpython-36.pyc',2,1,544,1496608917,1496608917,0,0,'593470957e639',31,''),(1262,19,'files_encryption/keys/files_trashbin/files/V 0.3.0.d1496613424/__pycache__/kontrollpanel.cpython-36.pyc/OC_DEFAULT_MODULE','5886dec41667c98c4906998facd85a81',1261,'OC_DEFAULT_MODULE',2,1,544,1496608917,1496608917,0,0,'59347095878ca',31,''),(1263,19,'files_trashbin/files/V 0.3.0.d1496613424/__pycache__/kontrollpanel.cpython-36.pyc','dae398716dcd377e1f9b647b742271e3',1210,'kontrollpanel.cpython-36.pyc',12,3,2390,1496608917,1496608917,1,0,'9ae1244ce7d76364e97c9cc6feb51378',27,''),(1264,19,'files_encryption/keys/files_trashbin/files/V 0.3.0.d1496613424/__pycache__/kontrollpanel.cpython-36.pyc/OC_DEFAULT_MODULE/gregor.mitsch.shareKey','0e8b62c502d5c9d882f27177b35d8ef6',1262,'gregor.mitsch.shareKey',12,3,512,1496608917,1496608917,0,0,'c36b08b149b7d81d54bbc34b89680c09',27,''),(1265,19,'files_encryption/keys/files_trashbin/files/V 0.3.0.d1496613424/__pycache__/kontrollpanel.cpython-36.pyc/OC_DEFAULT_MODULE/fileKey','f565badf2921734f0911969616573e6b',1262,'fileKey',12,3,32,1496608917,1496608917,0,0,'c5c1f187ff1489d82e3a2262543febfe',27,''),(1266,19,'files_encryption/keys/files_trashbin/files/V 0.3.0.d1496613424/__pycache__/mainLayout.cpython-36.pyc/OC_DEFAULT_MODULE/gregor.mitsch.shareKey','956efd79623bd4b6e13b780aaa1a60c9',1259,'gregor.mitsch.shareKey',12,3,512,1496608915,1496608915,0,0,'285e4934002ea3927e67d831d42083cf',27,''),(1267,19,'files_encryption/keys/files_trashbin/files/V 0.3.0.d1496613424/__pycache__/mainLayout.cpython-36.pyc/OC_DEFAULT_MODULE/fileKey','1f23f06c825c6b1db9abd8eed17edee3',1259,'fileKey',12,3,32,1496608915,1496608915,0,0,'c709576f923562f3f9313015d315bcfe',27,''),(1268,19,'files_encryption/keys/files_trashbin/files/V 0.3.0.d1496613424/__pycache__/mechanikSchieferWurf.cpython-36.pyc/OC_DEFAULT_MODULE/gregor.mitsch.shareKey','84bc4ee4b43cf3c68e172a04afbca507',1256,'gregor.mitsch.shareKey',12,3,512,1496608914,1496608914,0,0,'ef0984844d6cf994127178f700797561',27,''),(1269,19,'files_encryption/keys/files_trashbin/files/V 0.3.0.d1496613424/__pycache__/mechanikSchieferWurf.cpython-36.pyc/OC_DEFAULT_MODULE/fileKey','339d755f2b9ca0036bada9c9cb368e0b',1256,'fileKey',12,3,32,1496608914,1496608914,0,0,'fe5b08c3a92bbeaf6c1d189058dad360',27,''),(1270,19,'files_encryption/keys/files_trashbin/files/V 0.3.0.d1496613424/__pycache__/achsen.cpython-36.pyc/OC_DEFAULT_MODULE/gregor.mitsch.shareKey','3130995d2c1ae532c093dcfd833476b2',1253,'gregor.mitsch.shareKey',12,3,512,1496608912,1496608912,0,0,'e486f8c501c12906ac0d00c64ae49f4e',27,''),(1271,19,'files_encryption/keys/files_trashbin/files/V 0.3.0.d1496613424/__pycache__/achsen.cpython-36.pyc/OC_DEFAULT_MODULE/fileKey','3787df64baee708f766a4ad543a95722',1253,'fileKey',12,3,32,1496608912,1496608912,0,0,'9856e58e6efc474c5b5960a8e1cc0859',27,''),(1272,19,'files_encryption/keys/files_trashbin/files/V 0.3.0.d1496613424/__pycache__/mechanikMain.cpython-36.pyc/OC_DEFAULT_MODULE/gregor.mitsch.shareKey','f78f77bb8e2812917d4d4c8c8db692fe',1250,'gregor.mitsch.shareKey',12,3,512,1496608911,1496608911,0,0,'05adf71274869f36571f59c1ed09e121',27,''),(1273,19,'files_encryption/keys/files_trashbin/files/V 0.3.0.d1496613424/__pycache__/mechanikMain.cpython-36.pyc/OC_DEFAULT_MODULE/fileKey','b4a11f3f69f0d74a8bc364addf6f474f',1250,'fileKey',12,3,32,1496608911,1496608911,0,0,'c0b4a7bafb292d5034fcb1da9d82b925',27,''),(1274,19,'files_encryption/keys/files_trashbin/files/V 0.3.0.d1496613424/mechanikSchieferWurf.py/OC_DEFAULT_MODULE/gregor.mitsch.shareKey','44b131075f00c17dadc7a94678cefd7f',1246,'gregor.mitsch.shareKey',12,3,512,1496608909,1496608909,0,0,'2d5bad5f308a8c3d7ad1e10bfd162e1e',27,''),(1275,19,'files_encryption/keys/files_trashbin/files/V 0.3.0.d1496613424/mechanikSchieferWurf.py/OC_DEFAULT_MODULE/fileKey','fbec460419b30c0aba797e3f2bf8c579',1246,'fileKey',12,3,32,1496608909,1496608909,0,0,'f1538d233aa935ec2f972d6587c2241d',27,''),(1276,19,'files_encryption/keys/files_trashbin/files/V 0.3.0.d1496613424/pauseIcon.png/OC_DEFAULT_MODULE/gregor.mitsch.shareKey','3d7acca559a50a46f078c5d0116d3894',1243,'gregor.mitsch.shareKey',12,3,512,1496608907,1496608907,0,0,'506fd4ceafb7da25e5879da1d1374a15',27,''),(1277,19,'files_encryption/keys/files_trashbin/files/V 0.3.0.d1496613424/pauseIcon.png/OC_DEFAULT_MODULE/fileKey','8c7c143da5501915ae169cdce623b3a9',1243,'fileKey',12,3,32,1496608907,1496608907,0,0,'77c3986636d4e990d7ff67a03b4e308c',27,''),(1278,19,'files_encryption/keys/files_trashbin/files/V 0.3.0.d1496613424/mechanikMain.py/OC_DEFAULT_MODULE/gregor.mitsch.shareKey','6e62d057cb23974c17af6b35e8a800da',1240,'gregor.mitsch.shareKey',12,3,512,1496608906,1496608906,0,0,'a0c074dfccb35d95410f8f3953bd7dba',27,''),(1279,19,'files_encryption/keys/files_trashbin/files/V 0.3.0.d1496613424/mechanikMain.py/OC_DEFAULT_MODULE/fileKey','5368a7489d95ac5174ab7eacd8ad61f3',1240,'fileKey',12,3,32,1496608906,1496608906,0,0,'01919fb7ef15b6000b8b069fa6f413be',27,''),(1280,19,'files_encryption/keys/files_trashbin/files/V 0.3.0.d1496613424/run-application.sh/OC_DEFAULT_MODULE/gregor.mitsch.shareKey','0af32129e86c70374ebf608d1e4aa5b5',1237,'gregor.mitsch.shareKey',12,3,512,1496608905,1496608905,0,0,'e21a8cb8cba0f1ab1519b5ef2672b486',27,''),(1281,19,'files_encryption/keys/files_trashbin/files/V 0.3.0.d1496613424/run-application.sh/OC_DEFAULT_MODULE/fileKey','d59c3759358e6dd07730e14d0428b89d',1237,'fileKey',12,3,32,1496608905,1496608905,0,0,'fc76f91b3651022cc3dc68ff7229c6b9',27,''),(1282,19,'files_encryption/keys/files_trashbin/files/V 0.3.0.d1496613424/main.py/OC_DEFAULT_MODULE/gregor.mitsch.shareKey','fdc306b18ba48e5d8d5fbfac18d54f7c',1234,'gregor.mitsch.shareKey',12,3,512,1496608903,1496608903,0,0,'3d201d5755da656a760ec26045cf0b35',27,''),(1283,19,'files_encryption/keys/files_trashbin/files/V 0.3.0.d1496613424/main.py/OC_DEFAULT_MODULE/fileKey','bed15ac283fa6cb90236e79dc298d1b0',1234,'fileKey',12,3,32,1496608903,1496608903,0,0,'fa6d0147fe10cc8e4e8e2df972917d65',27,''),(1284,19,'files_encryption/keys/files_trashbin/files/V 0.3.0.d1496613424/kontrollpanel.py/OC_DEFAULT_MODULE/gregor.mitsch.shareKey','80ad8c7db0ce32ff3447dc317aa10af0',1231,'gregor.mitsch.shareKey',12,3,512,1496608901,1496608901,0,0,'9f0207783798f1bf14f2e1d1e8c3ab0d',27,''),(1285,19,'files_encryption/keys/files_trashbin/files/V 0.3.0.d1496613424/kontrollpanel.py/OC_DEFAULT_MODULE/fileKey','646b4cf3ca5ef9b49d8602fbed3b5c3c',1231,'fileKey',12,3,32,1496608901,1496608901,0,0,'a8b99cf132cb895b3cd3b69d04893e8a',27,''),(1286,19,'files_encryption/keys/files_trashbin/files/V 0.3.0.d1496613424/playIcon.png/OC_DEFAULT_MODULE/gregor.mitsch.shareKey','8e5e3e57e502cd416c2702204ec36d6d',1228,'gregor.mitsch.shareKey',12,3,512,1496608900,1496608900,0,0,'a1a09fc7316468d103864195684280f9',27,''),(1287,19,'files_encryption/keys/files_trashbin/files/V 0.3.0.d1496613424/playIcon.png/OC_DEFAULT_MODULE/fileKey','6c5cb1028cba5a1d35d8bb29c3e7caae',1228,'fileKey',12,3,32,1496608900,1496608900,0,0,'daeccc399426c9268a80dd6ea828c768',27,''),(1288,19,'files_encryption/keys/files_trashbin/files/V 0.3.0.d1496613424/refreshIcon.png/OC_DEFAULT_MODULE/gregor.mitsch.shareKey','2d096a1379fbe21d7e952fe9e40d677a',1225,'gregor.mitsch.shareKey',12,3,512,1496608898,1496608898,0,0,'6479c2aeeeaf62a8539d21e17fe9a287',27,''),(1289,19,'files_encryption/keys/files_trashbin/files/V 0.3.0.d1496613424/refreshIcon.png/OC_DEFAULT_MODULE/fileKey','e582855dc432103c76627d2caebba655',1225,'fileKey',12,3,32,1496608898,1496608898,0,0,'362edaeddef91cf80c8d02755471f785',27,''),(1290,19,'files_encryption/keys/files_trashbin/files/V 0.3.0.d1496613424/resetIcon.png/OC_DEFAULT_MODULE/gregor.mitsch.shareKey','aa92cbaae5afce5b02ca789e03c2a09c',1222,'gregor.mitsch.shareKey',12,3,512,1496608897,1496608897,0,0,'c283622c910e99c70779ccd20dda0302',27,''),(1291,19,'files_encryption/keys/files_trashbin/files/V 0.3.0.d1496613424/resetIcon.png/OC_DEFAULT_MODULE/fileKey','ed5ff0fb3016872ad350e65965d6ef0e',1222,'fileKey',12,3,32,1496608897,1496608897,0,0,'0d3e643c638b7ce51eb1d5028e639112',27,''),(1292,19,'files_encryption/keys/files_trashbin/files/V 0.3.0.d1496613424/achsen.py/OC_DEFAULT_MODULE/gregor.mitsch.shareKey','d9decc58a97c0aa2f9dd16b02224fd25',1219,'gregor.mitsch.shareKey',12,3,512,1496608895,1496608895,0,0,'55dcef2ac01eef003a7f421bee185d90',27,''),(1293,19,'files_encryption/keys/files_trashbin/files/V 0.3.0.d1496613424/achsen.py/OC_DEFAULT_MODULE/fileKey','9507838b07ebf1d56cdf05cd5f4868f6',1219,'fileKey',12,3,32,1496608895,1496608895,0,0,'79d5be313ded133725099b701bb8c0b0',27,''),(1294,19,'files_encryption/keys/files_trashbin/files/V 0.3.0.d1496613424/.directory/OC_DEFAULT_MODULE/gregor.mitsch.shareKey','7661f46f236b6d50190bc5981f058f02',1216,'gregor.mitsch.shareKey',12,3,512,1496608894,1496608894,0,0,'40acd72b00ef23f9bde7007a1fb2beff',27,''),(1295,19,'files_encryption/keys/files_trashbin/files/V 0.3.0.d1496613424/.directory/OC_DEFAULT_MODULE/fileKey','78335c76b05b7218d32f92dc9394bb2e',1216,'fileKey',12,3,32,1496608894,1496608894,0,0,'c2b0b2c5e634fefa989b43fa6f6e5b73',27,''),(1296,19,'files_encryption/keys/files_trashbin/files/V 0.3.0.d1496613424/mainLayout.py/OC_DEFAULT_MODULE/gregor.mitsch.shareKey','6af30266dc44fbaedc20d68e6243db2c',1213,'gregor.mitsch.shareKey',12,3,512,1496608892,1496608892,0,0,'707dcfd0e139c5a84d7e80a05e7f81f2',27,''),(1297,19,'files_encryption/keys/files_trashbin/files/V 0.3.0.d1496613424/mainLayout.py/OC_DEFAULT_MODULE/fileKey','d95621fd42c7aaae080f8729a78a633c',1213,'fileKey',12,3,32,1496608892,1496608892,0,0,'b3c958bb4ccff6161b7d3f0abd27555f',27,''),(1298,19,'files_trashbin/files/V 0.3.1.d1496613423','36c91f404923ffc09c626c47822a9ab6',1321,'V 0.3.1.d1496613423',2,1,40509,1496612465,1496612454,0,0,'59347e724c5c1',31,''),(1299,19,'files_trashbin/files/V 0.3.1.d1496613423/__pycache__','4cf79453d355f78025a4d3aaa5ee5a70',1298,'__pycache__',2,1,16514,1496612465,1496612465,0,0,'59347e724c5c1',31,''),(1300,19,'files_encryption/keys/files_trashbin/files/V 0.3.1.d1496613423','81a551c48a272f194421b545e37e9689',1327,'V 0.3.1.d1496613423',2,1,9792,1496612456,1496612456,0,0,'59347e4f20fb8',31,''),(1301,19,'files_encryption/keys/files_trashbin/files/V 0.3.1.d1496613423/mainLayout.py','30b9a73c40c05621a7d8909aa31e2554',1300,'mainLayout.py',2,1,544,1496612431,1496612431,0,0,'59347e4f4e35b',31,''),(1302,19,'files_encryption/keys/files_trashbin/files/V 0.3.1.d1496613423/mainLayout.py/OC_DEFAULT_MODULE','7b6c630f0229e8b992ce6a5297e3650a',1301,'OC_DEFAULT_MODULE',2,1,544,1496612431,1496612431,0,0,'59347e4f59f21',31,''),(1303,19,'files_trashbin/files/V 0.3.1.d1496613423/mainLayout.py','647a7a560826def9b89544a72438755c',1298,'mainLayout.py',37,10,1012,1496612431,1496612431,1,0,'3636cba1ea51bd72773b2c94809b4211',27,''),(1304,19,'files_encryption/keys/files_trashbin/files/V 0.3.1.d1496613423/.directory','4221a95931f565c48e3c048ae761c482',1300,'.directory',2,1,544,1496612432,1496612432,0,0,'59347e50beba7',31,''),(1305,19,'files_encryption/keys/files_trashbin/files/V 0.3.1.d1496613423/.directory/OC_DEFAULT_MODULE','701c58e186273a327e324621839c4566',1304,'OC_DEFAULT_MODULE',2,1,544,1496612432,1496612432,0,0,'59347e50c8735',31,''),(1306,19,'files_trashbin/files/V 0.3.1.d1496613423/.directory','a778288af3792dd26a01d4c4eda1800f',1298,'.directory',12,3,59,1496612432,1496612432,1,0,'81797bdfb9a1f422405c085412178009',27,''),(1307,19,'files_encryption/keys/files_trashbin/files/V 0.3.1.d1496613423/achsen.py','facf6ecd861f2dc6eafcf62fb91a19dd',1300,'achsen.py',2,1,544,1496612434,1496612434,0,0,'59347e5254fab',31,''),(1308,19,'files_encryption/keys/files_trashbin/files/V 0.3.1.d1496613423/achsen.py/OC_DEFAULT_MODULE','f293243c4d03e279a5a0dea6a78e1871',1307,'OC_DEFAULT_MODULE',2,1,544,1496612434,1496612434,0,0,'59347e525e836',31,''),(1309,19,'files_trashbin/files/V 0.3.1.d1496613423/achsen.py','5e22667d32de3640afd7ea8805f93dc4',1298,'achsen.py',37,10,8492,1496612434,1496612434,1,0,'7aa0ef0ec503ba4d4e0b5fd39c59fb63',27,''),(1310,19,'files_encryption/keys/files_trashbin/files/V 0.3.1.d1496613423/resetIcon.png','493f96d818a2b1d78b60e9a3d5ea10f8',1300,'resetIcon.png',2,1,544,1496612435,1496612435,0,0,'59347e53bacdc',31,''),(1311,19,'files_encryption/keys/files_trashbin/files/V 0.3.1.d1496613423/resetIcon.png/OC_DEFAULT_MODULE','8bee0b957165d2d2a13fc6b27a6bf522',1310,'OC_DEFAULT_MODULE',2,1,544,1496612435,1496612435,0,0,'59347e53c58cf',31,''),(1312,19,'files_trashbin/files/V 0.3.1.d1496613423/resetIcon.png','2a00e0121a9ae269c38b6b2b0a2c3909',1298,'resetIcon.png',18,5,4269,1496612435,1496612435,1,0,'0499dfbd8bf099715fd3c4c862e13250',27,''),(1313,19,'files_encryption/keys/files_trashbin/files/V 0.3.1.d1496613423/refreshIcon.png','9a7a344d3b9208cd708b424403d4b66d',1300,'refreshIcon.png',2,1,544,1496612437,1496612437,0,0,'59347e553e6d9',31,''),(1314,19,'files_encryption/keys/files_trashbin/files/V 0.3.1.d1496613423/refreshIcon.png/OC_DEFAULT_MODULE','2f365ca8577087dfab7df7e79a9cc644',1313,'OC_DEFAULT_MODULE',2,1,544,1496612437,1496612437,0,0,'59347e5548286',31,''),(1315,19,'files_trashbin/files/V 0.3.1.d1496613423/refreshIcon.png','e9eff68146392ece81ccacb9d80c1bf3',1298,'refreshIcon.png',18,5,671,1496612437,1496612437,1,0,'ad3a9d459a99bc45b31e4e72c5e79ffb',27,''),(1316,19,'files_encryption/keys/files_trashbin/files/V 0.3.1.d1496613423/playIcon.png','64a12058b733daf98da195c875bf80cc',1300,'playIcon.png',2,1,544,1496612438,1496612438,0,0,'59347e5689c97',31,''),(1317,19,'files_encryption/keys/files_trashbin/files/V 0.3.1.d1496613423/playIcon.png/OC_DEFAULT_MODULE','9cbba9def9a30f53595e1e8de98a92e8',1316,'OC_DEFAULT_MODULE',2,1,544,1496612438,1496612438,0,0,'59347e5693486',31,''),(1318,19,'files_trashbin/files/V 0.3.1.d1496613423/playIcon.png','6968bd4104ab9547af23e33fe9f4d9e4',1298,'playIcon.png',18,5,495,1496612438,1496612438,1,0,'9d7cbd8f5e179ddcb3e793d53a845bf7',27,''),(1319,19,'files_trashbin','fb66dca5f27af6f15c1d1d81e6f8d28b',466,'files_trashbin',2,1,42460968,1529844737,1496612441,0,0,'5b2f94018eea0',31,''),(1320,19,'files_encryption/keys/files_trashbin/files/V 0.3.1.d1496613423/.main.py.kate-swp','d2791c83db7e3f1efb872939eb2a4f39',1300,'.main.py.kate-swp',2,1,544,1496612440,1496612440,0,0,'59347e587e945',31,''),(1321,19,'files_trashbin/files','3014a771cbe30761f2e9ff3272110dbf',1319,'files',2,1,42320621,1529844737,1529844736,0,0,'5b2f94018eea0',31,''),(1322,19,'files_encryption/keys/files_trashbin/files/V 0.3.1.d1496613423/.main.py.kate-swp/OC_DEFAULT_MODULE','a8e8fa42bc9d666df82ebbd9800e63e0',1320,'OC_DEFAULT_MODULE',2,1,544,1496612440,1496612440,0,0,'59347e5890e14',31,''),(1323,19,'files_trashbin/files/V 0.3.1.d1496613423/.main.py.kate-swp','c7263980c406d319cc0fb424718c5d50',1298,'.main.py.kate-swp',12,3,48,1496612440,1496612440,1,0,'24236157245656443e0b78be4893748b',27,''),(1324,19,'files_trashbin/versions','c639d144d3f1014051e14a98beac5705',1319,'versions',2,1,140347,1504559238,1504559238,0,0,'59adc086944e6',31,''),(1325,19,'files_trashbin/keys','9195c7cfc1b867f229ac78cc1b6a0be3',1319,'keys',2,1,0,1496612441,1496612441,0,0,'59347e591a8a5',31,''),(1326,19,'files_encryption/keys/files_trashbin','88c7f524b7a398637bd8a7446fffab76',469,'files_trashbin',2,1,1862136,1496612441,1496612441,0,0,'59347e596c2a9',31,''),(1327,19,'files_encryption/keys/files_trashbin/files','1c9f05bf71d1f3602de8c2d8ec61ca7e',1326,'files',2,1,1862136,1529844736,1529844736,0,0,'59347e599ce6c',31,''),(1328,19,'files_encryption/keys/files_trashbin/files/V 0.3.1.d1496613423/kontrollpanel.py','f46a81ca419c70d9d236cf104168a70e',1300,'kontrollpanel.py',2,1,544,1496612442,1496612442,0,0,'59347e5ac7ac3',31,''),(1329,19,'files_encryption/keys/files_trashbin/files/V 0.3.1.d1496613423/kontrollpanel.py/OC_DEFAULT_MODULE','93e0d72a87a8d7f2e16a6d52acb5415a',1328,'OC_DEFAULT_MODULE',2,1,544,1496612442,1496612442,0,0,'59347e5adda71',31,''),(1330,19,'files_trashbin/files/V 0.3.1.d1496613423/kontrollpanel.py','123b8bfb3eaf6051e23ea4046040f3dd',1298,'kontrollpanel.py',37,10,2128,1496612442,1496612442,1,0,'d855d69612505558957bdb784241937e',27,''),(1331,19,'files_encryption/keys/files_trashbin/files/V 0.3.1.d1496613423/main.py','d62ce6d4eb724573d196080ad8e71f5e',1300,'main.py',2,1,544,1496612445,1496612445,0,0,'59347e5d364f0',31,''),(1332,19,'files_encryption/keys/files_trashbin/files/V 0.3.1.d1496613423/main.py/OC_DEFAULT_MODULE','32ce8a61b8250e0f3bf0d7313d64d93f',1331,'OC_DEFAULT_MODULE',2,1,544,1496612445,1496612445,0,0,'59347e5d46652',31,''),(1333,19,'files_trashbin/files/V 0.3.1.d1496613423/main.py','638aa12e4b63f7315db7e1fff50eaf6e',1298,'main.py',37,10,876,1496612445,1496612445,1,0,'f0ef4220b876aff0337b7475d5e74d0d',27,''),(1334,19,'files_encryption/keys/files_trashbin/files/V 0.3.1.d1496613423/run-application.sh','5169ef1914b79027da1dab3050871b0f',1300,'run-application.sh',2,1,544,1496612447,1496612447,0,0,'59347e5fae458',31,''),(1335,19,'files_encryption/keys/files_trashbin/files/V 0.3.1.d1496613423/run-application.sh/OC_DEFAULT_MODULE','4609609b876ac2737a3c3985e99077f7',1334,'OC_DEFAULT_MODULE',2,1,544,1496612447,1496612447,0,0,'59347e5fbda78',31,''),(1336,19,'files_trashbin/files/V 0.3.1.d1496613423/run-application.sh','9ae788b48e856588185507e0e6fbcbb0',1298,'run-application.sh',36,10,30,1496612447,1496612447,1,0,'646ef905545155b3eda9dd42150cf481',27,''),(1337,19,'files_encryption/keys/files_trashbin/files/V 0.3.1.d1496613423/mechanikMain.py','b2cd3f06f2bfd4f65925b72d895c0298',1300,'mechanikMain.py',2,1,544,1496612449,1496612449,0,0,'59347e620ffb8',31,''),(1338,19,'files_encryption/keys/files_trashbin/files/V 0.3.1.d1496613423/mechanikMain.py/OC_DEFAULT_MODULE','1ea9cee5a20b5ea7b39cf822a41ba525',1337,'OC_DEFAULT_MODULE',2,1,544,1496612449,1496612449,0,0,'59347e6227bfb',31,''),(1339,19,'files_trashbin/files/V 0.3.1.d1496613423/mechanikMain.py','810d29c05e41529267fbe43b15daaa35',1298,'mechanikMain.py',37,10,1384,1496612449,1496612449,1,0,'74ce6371c85f0932c784314a4df95c8f',27,''),(1340,19,'files_encryption/keys/files_trashbin/files/V 0.3.1.d1496613423/pauseIcon.png','7aaa01c323a3c5301bf272696144cf2d',1300,'pauseIcon.png',2,1,544,1496612452,1496612452,0,0,'59347e646ed4f',31,''),(1341,19,'files_encryption/keys/files_trashbin/files/V 0.3.1.d1496613423/pauseIcon.png/OC_DEFAULT_MODULE','30149befb2311f7526ef17604de094b8',1340,'OC_DEFAULT_MODULE',2,1,544,1496612452,1496612452,0,0,'59347e6480669',31,''),(1342,19,'files_trashbin/files/V 0.3.1.d1496613423/pauseIcon.png','4f70dd80567f4d17430cabe624726d79',1298,'pauseIcon.png',18,5,542,1496612452,1496612452,1,0,'762dc2d1846d33c66f3cd843418d0970',27,''),(1343,19,'files_encryption/keys/files_trashbin/files/V 0.3.1.d1496613423/mechanikSchieferWurf.py','d3f8567fd893f33bdae08d303038bdb3',1300,'mechanikSchieferWurf.py',2,1,544,1496612454,1496612454,0,0,'59347e66d3951',31,''),(1344,19,'files_encryption/keys/files_trashbin/files/V 0.3.1.d1496613423/mechanikSchieferWurf.py/OC_DEFAULT_MODULE','b14eff78291337211c8a70ec35cea574',1343,'OC_DEFAULT_MODULE',2,1,544,1496612454,1496612454,0,0,'59347e66e79e3',31,''),(1345,19,'files_trashbin/files/V 0.3.1.d1496613423/mechanikSchieferWurf.py','d51b82c8ba832a07db99381b67743186',1298,'mechanikSchieferWurf.py',37,10,3989,1496612454,1496612454,1,0,'61e9decf885b3c585710364237cea9f7',27,''),(1346,19,'files_encryption/keys/files_trashbin/files/V 0.3.1.d1496613423/__pycache__','687fa4bb7f17753255abaa13a818b75f',1300,'__pycache__',2,1,2720,1496612465,1496612465,0,0,'59347e68c3961',31,''),(1347,19,'files_encryption/keys/files_trashbin/files/V 0.3.1.d1496613423/__pycache__/mechanikMain.cpython-36.pyc','9199b1dde05e498948ed12d025406d45',1346,'mechanikMain.cpython-36.pyc',2,1,544,1496612456,1496612456,0,0,'59347e68f1d3a',31,''),(1348,19,'files_encryption/keys/files_trashbin/files/V 0.3.1.d1496613423/__pycache__/mechanikMain.cpython-36.pyc/OC_DEFAULT_MODULE','03823c12f1ff249bc6828ad563241ae1',1347,'OC_DEFAULT_MODULE',2,1,544,1496612456,1496612456,0,0,'59347e6907945',31,''),(1349,19,'files_trashbin/files/V 0.3.1.d1496613423/__pycache__/mechanikMain.cpython-36.pyc','8358f8571c632af62f4836e2fe40344b',1299,'mechanikMain.cpython-36.pyc',12,3,1847,1496612456,1496612456,1,0,'fcfc6e1e55eb05227bf3e1171ab2456f',27,''),(1350,19,'files_encryption/keys/files_trashbin/files/V 0.3.1.d1496613423/__pycache__/achsen.cpython-36.pyc','b050cf8cd44f77cd1f76426bc7542493',1346,'achsen.cpython-36.pyc',2,1,544,1496612458,1496612458,0,0,'59347e6ae3b2a',31,''),(1351,19,'files_encryption/keys/files_trashbin/files/V 0.3.1.d1496613423/__pycache__/achsen.cpython-36.pyc/OC_DEFAULT_MODULE','7288e6eb471c6a9a879f49cc676d2c73',1350,'OC_DEFAULT_MODULE',2,1,544,1496612458,1496612458,0,0,'59347e6aed96f',31,''),(1352,19,'files_trashbin/files/V 0.3.1.d1496613423/__pycache__/achsen.cpython-36.pyc','cea8974c2c6d5d0850fd2d04a84f35d9',1299,'achsen.cpython-36.pyc',12,3,6331,1496612458,1496612458,1,0,'2f6284f894b6997aeff07ee31cff9f72',27,''),(1353,19,'files_encryption/keys/files_trashbin/files/V 0.3.1.d1496613423/__pycache__/mechanikSchieferWurf.cpython-36.pyc','82b33c75f9ac6d2865921f5c68695a77',1346,'mechanikSchieferWurf.cpython-36.pyc',2,1,544,1496612460,1496612460,0,0,'59347e6c543cc',31,''),(1354,19,'files_encryption/keys/files_trashbin/files/V 0.3.1.d1496613423/__pycache__/mechanikSchieferWurf.cpython-36.pyc/OC_DEFAULT_MODULE','12bb8e380ada73feb22c2e054b242640',1353,'OC_DEFAULT_MODULE',2,1,544,1496612460,1496612460,0,0,'59347e6c7c692',31,''),(1355,19,'files_trashbin/files/V 0.3.1.d1496613423/__pycache__/mechanikSchieferWurf.cpython-36.pyc','1889c8045b704512d2936260e94a6118',1299,'mechanikSchieferWurf.cpython-36.pyc',12,3,4378,1496612460,1496612460,1,0,'45bc323d2ea5b773223c869f485ae58e',27,''),(1356,19,'files_trashbin/files/V 0.2.2.d1496613353','351d827a08a1f3a96c571db34539244d',1321,'V 0.2.2.d1496613353',2,1,39503,1496612490,1496612481,0,0,'59347e8a6989d',31,''),(1357,19,'files_trashbin/files/V 0.2.2.d1496613353/__pycache__','0f3ac55babd94554ea514f0e20b66187',1356,'__pycache__',2,1,16409,1496612490,1496612490,0,0,'59347e8a6989d',31,''),(1358,19,'files_encryption/keys/files_trashbin/files/V 0.3.1.d1496613423/__pycache__/mainLayout.cpython-36.pyc','38b5556cebc429a30ea546061bd6f48e',1346,'mainLayout.cpython-36.pyc',2,1,544,1496612463,1496612463,0,0,'59347e6f329e5',31,''),(1359,19,'files_encryption/keys/files_trashbin/files/V 0.3.1.d1496613423/__pycache__/mainLayout.cpython-36.pyc/OC_DEFAULT_MODULE','21405a9baa561aa27dd28270498b984c',1358,'OC_DEFAULT_MODULE',2,1,544,1496612463,1496612463,0,0,'59347e6f3ae64',31,''),(1360,19,'files_trashbin/files/V 0.3.1.d1496613423/__pycache__/mainLayout.cpython-36.pyc','725bd05c9eb7730e4273f64a820be3ca',1299,'mainLayout.cpython-36.pyc',12,3,1568,1496612463,1496612463,1,0,'6bfd2005ad4dce041909640445cb3273',27,''),(1361,19,'files_encryption/keys/files_trashbin/files/V 0.2.2.d1496613353','eba8809df0ef904128865d8fd38f3f4d',1327,'V 0.2.2.d1496613353',2,1,9248,1496612483,1496612483,0,0,'59347e702846e',31,''),(1362,19,'files_encryption/keys/files_trashbin/files/V 0.2.2.d1496613353/mainLayout.py','6150ee9dd81692b0741e4e17c3a54c16',1361,'mainLayout.py',2,1,544,1496612464,1496612464,0,0,'59347e705a061',31,''),(1363,19,'files_encryption/keys/files_trashbin/files/V 0.2.2.d1496613353/mainLayout.py/OC_DEFAULT_MODULE','b0cc76bdc9df8202a15c685f36a5ebcd',1362,'OC_DEFAULT_MODULE',2,1,544,1496612464,1496612464,0,0,'59347e706268a',31,''),(1364,19,'files_trashbin/files/V 0.2.2.d1496613353/mainLayout.py','1f6b250b9a39ef1c7fe354213a7a9676',1356,'mainLayout.py',37,10,1012,1496612464,1496612464,1,0,'b22073286558fdabee2e5375234b71a1',27,''),(1365,19,'files_encryption/keys/files_trashbin/files/V 0.3.1.d1496613423/__pycache__/kontrollpanel.cpython-36.pyc','66ab8e878ff9138976dcb3a197750c16',1346,'kontrollpanel.cpython-36.pyc',2,1,544,1496612465,1496612465,0,0,'59347e7185d28',31,''),(1366,19,'files_encryption/keys/files_trashbin/files/V 0.3.1.d1496613423/__pycache__/kontrollpanel.cpython-36.pyc/OC_DEFAULT_MODULE','deb99ab87f026053682bfc713b74ae93',1365,'OC_DEFAULT_MODULE',2,1,544,1496612465,1496612465,0,0,'59347e719167e',31,''),(1367,19,'files_trashbin/files/V 0.3.1.d1496613423/__pycache__/kontrollpanel.cpython-36.pyc','d3af71ac4262d9900681504bb4d90bb6',1299,'kontrollpanel.cpython-36.pyc',12,3,2390,1496612465,1496612465,1,0,'1dfe3e39287ca309248c8a7e6d2a34c1',27,''),(1368,19,'files_encryption/keys/files_trashbin/files/V 0.2.2.d1496613353/.directory','63e0908e7b0fa70252b3c7f349837651',1361,'.directory',2,1,544,1496612466,1496612466,0,0,'59347e72d9bd3',31,''),(1369,19,'files_encryption/keys/files_trashbin/files/V 0.2.2.d1496613353/.directory/OC_DEFAULT_MODULE','9ff3909557efe1c9b8816c78ab31102c',1368,'OC_DEFAULT_MODULE',2,1,544,1496612466,1496612466,0,0,'59347e72e1f9e',31,''),(1370,19,'files_trashbin/files/V 0.2.2.d1496613353/.directory','637cab95936f1f1dc2c9c16f99980dc7',1356,'.directory',12,3,59,1496612466,1496612466,1,0,'5ffd823e011a18817202e38cf6fc3496',27,''),(1371,19,'files_encryption/keys/files_trashbin/files/V 0.2.2.d1496613353/achsen.py','67004b9798c5258cead7c65a4d94ab6d',1361,'achsen.py',2,1,544,1496612468,1496612468,0,0,'59347e7456d51',31,''),(1372,19,'files_encryption/keys/files_trashbin/files/V 0.2.2.d1496613353/achsen.py/OC_DEFAULT_MODULE','cf2b511d5871a8e94c4e1a393924aa8e',1371,'OC_DEFAULT_MODULE',2,1,544,1496612468,1496612468,0,0,'59347e7462763',31,''),(1373,19,'files_trashbin/files/V 0.2.2.d1496613353/achsen.py','ab73d56872fd807375e6b570e58a0d6f',1356,'achsen.py',37,10,7575,1496612468,1496612468,1,0,'2fc31b7f253e17afbda7dc82495c1985',27,''),(1374,19,'files_encryption/keys/files_trashbin/files/V 0.2.2.d1496613353/resetIcon.png','91b6c917b93761bad49315233f8fa29e',1361,'resetIcon.png',2,1,544,1496612469,1496612469,0,0,'59347e75ef3f1',31,''),(1375,19,'files_encryption/keys/files_trashbin/files/V 0.2.2.d1496613353/resetIcon.png/OC_DEFAULT_MODULE','f435d19e23bf9606fb052340bd07d90b',1374,'OC_DEFAULT_MODULE',2,1,544,1496612469,1496612469,0,0,'59347e7605201',31,''),(1376,19,'files_trashbin/files/V 0.2.2.d1496613353/resetIcon.png','14b6aadda17a6644621839fae5ca8f8d',1356,'resetIcon.png',18,5,4269,1496612469,1496612469,1,0,'39ca67763e0ff7f8e15e05552fdbd0f1',27,''),(1377,19,'files_encryption/keys/files_trashbin/files/V 0.2.2.d1496613353/refreshIcon.png','3fcc428ae773ca67dd1f249270b1d5fb',1361,'refreshIcon.png',2,1,544,1496612471,1496612471,0,0,'59347e7793b30',31,''),(1378,19,'files_encryption/keys/files_trashbin/files/V 0.2.2.d1496613353/refreshIcon.png/OC_DEFAULT_MODULE','28838500d8030e33d43fa02a41234b2e',1377,'OC_DEFAULT_MODULE',2,1,544,1496612471,1496612471,0,0,'59347e779e80f',31,''),(1379,19,'files_trashbin/files/V 0.2.2.d1496613353/refreshIcon.png','65a86645206acd2d3906c33c1368b760',1356,'refreshIcon.png',18,5,671,1496612471,1496612471,1,0,'5f4f0e81ace94663e6017183c91a1c7c',27,''),(1380,19,'files_encryption/keys/files_trashbin/files/V 0.2.2.d1496613353/playIcon.png','91bfead5ea51cbf962eafa2f148c6230',1361,'playIcon.png',2,1,544,1496612472,1496612472,0,0,'59347e78dcdb6',31,''),(1381,19,'files_encryption/keys/files_trashbin/files/V 0.2.2.d1496613353/playIcon.png/OC_DEFAULT_MODULE','d4e30571b21cebfd7fd8a82e338a220e',1380,'OC_DEFAULT_MODULE',2,1,544,1496612472,1496612472,0,0,'59347e78e6853',31,''),(1382,19,'files_trashbin/files/V 0.2.2.d1496613353/playIcon.png','45267a614a46c530a2894b274b72d4b9',1356,'playIcon.png',18,5,495,1496612472,1496612472,1,0,'b0f6124e552e66e929fc604d081cc847',27,''),(1383,19,'files_encryption/keys/files_trashbin/files/V 0.2.2.d1496613353/kontrollpanel.py','bb5f5b68d878b581c6b53c1cac8c6804',1361,'kontrollpanel.py',2,1,544,1496612474,1496612474,0,0,'59347e7a60dd4',31,''),(1384,19,'files_encryption/keys/files_trashbin/files/V 0.2.2.d1496613353/kontrollpanel.py/OC_DEFAULT_MODULE','c6599390ff93932b6b641d9b2d3fd479',1383,'OC_DEFAULT_MODULE',2,1,544,1496612474,1496612474,0,0,'59347e7a6ae23',31,''),(1385,19,'files_trashbin/files/V 0.2.2.d1496613353/kontrollpanel.py','1b93888e60d688064b807370699ad945',1356,'kontrollpanel.py',37,10,2128,1496612474,1496612474,1,0,'8c72b6e8d4d3e66a6a596be2c7262a67',27,''),(1386,19,'files_encryption/keys/files_trashbin/files/V 0.2.2.d1496613353/main.py','dce8fc58237a36a7d371ee3f6ab693f9',1361,'main.py',2,1,544,1496612475,1496612475,0,0,'59347e7bdc6c9',31,''),(1387,19,'files_encryption/keys/files_trashbin/files/V 0.2.2.d1496613353/main.py/OC_DEFAULT_MODULE','8b1f6152becb9ff23d208c7f9e435b2a',1386,'OC_DEFAULT_MODULE',2,1,544,1496612475,1496612475,0,0,'59347e7be5fea',31,''),(1388,19,'files_trashbin/files/V 0.2.2.d1496613353/main.py','64b4dc3900b027651c2198b4b2b176cf',1356,'main.py',37,10,876,1496612475,1496612475,1,0,'f592436f8c197b34076c803d9aec34b3',27,''),(1389,19,'files_encryption/keys/files_trashbin/files/V 0.2.2.d1496613353/run-application.sh','2edce4845e2bf4bbc84183c906c997fd',1361,'run-application.sh',2,1,544,1496612477,1496612477,0,0,'59347e7d570e5',31,''),(1390,19,'files_encryption/keys/files_trashbin/files/V 0.2.2.d1496613353/run-application.sh/OC_DEFAULT_MODULE','88126f106529fcf4cf91ad993b2aee2f',1389,'OC_DEFAULT_MODULE',2,1,544,1496612477,1496612477,0,0,'59347e7d625b0',31,''),(1391,19,'files_trashbin/files/V 0.2.2.d1496613353/run-application.sh','3457de78f9415adb63ae223207e54788',1356,'run-application.sh',36,10,30,1496612477,1496612477,1,0,'a0634430d6846106801b03dddfdd86a3',27,''),(1392,19,'files_encryption/keys/files_trashbin/files/V 0.2.2.d1496613353/mechanikMain.py','1e8fd25ce8771714a8583451a0f171e6',1361,'mechanikMain.py',2,1,544,1496612478,1496612478,0,0,'59347e7edf315',31,''),(1393,19,'files_encryption/keys/files_trashbin/files/V 0.2.2.d1496613353/mechanikMain.py/OC_DEFAULT_MODULE','b70bd9547f5ad9e91a59ff552e5b01f4',1392,'OC_DEFAULT_MODULE',2,1,544,1496612478,1496612478,0,0,'59347e7ee8f27',31,''),(1394,19,'files_trashbin/files/V 0.2.2.d1496613353/mechanikMain.py','f2b539f1f137dc0cf5eef7bc5fd34d14',1356,'mechanikMain.py',37,10,1384,1496612478,1496612478,1,0,'355911f252f8c7818e713ed745b47576',27,''),(1395,19,'files_encryption/keys/files_trashbin/files/V 0.2.2.d1496613353/pauseIcon.png','0bb01f2c83a55f3612b3e1314b4486e3',1361,'pauseIcon.png',2,1,544,1496612480,1496612480,0,0,'59347e8049858',31,''),(1396,19,'files_encryption/keys/files_trashbin/files/V 0.2.2.d1496613353/pauseIcon.png/OC_DEFAULT_MODULE','4901d792c86a240995d5c9d1b1a74ec9',1395,'OC_DEFAULT_MODULE',2,1,544,1496612480,1496612480,0,0,'59347e805320c',31,''),(1397,19,'files_trashbin/files/V 0.2.2.d1496613353/pauseIcon.png','3b3f759351ff86c86ddf08ec4b574eab',1356,'pauseIcon.png',18,5,542,1496612480,1496612480,1,0,'71673671b9acadc952da00df8520eefc',27,''),(1398,19,'files_encryption/keys/files_trashbin/files/V 0.2.2.d1496613353/mechanikSchieferWurf.py','dbba01836556eff63b7274e870bd57f9',1361,'mechanikSchieferWurf.py',2,1,544,1496612481,1496612481,0,0,'59347e81c1d0d',31,''),(1399,19,'files_encryption/keys/files_trashbin/files/V 0.2.2.d1496613353/mechanikSchieferWurf.py/OC_DEFAULT_MODULE','3a60a17e28807d4a5efef1fa02558e9d',1398,'OC_DEFAULT_MODULE',2,1,544,1496612481,1496612481,0,0,'59347e81ec2bc',31,''),(1400,19,'files_trashbin/files/V 0.2.2.d1496613353/mechanikSchieferWurf.py','214cce4e99a2ddbc36ddf0898f45e901',1356,'mechanikSchieferWurf.py',37,10,4053,1496612481,1496612481,1,0,'ff80ac42892d17d5657effbc67739727',27,''),(1401,19,'files_encryption/keys/files_trashbin/files/V 0.2.2.d1496613353/__pycache__','0a43d35dd878f6fcd9c87b9b412e3979',1361,'__pycache__',2,1,2720,1496612490,1496612490,0,0,'59347e83640c1',31,''),(1402,19,'files_encryption/keys/files_trashbin/files/V 0.2.2.d1496613353/__pycache__/mechanikMain.cpython-36.pyc','17075129554da865da2de53ea816faed',1401,'mechanikMain.cpython-36.pyc',2,1,544,1496612483,1496612483,0,0,'59347e8392420',31,''),(1403,19,'files_encryption/keys/files_trashbin/files/V 0.2.2.d1496613353/__pycache__/mechanikMain.cpython-36.pyc/OC_DEFAULT_MODULE','471772873ebafccdc1d6e485f176df09',1402,'OC_DEFAULT_MODULE',2,1,544,1496612483,1496612483,0,0,'59347e839df25',31,''),(1404,19,'files_trashbin/files/V 0.2.2.d1496613353/__pycache__/mechanikMain.cpython-36.pyc','2e4287aa9382f60628867b1460c26f38',1357,'mechanikMain.cpython-36.pyc',12,3,1847,1496612483,1496612483,1,0,'37c1106f75018310b1e41d8b2b2d149a',27,''),(1405,19,'files_encryption/keys/files_trashbin/files/V 0.2.2.d1496613353/__pycache__/achsen.cpython-36.pyc','c98ca9a3a90d9588bbfb29e145a2b5ab',1401,'achsen.cpython-36.pyc',2,1,544,1496612485,1496612485,0,0,'59347e8533aa5',31,''),(1406,19,'files_encryption/keys/files_trashbin/files/V 0.2.2.d1496613353/__pycache__/achsen.cpython-36.pyc/OC_DEFAULT_MODULE','ee770db689c5deca9fd26fcd38a9911f',1405,'OC_DEFAULT_MODULE',2,1,544,1496612485,1496612485,0,0,'59347e853f4c6',31,''),(1407,19,'files_trashbin/files/V 0.2.2.d1496613353/__pycache__/achsen.cpython-36.pyc','43022f276650d5461754fba4f93e4f62',1357,'achsen.cpython-36.pyc',12,3,6222,1496612485,1496612485,1,0,'fd909b61f1173b377375a24ef2f1e5c5',27,''),(1408,19,'files_encryption/keys/files_trashbin/files/V 0.2.2.d1496613353/__pycache__/mechanikSchieferWurf.cpython-36.pyc','25ec0ef116d93347ae97085791885d17',1401,'mechanikSchieferWurf.cpython-36.pyc',2,1,544,1496612486,1496612486,0,0,'59347e86dccd7',31,''),(1409,19,'files_encryption/keys/files_trashbin/files/V 0.2.2.d1496613353/__pycache__/mechanikSchieferWurf.cpython-36.pyc/OC_DEFAULT_MODULE','2e6cba8606d6d0041ffd0c47fd9d1bc0',1408,'OC_DEFAULT_MODULE',2,1,544,1496612486,1496612486,0,0,'59347e86e696d',31,''),(1410,19,'files_trashbin/files/V 0.2.2.d1496613353/__pycache__/mechanikSchieferWurf.cpython-36.pyc','292677dfbb7abea0ea8f52daf9c52e2c',1357,'mechanikSchieferWurf.cpython-36.pyc',12,3,4382,1496612486,1496612486,1,0,'62711e48d5ea94fe8147ed637b20d120',27,''),(1411,19,'files_encryption/keys/files_trashbin/files/V 0.2.2.d1496613353/__pycache__/mainLayout.cpython-36.pyc','585da647c75c67fc9b57bea8e88027d8',1401,'mainLayout.cpython-36.pyc',2,1,544,1496612488,1496612488,0,0,'59347e887c24c',31,''),(1412,19,'files_encryption/keys/files_trashbin/files/V 0.2.2.d1496613353/__pycache__/mainLayout.cpython-36.pyc/OC_DEFAULT_MODULE','35f49c9a5bdf7428148e4ea377b7ff9e',1411,'OC_DEFAULT_MODULE',2,1,544,1496612488,1496612488,0,0,'59347e8885f73',31,''),(1413,19,'files_trashbin/files/V 0.2.2.d1496613353/__pycache__/mainLayout.cpython-36.pyc','5d2c02be814a081b911246ed641c49b4',1357,'mainLayout.cpython-36.pyc',12,3,1568,1496612488,1496612488,1,0,'d60d21c1742d41864654eb561c2a2553',27,''),(1414,19,'files_encryption/keys/files_trashbin/files/V 0.2.2.d1496613353/__pycache__/kontrollpanel.cpython-36.pyc','a5397bef5051d4f84a301492b69675b4',1401,'kontrollpanel.cpython-36.pyc',2,1,544,1496612489,1496612489,0,0,'59347e8a0242e',31,''),(1415,19,'files_encryption/keys/files_trashbin/files/V 0.2.2.d1496613353/__pycache__/kontrollpanel.cpython-36.pyc/OC_DEFAULT_MODULE','e35e2026d1e7866769c1b25d05b1470e',1414,'OC_DEFAULT_MODULE',2,1,544,1496612489,1496612489,0,0,'59347e8a0c108',31,''),(1416,19,'files_trashbin/files/V 0.2.2.d1496613353/__pycache__/kontrollpanel.cpython-36.pyc','bc0e7e836704af08990ff2fc7b1a331f',1357,'kontrollpanel.cpython-36.pyc',12,3,2390,1496612489,1496612489,1,0,'b27d179aad1a770da3abe78bfd330ddf',27,''),(1417,19,'files_encryption/keys/files_trashbin/files/V 0.2.2.d1496613353/__pycache__/kontrollpanel.cpython-36.pyc/OC_DEFAULT_MODULE/gregor.mitsch.shareKey','94552ac47c50ce4595420b80eecde358',1415,'gregor.mitsch.shareKey',12,3,512,1496612489,1496612489,0,0,'027735916a8eb9a162f59e8575382433',27,''),(1418,19,'files_encryption/keys/files_trashbin/files/V 0.2.2.d1496613353/__pycache__/kontrollpanel.cpython-36.pyc/OC_DEFAULT_MODULE/fileKey','99a9c3c623b24183c1ac6b6bebe27da7',1415,'fileKey',12,3,32,1496612489,1496612489,0,0,'41c79e0611d4430a2d68d7f807ac7af9',27,''),(1419,19,'files_encryption/keys/files_trashbin/files/V 0.2.2.d1496613353/__pycache__/mainLayout.cpython-36.pyc/OC_DEFAULT_MODULE/gregor.mitsch.shareKey','2308ffa03c40b1683e3728e8da2ff1a1',1412,'gregor.mitsch.shareKey',12,3,512,1496612488,1496612488,0,0,'aa3042170d4b046f566efbc1f02e70c9',27,''),(1420,19,'files_encryption/keys/files_trashbin/files/V 0.2.2.d1496613353/__pycache__/mainLayout.cpython-36.pyc/OC_DEFAULT_MODULE/fileKey','f122f9e4e4cddb04f7fb6346fdbf556d',1412,'fileKey',12,3,32,1496612488,1496612488,0,0,'c09e1effd3d0314be12e4c2679f6c98e',27,''),(1421,19,'files_encryption/keys/files_trashbin/files/V 0.2.2.d1496613353/__pycache__/mechanikSchieferWurf.cpython-36.pyc/OC_DEFAULT_MODULE/gregor.mitsch.shareKey','9c64cc67d1d5df1786c92ebdbd4cfcdf',1409,'gregor.mitsch.shareKey',12,3,512,1496612486,1496612486,0,0,'8dc9d313864bfa93f62aa1b623c90da8',27,''),(1422,19,'files_encryption/keys/files_trashbin/files/V 0.2.2.d1496613353/__pycache__/mechanikSchieferWurf.cpython-36.pyc/OC_DEFAULT_MODULE/fileKey','f529e4d718639b182104a779273b6446',1409,'fileKey',12,3,32,1496612486,1496612486,0,0,'212f22b35d32ace70248cbb0a05d02dd',27,''),(1423,19,'files_encryption/keys/files_trashbin/files/V 0.2.2.d1496613353/__pycache__/achsen.cpython-36.pyc/OC_DEFAULT_MODULE/gregor.mitsch.shareKey','79cc56a8f4f6888c21b236542c215203',1406,'gregor.mitsch.shareKey',12,3,512,1496612485,1496612485,0,0,'2395ce2e737b66468f95432443083832',27,''),(1424,19,'files_encryption/keys/files_trashbin/files/V 0.2.2.d1496613353/__pycache__/achsen.cpython-36.pyc/OC_DEFAULT_MODULE/fileKey','d9e2ada831972d54744c82685bc43107',1406,'fileKey',12,3,32,1496612485,1496612485,0,0,'f2930229e0d8f713056593a4b0a3c5e7',27,''),(1425,19,'files_encryption/keys/files_trashbin/files/V 0.2.2.d1496613353/__pycache__/mechanikMain.cpython-36.pyc/OC_DEFAULT_MODULE/gregor.mitsch.shareKey','457acd9f096e117b13a344622c1ff09d',1403,'gregor.mitsch.shareKey',12,3,512,1496612483,1496612483,0,0,'eb56013d426e2fca0eb7794cc87d2585',27,''),(1426,19,'files_encryption/keys/files_trashbin/files/V 0.2.2.d1496613353/__pycache__/mechanikMain.cpython-36.pyc/OC_DEFAULT_MODULE/fileKey','ad986b2a2c1f48015c975a467c06578a',1403,'fileKey',12,3,32,1496612483,1496612483,0,0,'b96f82be9aeb9ccd5983c89464ce6127',27,''),(1427,19,'files_encryption/keys/files_trashbin/files/V 0.2.2.d1496613353/mechanikSchieferWurf.py/OC_DEFAULT_MODULE/gregor.mitsch.shareKey','15a86a8975263eda7fc1070e3f920edb',1399,'gregor.mitsch.shareKey',12,3,512,1496612481,1496612481,0,0,'42224cb5f0b6bf66e7934325e7867d7c',27,''),(1428,19,'files_encryption/keys/files_trashbin/files/V 0.2.2.d1496613353/mechanikSchieferWurf.py/OC_DEFAULT_MODULE/fileKey','61c8ab72417c297b65a0836333fd0113',1399,'fileKey',12,3,32,1496612481,1496612481,0,0,'e560516c868dd1dc4bc0e83d9aefdace',27,''),(1429,19,'files_encryption/keys/files_trashbin/files/V 0.2.2.d1496613353/pauseIcon.png/OC_DEFAULT_MODULE/gregor.mitsch.shareKey','3a44e95184678eba5cfeb5a2a778b3af',1396,'gregor.mitsch.shareKey',12,3,512,1496612480,1496612480,0,0,'f24bff5f40c46a9bdff6b01cc708f0a7',27,''),(1430,19,'files_encryption/keys/files_trashbin/files/V 0.2.2.d1496613353/pauseIcon.png/OC_DEFAULT_MODULE/fileKey','2fd60609f1508fa967670a345f629756',1396,'fileKey',12,3,32,1496612480,1496612480,0,0,'56c94138fccf09ad54f4240b368136bc',27,''),(1431,19,'files_encryption/keys/files_trashbin/files/V 0.2.2.d1496613353/mechanikMain.py/OC_DEFAULT_MODULE/gregor.mitsch.shareKey','99e71dd16f66c53da977417d18c1527b',1393,'gregor.mitsch.shareKey',12,3,512,1496612478,1496612478,0,0,'aa588cfc80c0cb3960fbb149e33206c2',27,''),(1432,19,'files_encryption/keys/files_trashbin/files/V 0.2.2.d1496613353/mechanikMain.py/OC_DEFAULT_MODULE/fileKey','9f42ef89a9740318c8326473c4ba14d6',1393,'fileKey',12,3,32,1496612478,1496612478,0,0,'097fa74ae0ce1cc51a850b60e6372442',27,''),(1433,19,'files_encryption/keys/files_trashbin/files/V 0.2.2.d1496613353/run-application.sh/OC_DEFAULT_MODULE/gregor.mitsch.shareKey','b069b4957e3e0b653cce2e45085cd760',1390,'gregor.mitsch.shareKey',12,3,512,1496612477,1496612477,0,0,'a5df4b0991676eee849dffce5c171677',27,''),(1434,19,'files_encryption/keys/files_trashbin/files/V 0.2.2.d1496613353/run-application.sh/OC_DEFAULT_MODULE/fileKey','0d0d8a2f5fdc2edf15e5850a162e5f77',1390,'fileKey',12,3,32,1496612477,1496612477,0,0,'9bc3ac6bd9d36f99945e0fa346b42f08',27,''),(1435,19,'files_encryption/keys/files_trashbin/files/V 0.2.2.d1496613353/main.py/OC_DEFAULT_MODULE/gregor.mitsch.shareKey','42ec8b8331e43f010a61813943fe7b65',1387,'gregor.mitsch.shareKey',12,3,512,1496612475,1496612475,0,0,'eb39ed152a0325ded043f4390098b494',27,''),(1436,19,'files_encryption/keys/files_trashbin/files/V 0.2.2.d1496613353/main.py/OC_DEFAULT_MODULE/fileKey','a4bd58b35f2b08b320d6240ba6274308',1387,'fileKey',12,3,32,1496612475,1496612475,0,0,'856dccd942ad47f1a7ac6966a4193b5d',27,''),(1437,19,'files_encryption/keys/files_trashbin/files/V 0.2.2.d1496613353/kontrollpanel.py/OC_DEFAULT_MODULE/gregor.mitsch.shareKey','b4c2379e93eb8bdb388e1291e327756e',1384,'gregor.mitsch.shareKey',12,3,512,1496612474,1496612474,0,0,'b7675ffd259b5812e31e0bff1c38fe8c',27,''),(1438,19,'files_encryption/keys/files_trashbin/files/V 0.2.2.d1496613353/kontrollpanel.py/OC_DEFAULT_MODULE/fileKey','9accd2f3f48fe3f462c3c91afd5600e7',1384,'fileKey',12,3,32,1496612474,1496612474,0,0,'fe5bafc02e302364faefe3d73ff8daa7',27,''),(1439,19,'files_encryption/keys/files_trashbin/files/V 0.2.2.d1496613353/playIcon.png/OC_DEFAULT_MODULE/gregor.mitsch.shareKey','cfff8230ca16112e5f083f250e03055c',1381,'gregor.mitsch.shareKey',12,3,512,1496612472,1496612472,0,0,'103fd252340aa54d4ccf777a979b5dc1',27,''),(1440,19,'files_encryption/keys/files_trashbin/files/V 0.2.2.d1496613353/playIcon.png/OC_DEFAULT_MODULE/fileKey','7fbcfd9c63c8a26f3f236944528f6400',1381,'fileKey',12,3,32,1496612472,1496612472,0,0,'00f540e73cb511a1f82323cf6b23ecc7',27,''),(1441,19,'files_encryption/keys/files_trashbin/files/V 0.2.2.d1496613353/refreshIcon.png/OC_DEFAULT_MODULE/gregor.mitsch.shareKey','15dfeb8c69804d208361eed26ba1ee69',1378,'gregor.mitsch.shareKey',12,3,512,1496612471,1496612471,0,0,'84eb2589052e572156c350589b22deb2',27,''),(1442,19,'files_encryption/keys/files_trashbin/files/V 0.2.2.d1496613353/refreshIcon.png/OC_DEFAULT_MODULE/fileKey','c4c7353a74a0e84949dd862ffb9a295c',1378,'fileKey',12,3,32,1496612471,1496612471,0,0,'73060ba1dc0ad2ca58dde2662d47be3f',27,''),(1443,19,'files_encryption/keys/files_trashbin/files/V 0.2.2.d1496613353/resetIcon.png/OC_DEFAULT_MODULE/gregor.mitsch.shareKey','e71966aa09008af41df71613b4860d19',1375,'gregor.mitsch.shareKey',12,3,512,1496612469,1496612469,0,0,'bc7668bfd7aae62800215e4f0d3738be',27,''),(1444,19,'files_encryption/keys/files_trashbin/files/V 0.2.2.d1496613353/resetIcon.png/OC_DEFAULT_MODULE/fileKey','8875177c2e7c3b9e717849ecfae8a5ec',1375,'fileKey',12,3,32,1496612469,1496612469,0,0,'27d5bc6842056f3ea93dd086eabb0358',27,''),(1445,19,'files_encryption/keys/files_trashbin/files/V 0.2.2.d1496613353/achsen.py/OC_DEFAULT_MODULE/gregor.mitsch.shareKey','6facc534439dfb786f38de1ca2cda05a',1372,'gregor.mitsch.shareKey',12,3,512,1496612468,1496612468,0,0,'9ed76304a1ff094fa10a4f3e0a4cfbf8',27,''),(1446,19,'files_encryption/keys/files_trashbin/files/V 0.2.2.d1496613353/achsen.py/OC_DEFAULT_MODULE/fileKey','6b9bb33f3b739ae417e61803507c2793',1372,'fileKey',12,3,32,1496612468,1496612468,0,0,'a03c4d63c86cdb91de9929c30e2097fb',27,''),(1447,19,'files_encryption/keys/files_trashbin/files/V 0.2.2.d1496613353/.directory/OC_DEFAULT_MODULE/gregor.mitsch.shareKey','88f335d77e373fee13b711b55f099659',1369,'gregor.mitsch.shareKey',12,3,512,1496612466,1496612466,0,0,'06119bcf50cc16c0a9b10b265da12dc5',27,''),(1448,19,'files_encryption/keys/files_trashbin/files/V 0.2.2.d1496613353/.directory/OC_DEFAULT_MODULE/fileKey','35748573ddf57a2251b3ba17bf700f9b',1369,'fileKey',12,3,32,1496612466,1496612466,0,0,'7a781a6d0199a6b34ffb332f7d7f93cd',27,''),(1449,19,'files_encryption/keys/files_trashbin/files/V 0.3.1.d1496613423/__pycache__/kontrollpanel.cpython-36.pyc/OC_DEFAULT_MODULE/gregor.mitsch.shareKey','77b919aeeb238eb2eb65a9f9f607277f',1366,'gregor.mitsch.shareKey',12,3,512,1496612465,1496612465,0,0,'0441563168e6fc92a837f7bed74bb5c4',27,''),(1450,19,'files_encryption/keys/files_trashbin/files/V 0.3.1.d1496613423/__pycache__/kontrollpanel.cpython-36.pyc/OC_DEFAULT_MODULE/fileKey','4c34638d89fad350369c07b508ec6989',1366,'fileKey',12,3,32,1496612465,1496612465,0,0,'ebfbf1c5032097753782ceedef38d671',27,''),(1451,19,'files_encryption/keys/files_trashbin/files/V 0.2.2.d1496613353/mainLayout.py/OC_DEFAULT_MODULE/gregor.mitsch.shareKey','447084cfc91d4bb20c54b6e3e143b677',1363,'gregor.mitsch.shareKey',12,3,512,1496612464,1496612464,0,0,'e13822f72bbe5ce5d4ff77c8c11571b5',27,''),(1452,19,'files_encryption/keys/files_trashbin/files/V 0.2.2.d1496613353/mainLayout.py/OC_DEFAULT_MODULE/fileKey','01dfc49d8f0b10248a6cc2b2ca988fc3',1363,'fileKey',12,3,32,1496612464,1496612464,0,0,'ec326c3bf12294ed4d8dadbc145242b8',27,''),(1453,19,'files_encryption/keys/files_trashbin/files/V 0.3.1.d1496613423/__pycache__/mainLayout.cpython-36.pyc/OC_DEFAULT_MODULE/gregor.mitsch.shareKey','f893a5c4f34cb339ebed1e4a0ad2cdd2',1359,'gregor.mitsch.shareKey',12,3,512,1496612463,1496612463,0,0,'125fceacd1fca4f87cc855c099c3166d',27,''),(1454,19,'files_encryption/keys/files_trashbin/files/V 0.3.1.d1496613423/__pycache__/mainLayout.cpython-36.pyc/OC_DEFAULT_MODULE/fileKey','dd5e3ef4e07b9e406ffb2042a6b9ada2',1359,'fileKey',12,3,32,1496612463,1496612463,0,0,'1e12b9a3e9c1c0a65d6df883f8ac81dd',27,''),(1455,19,'files_encryption/keys/files_trashbin/files/V 0.3.1.d1496613423/__pycache__/mechanikSchieferWurf.cpython-36.pyc/OC_DEFAULT_MODULE/gregor.mitsch.shareKey','d59b7544c407f8543f347b7c30d5e1e6',1354,'gregor.mitsch.shareKey',12,3,512,1496612460,1496612460,0,0,'2bddb37d47a0142d90758f08de9356b6',27,''),(1456,19,'files_encryption/keys/files_trashbin/files/V 0.3.1.d1496613423/__pycache__/mechanikSchieferWurf.cpython-36.pyc/OC_DEFAULT_MODULE/fileKey','caf4f4420f7daa193f05ffb3a1333644',1354,'fileKey',12,3,32,1496612460,1496612460,0,0,'e7c3c115c6ce9889477ab5a46a88ad68',27,''),(1457,19,'files_encryption/keys/files_trashbin/files/V 0.3.1.d1496613423/__pycache__/achsen.cpython-36.pyc/OC_DEFAULT_MODULE/gregor.mitsch.shareKey','3b18fbe689d615d3c38ee826544dc328',1351,'gregor.mitsch.shareKey',12,3,512,1496612458,1496612458,0,0,'e088691968732bf38c235ea096cd7df6',27,''),(1458,19,'files_encryption/keys/files_trashbin/files/V 0.3.1.d1496613423/__pycache__/achsen.cpython-36.pyc/OC_DEFAULT_MODULE/fileKey','5498c57e65f4135bd01f8df7a9b3d023',1351,'fileKey',12,3,32,1496612458,1496612458,0,0,'a93ce01980d93ee01ebf540f14a52d2f',27,''),(1459,19,'files_encryption/keys/files_trashbin/files/V 0.3.1.d1496613423/__pycache__/mechanikMain.cpython-36.pyc/OC_DEFAULT_MODULE/gregor.mitsch.shareKey','dabf563ee179f2975b8b87ed3a8bbedd',1348,'gregor.mitsch.shareKey',12,3,512,1496612456,1496612456,0,0,'9d3fba4e19ac436854108be75e5518c4',27,''),(1460,19,'files_encryption/keys/files_trashbin/files/V 0.3.1.d1496613423/__pycache__/mechanikMain.cpython-36.pyc/OC_DEFAULT_MODULE/fileKey','037663e6125ebebf1fa2a360a107729e',1348,'fileKey',12,3,32,1496612456,1496612456,0,0,'199f9ed6d6575ee931d7a39280bd5c14',27,''),(1461,19,'files_encryption/keys/files_trashbin/files/V 0.3.1.d1496613423/mechanikSchieferWurf.py/OC_DEFAULT_MODULE/gregor.mitsch.shareKey','5d90378c25a96e7c12ef515cd18803f8',1344,'gregor.mitsch.shareKey',12,3,512,1496612454,1496612454,0,0,'2ef9a7a64b796c747cdaf39be7a85a0e',27,''),(1462,19,'files_encryption/keys/files_trashbin/files/V 0.3.1.d1496613423/mechanikSchieferWurf.py/OC_DEFAULT_MODULE/fileKey','1c95823ce7c6c3c9900e537c97f2949f',1344,'fileKey',12,3,32,1496612454,1496612454,0,0,'239e825f93b08e6deba49a7e776906c8',27,''),(1463,19,'files_encryption/keys/files_trashbin/files/V 0.3.1.d1496613423/pauseIcon.png/OC_DEFAULT_MODULE/gregor.mitsch.shareKey','eade9a0b85ad16bb13b182c4894df0e5',1341,'gregor.mitsch.shareKey',12,3,512,1496612452,1496612452,0,0,'5aa19f29e1c1aa52301c6812687009fd',27,''),(1464,19,'files_encryption/keys/files_trashbin/files/V 0.3.1.d1496613423/pauseIcon.png/OC_DEFAULT_MODULE/fileKey','1ff611443fe06acd3c4a3b12091a3200',1341,'fileKey',12,3,32,1496612452,1496612452,0,0,'33ab648339e34e9118548f32e9a2efaf',27,''),(1465,19,'files_encryption/keys/files_trashbin/files/V 0.3.1.d1496613423/mechanikMain.py/OC_DEFAULT_MODULE/gregor.mitsch.shareKey','01424dbac3abb81c876853ddf8dcb995',1338,'gregor.mitsch.shareKey',12,3,512,1496612449,1496612449,0,0,'3fd69b441bed6ba9abf4b5679108dfbe',27,''),(1466,19,'files_encryption/keys/files_trashbin/files/V 0.3.1.d1496613423/mechanikMain.py/OC_DEFAULT_MODULE/fileKey','940c945f096fa292d267ffafdd7f1452',1338,'fileKey',12,3,32,1496612449,1496612449,0,0,'c06977a23675af59ea349e13f12a2cc5',27,''),(1467,19,'files_encryption/keys/files_trashbin/files/V 0.3.1.d1496613423/run-application.sh/OC_DEFAULT_MODULE/gregor.mitsch.shareKey','26131e9aa24fe262fb7e7e2870ce101a',1335,'gregor.mitsch.shareKey',12,3,512,1496612447,1496612447,0,0,'4339044eafcf2bfbbb149221320e5a87',27,''),(1468,19,'files_encryption/keys/files_trashbin/files/V 0.3.1.d1496613423/run-application.sh/OC_DEFAULT_MODULE/fileKey','c092a03d4abad68b11dde6ebf9605e7c',1335,'fileKey',12,3,32,1496612447,1496612447,0,0,'978c8089184acf2d2f9b873d18913f86',27,''),(1469,19,'files_encryption/keys/files_trashbin/files/V 0.3.1.d1496613423/main.py/OC_DEFAULT_MODULE/gregor.mitsch.shareKey','07251a6ac425abe3f2a3cca5b1dec876',1332,'gregor.mitsch.shareKey',12,3,512,1496612445,1496612445,0,0,'35aa54502ee00a669bbae95660d378ba',27,''),(1470,19,'files_encryption/keys/files_trashbin/files/V 0.3.1.d1496613423/main.py/OC_DEFAULT_MODULE/fileKey','c0e43cfd289905781f0923417d70df41',1332,'fileKey',12,3,32,1496612445,1496612445,0,0,'88aeb64ef2affe74f9ad860de0a0bdac',27,''),(1471,19,'files_encryption/keys/files_trashbin/files/V 0.3.1.d1496613423/kontrollpanel.py/OC_DEFAULT_MODULE/gregor.mitsch.shareKey','2243ab53e15a7769ac6976d12372564a',1329,'gregor.mitsch.shareKey',12,3,512,1496612442,1496612442,0,0,'e6719405d420c87d06bc02db50c1336d',27,''),(1472,19,'files_encryption/keys/files_trashbin/files/V 0.3.1.d1496613423/kontrollpanel.py/OC_DEFAULT_MODULE/fileKey','d3bacc64ffbeb0b0b31491af830ee878',1329,'fileKey',12,3,32,1496612442,1496612442,0,0,'b0621968731a916f5e47d024b5cb3cee',27,''),(1473,19,'files_encryption/keys/files_trashbin/files/V 0.3.1.d1496613423/.main.py.kate-swp/OC_DEFAULT_MODULE/gregor.mitsch.shareKey','e32e7e7e3aae577b7d3111ddbff22604',1322,'gregor.mitsch.shareKey',12,3,512,1496612440,1496612440,0,0,'33da4584c0b0b6ee608b9d71b601b40e',27,''),(1474,19,'files_encryption/keys/files_trashbin/files/V 0.3.1.d1496613423/.main.py.kate-swp/OC_DEFAULT_MODULE/fileKey','293cfe61139631761ca79a40201a822c',1322,'fileKey',12,3,32,1496612440,1496612440,0,0,'85324c3b177b82fdc393d8328b8ce30f',27,''),(1475,19,'files_encryption/keys/files_trashbin/files/V 0.3.1.d1496613423/playIcon.png/OC_DEFAULT_MODULE/gregor.mitsch.shareKey','ff08e9f2f4237ae079ba2c07ee750357',1317,'gregor.mitsch.shareKey',12,3,512,1496612438,1496612438,0,0,'1b118d11482aa816a2677742eddb401f',27,''),(1476,19,'files_encryption/keys/files_trashbin/files/V 0.3.1.d1496613423/playIcon.png/OC_DEFAULT_MODULE/fileKey','08c572ba56d47d2bda46c84537bff0bf',1317,'fileKey',12,3,32,1496612438,1496612438,0,0,'bc6acc24fffc90beac4853a56cee35d3',27,''),(1477,19,'files_encryption/keys/files_trashbin/files/V 0.3.1.d1496613423/refreshIcon.png/OC_DEFAULT_MODULE/gregor.mitsch.shareKey','80cd05400ef81fe43980db7b8f7eaddc',1314,'gregor.mitsch.shareKey',12,3,512,1496612437,1496612437,0,0,'22b90ac50aed6b314503b3cd439d1dd5',27,''),(1478,19,'files_encryption/keys/files_trashbin/files/V 0.3.1.d1496613423/refreshIcon.png/OC_DEFAULT_MODULE/fileKey','e8d00160a6ee2f6ce2986b6fbd214887',1314,'fileKey',12,3,32,1496612437,1496612437,0,0,'9e5ea3eb01b5240c804a2d701ed16939',27,''),(1479,19,'files_encryption/keys/files_trashbin/files/V 0.3.1.d1496613423/resetIcon.png/OC_DEFAULT_MODULE/gregor.mitsch.shareKey','9361f3ced0fc6264b562f951a9a571b9',1311,'gregor.mitsch.shareKey',12,3,512,1496612435,1496612435,0,0,'58702a4ec29fbd58c6d9f5873bebd9c9',27,''),(1480,19,'files_encryption/keys/files_trashbin/files/V 0.3.1.d1496613423/resetIcon.png/OC_DEFAULT_MODULE/fileKey','5f975f554d55582ed8cb1ad05d3f1e19',1311,'fileKey',12,3,32,1496612435,1496612435,0,0,'30eef18c2eda223f04009690a91bd844',27,''),(1481,19,'files_encryption/keys/files_trashbin/files/V 0.3.1.d1496613423/achsen.py/OC_DEFAULT_MODULE/gregor.mitsch.shareKey','e9fc5e068923caabf2923e887d13c48c',1308,'gregor.mitsch.shareKey',12,3,512,1496612434,1496612434,0,0,'bba8e6669e86f07a18c3446e739eb4f5',27,''),(1482,19,'files_encryption/keys/files_trashbin/files/V 0.3.1.d1496613423/achsen.py/OC_DEFAULT_MODULE/fileKey','92409255b196c124f0350ea83e30fb8c',1308,'fileKey',12,3,32,1496612434,1496612434,0,0,'6efe222ce9ad585a480bc7110b4621a5',27,''),(1483,19,'files_encryption/keys/files_trashbin/files/V 0.3.1.d1496613423/.directory/OC_DEFAULT_MODULE/gregor.mitsch.shareKey','f3f0c18638dba4e70ff5997f1e0450e9',1305,'gregor.mitsch.shareKey',12,3,512,1496612432,1496612432,0,0,'93216eb78f473af0a8d6cbb6ac70a13a',27,''),(1484,19,'files_encryption/keys/files_trashbin/files/V 0.3.1.d1496613423/.directory/OC_DEFAULT_MODULE/fileKey','1ec63dae79ff70aafcea4779e8a38e50',1305,'fileKey',12,3,32,1496612432,1496612432,0,0,'1c60eddf1b8becffe6f6e59e256a6b59',27,''),(1485,19,'files_encryption/keys/files_trashbin/files/V 0.3.1.d1496613423/mainLayout.py/OC_DEFAULT_MODULE/gregor.mitsch.shareKey','0abc2485666ab4ec28ebb8ea6f5e4c16',1302,'gregor.mitsch.shareKey',12,3,512,1496612431,1496612431,0,0,'5d0160547956ef98d6680e3d0d2870c7',27,''),(1486,19,'files_encryption/keys/files_trashbin/files/V 0.3.1.d1496613423/mainLayout.py/OC_DEFAULT_MODULE/fileKey','90df1c6c171bd216398e2bacd38cc5f2',1302,'fileKey',12,3,32,1496612431,1496612431,0,0,'25962c1086c7abfdf481baa44d1a9876',27,''),(1487,19,'files_trashbin/files/V 0.3.2.d1496613422','916ab991770021a0bcc1a61ed6481c2c',1321,'V 0.3.2.d1496613422',2,1,40509,1496613389,1496613380,0,0,'5934820d5cf86',31,''),(1488,19,'files_trashbin/files/V 0.3.2.d1496613422/__pycache__','71dc3cbd2db4626ffcc367edce03c575',1487,'__pycache__',2,1,16514,1496613389,1496613389,0,0,'5934820d5cf86',31,''),(1489,19,'files_encryption/keys/files_trashbin/files/V 0.3.2.d1496613422','8b2389c18f7a24fbb0956d2086dacbb1',1327,'V 0.3.2.d1496613422',2,1,9792,1496613382,1496613382,0,0,'593481f29e1a9',31,''),(1490,19,'files_encryption/keys/files_trashbin/files/V 0.3.2.d1496613422/mainLayout.py','8334bf521b71d303b350158ce0ff4f1b',1489,'mainLayout.py',2,1,544,1496613362,1496613362,0,0,'593481f2c2b0f',31,''),(1491,19,'files_encryption/keys/files_trashbin/files/V 0.3.2.d1496613422/mainLayout.py/OC_DEFAULT_MODULE','8e08c4ae5f3678076e99c3e83ac2b404',1490,'OC_DEFAULT_MODULE',2,1,544,1496613362,1496613362,0,0,'593481f2cd397',31,''),(1492,19,'files_trashbin/files/V 0.3.2.d1496613422/mainLayout.py','cec6f2bbef9316a227083cc1f0014b96',1487,'mainLayout.py',37,10,1012,1496613362,1496613362,1,0,'b439d7cc1bfa06d1119b3d14420ea166',27,''),(1493,19,'files_encryption/keys/files_trashbin/files/V 0.3.2.d1496613422/.directory','df3840d2d772f35c9a50276729a381a1',1489,'.directory',2,1,544,1496613364,1496613364,0,0,'593481f47efb8',31,''),(1494,19,'files_encryption/keys/files_trashbin/files/V 0.3.2.d1496613422/.directory/OC_DEFAULT_MODULE','6445e2556989f99391fee157e637678c',1493,'OC_DEFAULT_MODULE',2,1,544,1496613364,1496613364,0,0,'593481f4884f9',31,''),(1495,19,'files_trashbin/files/V 0.3.2.d1496613422/.directory','205452e4a0918d8a9d59db6404042de5',1487,'.directory',12,3,59,1496613364,1496613364,1,0,'31e72f2d2f515d8459e712e3ea399f24',27,''),(1496,19,'files_encryption/keys/files_trashbin/files/V 0.3.2.d1496613422/achsen.py','13916d8ea954664f03d5d5924616c6d2',1489,'achsen.py',2,1,544,1496613366,1496613366,0,0,'593481f6103f7',31,''),(1497,19,'files_encryption/keys/files_trashbin/files/V 0.3.2.d1496613422/achsen.py/OC_DEFAULT_MODULE','a5f356265f9df6653aa0652bbd6c6b26',1496,'OC_DEFAULT_MODULE',2,1,544,1496613366,1496613366,0,0,'593481f61b87e',31,''),(1498,19,'files_trashbin/files/V 0.3.2.d1496613422/achsen.py','539854ff3782b846749d622bd72054a5',1487,'achsen.py',37,10,8492,1496613366,1496613366,1,0,'486e5e93e1fbd4e6aa6bd28f4172cab1',27,''),(1499,19,'files_encryption/keys/files_trashbin/files/V 0.3.2.d1496613422/resetIcon.png','98035f5ff3893a8896a17d4ab4a36209',1489,'resetIcon.png',2,1,544,1496613367,1496613367,0,0,'593481f77c918',31,''),(1500,19,'files_encryption/keys/files_trashbin/files/V 0.3.2.d1496613422/resetIcon.png/OC_DEFAULT_MODULE','7cb9f8259c69d2416ce5742f116da6d8',1499,'OC_DEFAULT_MODULE',2,1,544,1496613367,1496613367,0,0,'593481f78646e',31,''),(1501,19,'files_trashbin/files/V 0.3.2.d1496613422/resetIcon.png','277cef8287e0e2ed1938a004fdbe3547',1487,'resetIcon.png',18,5,4269,1496613367,1496613367,1,0,'c88b145b8ff449ee5be4f40dbd02cd1e',27,''),(1502,19,'files_encryption/keys/files_trashbin/files/V 0.3.2.d1496613422/refreshIcon.png','5de58301c1f50e312a75876cd69b8877',1489,'refreshIcon.png',2,1,544,1496613368,1496613368,0,0,'593481f8c750e',31,''),(1503,19,'files_encryption/keys/files_trashbin/files/V 0.3.2.d1496613422/refreshIcon.png/OC_DEFAULT_MODULE','ee054c8a9a3ad8d7727b5d1891f3884d',1502,'OC_DEFAULT_MODULE',2,1,544,1496613368,1496613368,0,0,'593481f8d067e',31,''),(1504,19,'files_trashbin/files/V 0.3.2.d1496613422/refreshIcon.png','156598aac515d13fb1b2062124ea0d86',1487,'refreshIcon.png',18,5,671,1496613368,1496613368,1,0,'b0cad15ddaab6aa0b31e1d02c0d38fc6',27,''),(1505,19,'files_encryption/keys/files_trashbin/files/V 0.3.2.d1496613422/playIcon.png','4af54d5760e9f391dab15da89102e6c1',1489,'playIcon.png',2,1,544,1496613370,1496613370,0,0,'593481fa2f825',31,''),(1506,19,'files_encryption/keys/files_trashbin/files/V 0.3.2.d1496613422/playIcon.png/OC_DEFAULT_MODULE','ab629d1d89758b153d0eb7799c5367d5',1505,'OC_DEFAULT_MODULE',2,1,544,1496613370,1496613370,0,0,'593481fa3a35c',31,''),(1507,19,'files_trashbin/files/V 0.3.2.d1496613422/playIcon.png','ae7754f9a655b256cc412b30a3604843',1487,'playIcon.png',18,5,495,1496613370,1496613370,1,0,'6f66648260fb36fb977ec87b5847b91d',27,''),(1508,19,'files_encryption/keys/files_trashbin/files/V 0.3.2.d1496613422/.main.py.kate-swp','9d6fa76a4dc1532be903e7d9bf06978a',1489,'.main.py.kate-swp',2,1,544,1496613371,1496613371,0,0,'593481fbaea31',31,''),(1509,19,'files_encryption/keys/files_trashbin/files/V 0.3.2.d1496613422/.main.py.kate-swp/OC_DEFAULT_MODULE','fea12d96195d79bc423e9c00a5c18dca',1508,'OC_DEFAULT_MODULE',2,1,544,1496613371,1496613371,0,0,'593481fbb8790',31,''),(1510,19,'files_trashbin/files/V 0.3.2.d1496613422/.main.py.kate-swp','6ad0db4af66d1a1e850fee1b80fa3ded',1487,'.main.py.kate-swp',12,3,48,1496613371,1496613371,1,0,'d844a5df4f41ced356494093bf3c2ff2',27,''),(1511,19,'files_encryption/keys/files_trashbin/files/V 0.3.2.d1496613422/kontrollpanel.py','ca3c00b72f9d9cf9c8038617bc7d6ff3',1489,'kontrollpanel.py',2,1,544,1496613373,1496613373,0,0,'593481fd23d86',31,''),(1512,19,'files_encryption/keys/files_trashbin/files/V 0.3.2.d1496613422/kontrollpanel.py/OC_DEFAULT_MODULE','2467ddc5c361ae4bdd16f581c341352f',1511,'OC_DEFAULT_MODULE',2,1,544,1496613373,1496613373,0,0,'593481fd2e783',31,''),(1513,19,'files_trashbin/files/V 0.3.2.d1496613422/kontrollpanel.py','ad5bcd36a07aeb13d66ded8b92d3a15b',1487,'kontrollpanel.py',37,10,2128,1496613373,1496613373,1,0,'21c17ff624f9cb063ebdadff05ac09de',27,''),(1514,19,'files_encryption/keys/files_trashbin/files/V 0.3.2.d1496613422/main.py','763db68bde6e67deced43df3f45a3796',1489,'main.py',2,1,544,1496613374,1496613374,0,0,'593481fed45d7',31,''),(1515,19,'files_encryption/keys/files_trashbin/files/V 0.3.2.d1496613422/main.py/OC_DEFAULT_MODULE','e067d8386e0e8bcad0a1a635bcbda138',1514,'OC_DEFAULT_MODULE',2,1,544,1496613374,1496613374,0,0,'593481fedee95',31,''),(1516,19,'files_trashbin/files/V 0.3.2.d1496613422/main.py','a152c7593548358683cfdb06033d6f08',1487,'main.py',37,10,876,1496613374,1496613374,1,0,'9c137b98d3d679b96eb6a940e3e75679',27,''),(1517,19,'files_encryption/keys/files_trashbin/files/V 0.3.2.d1496613422/run-application.sh','a78ea2e322ffaaa75d1827e2f0a1152f',1489,'run-application.sh',2,1,544,1496613376,1496613376,0,0,'5934820076408',31,''),(1518,19,'files_encryption/keys/files_trashbin/files/V 0.3.2.d1496613422/run-application.sh/OC_DEFAULT_MODULE','3ed9be8c647af5bfd69b1b03444c911d',1517,'OC_DEFAULT_MODULE',2,1,544,1496613376,1496613376,0,0,'593482007fdbc',31,''),(1519,19,'files_trashbin/files/V 0.3.2.d1496613422/run-application.sh','5efffc5eb01cce76942381376e9adeb3',1487,'run-application.sh',36,10,30,1496613376,1496613376,1,0,'2d165798b7ebf019f6d61b6ee009a82b',27,''),(1520,19,'files_encryption/keys/files_trashbin/files/V 0.3.2.d1496613422/mechanikMain.py','b77cb235471e47e21720e90c0e4dff9c',1489,'mechanikMain.py',2,1,544,1496613377,1496613377,0,0,'59348201c83ba',31,''),(1521,19,'files_encryption/keys/files_trashbin/files/V 0.3.2.d1496613422/mechanikMain.py/OC_DEFAULT_MODULE','754c427afdbe410af1836081b260dd61',1520,'OC_DEFAULT_MODULE',2,1,544,1496613377,1496613377,0,0,'59348201d16a7',31,''),(1522,19,'files_trashbin/files/V 0.3.2.d1496613422/mechanikMain.py','9bf3aa9bf95bc81091ee930d7744f1b2',1487,'mechanikMain.py',37,10,1384,1496613377,1496613377,1,0,'2eec78af7aa1474c0a5f0d4fcba1746b',27,''),(1523,19,'files_encryption/keys/files_trashbin/files/V 0.3.2.d1496613422/pauseIcon.png','fea9ae2a0a427443896e22f31a4b98f1',1489,'pauseIcon.png',2,1,544,1496613379,1496613379,0,0,'5934820349aca',31,''),(1524,19,'files_encryption/keys/files_trashbin/files/V 0.3.2.d1496613422/pauseIcon.png/OC_DEFAULT_MODULE','cfde805efe9b5589c69e45f6b2299312',1523,'OC_DEFAULT_MODULE',2,1,544,1496613379,1496613379,0,0,'5934820354a2e',31,''),(1525,19,'files_trashbin/files/V 0.3.2.d1496613422/pauseIcon.png','e2092f6f8b23ea5c48d188fe17971e4c',1487,'pauseIcon.png',18,5,542,1496613379,1496613379,1,0,'cc131e0fbbb8be404aad202d1673746c',27,''),(1526,19,'files_encryption/keys/files_trashbin/files/V 0.3.2.d1496613422/mechanikSchieferWurf.py','170aa6223d42df94fa80e77db9a3b10b',1489,'mechanikSchieferWurf.py',2,1,544,1496613380,1496613380,0,0,'59348204ad2ea',31,''),(1527,19,'files_encryption/keys/files_trashbin/files/V 0.3.2.d1496613422/mechanikSchieferWurf.py/OC_DEFAULT_MODULE','b75a7293cd3215ad14c69686c76f13e6',1526,'OC_DEFAULT_MODULE',2,1,544,1496613380,1496613380,0,0,'59348204b718e',31,''),(1528,19,'files_trashbin/files/V 0.3.2.d1496613422/mechanikSchieferWurf.py','3a7b9e38b55c5b32498bbbe841fd2ee6',1487,'mechanikSchieferWurf.py',37,10,3989,1496613380,1496613380,1,0,'2d5469fca89c8521148853f73a70358a',27,''),(1529,19,'files_encryption/keys/files_trashbin/files/V 0.3.2.d1496613422/__pycache__','a1dd54f7a0e7304f051deecddfcbcb5c',1489,'__pycache__',2,1,2720,1496613389,1496613389,0,0,'5934820623e35',31,''),(1530,19,'files_encryption/keys/files_trashbin/files/V 0.3.2.d1496613422/__pycache__/mechanikMain.cpython-36.pyc','b6c06a9ee7a811a5ab164ef9ed0fce39',1529,'mechanikMain.cpython-36.pyc',2,1,544,1496613382,1496613382,0,0,'5934820648123',31,''),(1531,19,'files_encryption/keys/files_trashbin/files/V 0.3.2.d1496613422/__pycache__/mechanikMain.cpython-36.pyc/OC_DEFAULT_MODULE','98186e61f089abb9aa2283b491d0087e',1530,'OC_DEFAULT_MODULE',2,1,544,1496613382,1496613382,0,0,'5934820652235',31,''),(1532,19,'files_trashbin/files/V 0.3.2.d1496613422/__pycache__/mechanikMain.cpython-36.pyc','d0b4cfb56176164bc2314230583e373c',1488,'mechanikMain.cpython-36.pyc',12,3,1847,1496613382,1496613382,1,0,'dc8d356567c2060e4718957f8f6bfe44',27,''),(1533,19,'files_encryption/keys/files_trashbin/files/V 0.3.2.d1496613422/__pycache__/achsen.cpython-36.pyc','b68ba0169f753bad78a5cfc46fd0dc55',1529,'achsen.cpython-36.pyc',2,1,544,1496613383,1496613383,0,0,'59348207e9e67',31,''),(1534,19,'files_encryption/keys/files_trashbin/files/V 0.3.2.d1496613422/__pycache__/achsen.cpython-36.pyc/OC_DEFAULT_MODULE','29f1e0c98b539f5be7ec8d3c03adeafd',1533,'OC_DEFAULT_MODULE',2,1,544,1496613383,1496613383,0,0,'5934820800f50',31,''),(1535,19,'files_trashbin/files/V 0.3.2.d1496613422/__pycache__/achsen.cpython-36.pyc','6f501a07bb4127fa33679e4bab6a6bf4',1488,'achsen.cpython-36.pyc',12,3,6331,1496613383,1496613383,1,0,'1009ee98031709eea6da2a73051cf560',27,''),(1536,19,'files_encryption/keys/files_trashbin/files/V 0.3.2.d1496613422/__pycache__/mechanikSchieferWurf.cpython-36.pyc','6fe42afc9dfb5b137cdc1caa4ef97928',1529,'mechanikSchieferWurf.cpython-36.pyc',2,1,544,1496613385,1496613385,0,0,'59348209e62cf',31,''),(1537,19,'files_encryption/keys/files_trashbin/files/V 0.3.2.d1496613422/__pycache__/mechanikSchieferWurf.cpython-36.pyc/OC_DEFAULT_MODULE','8e6e1eb5367a8374517c279cbae2d7d8',1536,'OC_DEFAULT_MODULE',2,1,544,1496613385,1496613385,0,0,'59348209ef44c',31,''),(1538,19,'files_trashbin/files/V 0.3.2.d1496613422/__pycache__/mechanikSchieferWurf.cpython-36.pyc','ba2866442aa8ae8a5e99883e3d0241b9',1488,'mechanikSchieferWurf.cpython-36.pyc',12,3,4378,1496613385,1496613385,1,0,'398a8137df69a13e3f4d82c3c764ea55',27,''),(1539,19,'files_encryption/keys/files_trashbin/files/V 0.3.2.d1496613422/__pycache__/mainLayout.cpython-36.pyc','480c6f7001238481a7be1c5ffde5d4af',1529,'mainLayout.cpython-36.pyc',2,1,544,1496613387,1496613387,0,0,'5934820b8183d',31,''),(1540,19,'files_encryption/keys/files_trashbin/files/V 0.3.2.d1496613422/__pycache__/mainLayout.cpython-36.pyc/OC_DEFAULT_MODULE','c0dcc9390dba45db40282f19f6dd0578',1539,'OC_DEFAULT_MODULE',2,1,544,1496613387,1496613387,0,0,'5934820b8afb0',31,''),(1541,19,'files_trashbin/files/V 0.3.2.d1496613422/__pycache__/mainLayout.cpython-36.pyc','e3d3f12efd0d84ae169bf7595e618c9e',1488,'mainLayout.cpython-36.pyc',12,3,1568,1496613387,1496613387,1,0,'8eccb8b8bca93b0a23f4ae2e7a307b3c',27,''),(1542,19,'files_encryption/keys/files_trashbin/files/V 0.3.2.d1496613422/__pycache__/kontrollpanel.cpython-36.pyc','18510519b8697760c1feaaef0f40a05b',1529,'kontrollpanel.cpython-36.pyc',2,1,544,1496613388,1496613388,0,0,'5934820d066a6',31,''),(1543,19,'files_encryption/keys/files_trashbin/files/V 0.3.2.d1496613422/__pycache__/kontrollpanel.cpython-36.pyc/OC_DEFAULT_MODULE','346b9e10f15a4dfbb4d60111381d0a96',1542,'OC_DEFAULT_MODULE',2,1,544,1496613388,1496613388,0,0,'5934820d0f8db',31,''),(1544,19,'files_trashbin/files/V 0.3.2.d1496613422/__pycache__/kontrollpanel.cpython-36.pyc','ea8501253cec37a88f43dc5b5ca4b01f',1488,'kontrollpanel.cpython-36.pyc',12,3,2390,1496613388,1496613388,1,0,'90768f7fbff03780db74ec71d593edec',27,''),(1545,19,'files_trashbin/files/V 0.3.1.1.d1496613558','a61c692b5f0ddccaf47df7d6e60f8121',1321,'V 0.3.1.1.d1496613558',2,1,40511,1496613463,1496613453,0,0,'59348257cf468',31,''),(1546,19,'files_trashbin/files/V 0.3.1.1.d1496613558/__pycache__','cacc360ab3a265b1ab4d49a009733e6e',1545,'__pycache__',2,1,16516,1496613463,1496613463,0,0,'59348257cf468',31,''),(1547,19,'files_encryption/keys/files_trashbin/files/V 0.3.1.1.d1496613558','b886439a2d37e5a2611e04cd74e9138e',1327,'V 0.3.1.1.d1496613558',2,1,9792,1496613455,1496613455,0,0,'5934823a63c94',31,''),(1548,19,'files_encryption/keys/files_trashbin/files/V 0.3.1.1.d1496613558/mainLayout.py','789847ef724494091a8227adafd57711',1547,'mainLayout.py',2,1,544,1496613434,1496613434,0,0,'5934823a859e0',31,''),(1549,19,'files_encryption/keys/files_trashbin/files/V 0.3.1.1.d1496613558/mainLayout.py/OC_DEFAULT_MODULE','55ca5b3ec89290ee8a5d023b4483d115',1548,'OC_DEFAULT_MODULE',2,1,544,1496613434,1496613434,0,0,'5934823a8f97f',31,''),(1550,19,'files_trashbin/files/V 0.3.1.1.d1496613558/mainLayout.py','14744421b46d52d588537e15322f294c',1545,'mainLayout.py',37,10,1012,1496613434,1496613434,1,0,'3bc209d2f53dffa10d39a8fd8bf7792d',27,''),(1551,19,'files_encryption/keys/files_trashbin/files/V 0.3.1.1.d1496613558/.directory','dfe31fe47556e93d2f2feaaa9025fb22',1547,'.directory',2,1,544,1496613435,1496613435,0,0,'5934823c141b7',31,''),(1552,19,'files_encryption/keys/files_trashbin/files/V 0.3.1.1.d1496613558/.directory/OC_DEFAULT_MODULE','cebce6075ca2e6cad4b5ea7a33f49566',1551,'OC_DEFAULT_MODULE',2,1,544,1496613435,1496613435,0,0,'5934823c24b32',31,''),(1553,19,'files_trashbin/files/V 0.3.1.1.d1496613558/.directory','d3b54955d36112cfb6e088c66b0127bc',1545,'.directory',12,3,59,1496613435,1496613435,1,0,'67567e214bb9781e7f82e111ae67ad1b',27,''),(1554,19,'files_encryption/keys/files_trashbin/files/V 0.3.1.1.d1496613558/achsen.py','c599dabbdeb7e39bc84889e7b2375a16',1547,'achsen.py',2,1,544,1496613437,1496613437,0,0,'5934823de2c22',31,''),(1555,19,'files_encryption/keys/files_trashbin/files/V 0.3.1.1.d1496613558/achsen.py/OC_DEFAULT_MODULE','8cd266dbf6736a67aae6f26cb63bfa0b',1554,'OC_DEFAULT_MODULE',2,1,544,1496613437,1496613437,0,0,'5934823dec773',31,''),(1556,19,'files_trashbin/files/V 0.3.1.1.d1496613558/achsen.py','1216514f4d2ba10c04732bb2c0246d99',1545,'achsen.py',37,10,8492,1496613437,1496613437,1,0,'6825a9c756ae6239c6fffce79ec953b4',27,''),(1557,19,'files_encryption/keys/files_trashbin/files/V 0.3.1.1.d1496613558/resetIcon.png','c39ef4686ae451eb1a85fbb28f081a4f',1547,'resetIcon.png',2,1,544,1496613439,1496613439,0,0,'5934823f3815f',31,''),(1558,19,'files_encryption/keys/files_trashbin/files/V 0.3.1.1.d1496613558/resetIcon.png/OC_DEFAULT_MODULE','1b2c551373b42700d1ec5ad3799ba2cf',1557,'OC_DEFAULT_MODULE',2,1,544,1496613439,1496613439,0,0,'5934823f41fea',31,''),(1559,19,'files_trashbin/files/V 0.3.1.1.d1496613558/resetIcon.png','0c6133376eb41db25dd931f6c941f260',1545,'resetIcon.png',18,5,4269,1496613439,1496613439,1,0,'4613ced80872a24409ff3cdc6502be32',27,''),(1560,19,'files_encryption/keys/files_trashbin/files/V 0.3.1.1.d1496613558/refreshIcon.png','a526bbc49dd488811cc7a3ee578a0f06',1547,'refreshIcon.png',2,1,544,1496613440,1496613440,0,0,'5934824091d39',31,''),(1561,19,'files_encryption/keys/files_trashbin/files/V 0.3.1.1.d1496613558/refreshIcon.png/OC_DEFAULT_MODULE','af3944c00e3060f5e4f34ce647f16548',1560,'OC_DEFAULT_MODULE',2,1,544,1496613440,1496613440,0,0,'593482409c1d3',31,''),(1562,19,'files_trashbin/files/V 0.3.1.1.d1496613558/refreshIcon.png','bf560d6548e8d876a196e53a0b1a2e4a',1545,'refreshIcon.png',18,5,671,1496613440,1496613440,1,0,'a7e8cff243726b2ccd020966b600c7ec',27,''),(1563,19,'files_encryption/keys/files_trashbin/files/V 0.3.1.1.d1496613558/playIcon.png','67686881cb053b62bef38bd0de78db1f',1547,'playIcon.png',2,1,544,1496613442,1496613442,0,0,'5934824286c9c',31,''),(1564,19,'files_encryption/keys/files_trashbin/files/V 0.3.1.1.d1496613558/playIcon.png/OC_DEFAULT_MODULE','80b4ac116507a9187c978165b1dde843',1563,'OC_DEFAULT_MODULE',2,1,544,1496613442,1496613442,0,0,'59348242909cb',31,''),(1565,19,'files_trashbin/files/V 0.3.1.1.d1496613558/playIcon.png','88d43f4e07b2653b12aa678475088a23',1545,'playIcon.png',18,5,495,1496613442,1496613442,1,0,'95250ed19d152ab073ed133aba63bef3',27,''),(1566,19,'files_encryption/keys/files_trashbin/files/V 0.3.1.1.d1496613558/.main.py.kate-swp','1651588341f0a16f95d602f092584c55',1547,'.main.py.kate-swp',2,1,544,1496613443,1496613443,0,0,'59348243d7247',31,''),(1567,19,'files_encryption/keys/files_trashbin/files/V 0.3.1.1.d1496613558/.main.py.kate-swp/OC_DEFAULT_MODULE','5e07a3fb983e8ee06f5de5cd1e11b82d',1566,'OC_DEFAULT_MODULE',2,1,544,1496613443,1496613443,0,0,'59348243e1bc8',31,''),(1568,19,'files_trashbin/files/V 0.3.1.1.d1496613558/.main.py.kate-swp','cd12db184827fed3ca2af9f1fa364c96',1545,'.main.py.kate-swp',12,3,48,1496613443,1496613443,1,0,'53c1e52cfc43c3b4c2d40dec22b86184',27,''),(1569,19,'files_encryption/keys/files_trashbin/files/V 0.3.1.1.d1496613558/kontrollpanel.py','653efde34736d155bfeeecec6aff0c9e',1547,'kontrollpanel.py',2,1,544,1496613445,1496613445,0,0,'593482456dd70',31,''),(1570,19,'files_encryption/keys/files_trashbin/files/V 0.3.1.1.d1496613558/kontrollpanel.py/OC_DEFAULT_MODULE','00377433339b104bde3921bd6e56ab8d',1569,'OC_DEFAULT_MODULE',2,1,544,1496613445,1496613445,0,0,'59348245795fc',31,''),(1571,19,'files_trashbin/files/V 0.3.1.1.d1496613558/kontrollpanel.py','03dc99ff1222b77a322809ae3caff9c3',1545,'kontrollpanel.py',37,10,2128,1496613445,1496613445,1,0,'940b85c1a58a709aec32620d7e9b3bfe',27,''),(1572,19,'files_encryption/keys/files_trashbin/files/V 0.3.1.1.d1496613558/main.py','e2d456795c1fbd075b03fe545604e0f0',1547,'main.py',2,1,544,1496613447,1496613447,0,0,'593482472959a',31,''),(1573,19,'files_encryption/keys/files_trashbin/files/V 0.3.1.1.d1496613558/main.py/OC_DEFAULT_MODULE','2ccc8167367d417fd017d570974dae47',1572,'OC_DEFAULT_MODULE',2,1,544,1496613447,1496613447,0,0,'593482473bd48',31,''),(1574,19,'files_trashbin/files/V 0.3.1.1.d1496613558/main.py','1a5ded47366ac344e16c7854625ef574',1545,'main.py',37,10,876,1496613447,1496613447,1,0,'abbbaccb41ac759d59d2280656181562',27,''),(1575,19,'files_encryption/keys/files_trashbin/files/V 0.3.1.1.d1496613558/run-application.sh','163711d4fe8a780154a8d3550bd3abe9',1547,'run-application.sh',2,1,544,1496613448,1496613448,0,0,'593482489b55d',31,''),(1576,19,'files_encryption/keys/files_trashbin/files/V 0.3.1.1.d1496613558/run-application.sh/OC_DEFAULT_MODULE','0d8ada57975958db3d25498bc817b51d',1575,'OC_DEFAULT_MODULE',2,1,544,1496613448,1496613448,0,0,'59348248a696f',31,''),(1577,19,'files_trashbin/files/V 0.3.1.1.d1496613558/run-application.sh','bbd23339dae2326bac37978274dbb544',1545,'run-application.sh',36,10,30,1496613448,1496613448,1,0,'ab24c833a6ce63499d60f168800215aa',27,''),(1578,19,'files_encryption/keys/files_trashbin/files/V 0.3.1.1.d1496613558/mechanikMain.py','1ea76e1bb9c77891eb16e991fa92f5d8',1547,'mechanikMain.py',2,1,544,1496613450,1496613450,0,0,'5934824a41a97',31,''),(1579,19,'files_encryption/keys/files_trashbin/files/V 0.3.1.1.d1496613558/mechanikMain.py/OC_DEFAULT_MODULE','0fadf2b2b1f1ab2c252638ef55fe003d',1578,'OC_DEFAULT_MODULE',2,1,544,1496613450,1496613450,0,0,'5934824a4c30d',31,''),(1580,19,'files_trashbin/files/V 0.3.1.1.d1496613558/mechanikMain.py','96385060bed7dcc3119fd49ab2298813',1545,'mechanikMain.py',37,10,1384,1496613450,1496613450,1,0,'8af0b109efa40ca0abb75d91f69b270d',27,''),(1581,19,'files_encryption/keys/files_trashbin/files/V 0.3.1.1.d1496613558/pauseIcon.png','2c14dbfaea85d584255d8d95ceca6e1e',1547,'pauseIcon.png',2,1,544,1496613452,1496613452,0,0,'5934824c48f85',31,''),(1582,19,'files_encryption/keys/files_trashbin/files/V 0.3.1.1.d1496613558/pauseIcon.png/OC_DEFAULT_MODULE','8da31f5302f09094d5be3df8fead3db1',1581,'OC_DEFAULT_MODULE',2,1,544,1496613452,1496613452,0,0,'5934824c54c4e',31,''),(1583,19,'files_trashbin/files/V 0.3.1.1.d1496613558/pauseIcon.png','744f13d2db1c92ef5bb9b950079f999e',1545,'pauseIcon.png',18,5,542,1496613452,1496613452,1,0,'75a0877d57be219f8ffb92491f4a08fc',27,''),(1584,19,'files_encryption/keys/files_trashbin/files/V 0.3.1.1.d1496613558/mechanikSchieferWurf.py','c0389702733ce3fcb9d981fc39902598',1547,'mechanikSchieferWurf.py',2,1,544,1496613453,1496613453,0,0,'5934824dc41e6',31,''),(1585,19,'files_encryption/keys/files_trashbin/files/V 0.3.1.1.d1496613558/mechanikSchieferWurf.py/OC_DEFAULT_MODULE','d561bac6e6c829442bd53bcef83e7006',1584,'OC_DEFAULT_MODULE',2,1,544,1496613453,1496613453,0,0,'5934824dce111',31,''),(1586,19,'files_trashbin/files/V 0.3.1.1.d1496613558/mechanikSchieferWurf.py','bda45135edf988ec53194e4dc742c876',1545,'mechanikSchieferWurf.py',37,10,3989,1496613453,1496613453,1,0,'d3950f94eb7f14683bd3f1c8d7d6f76d',27,''),(1587,19,'files_encryption/keys/files_trashbin/files/V 0.3.1.1.d1496613558/__pycache__','509a9d02d4de23ec90587013166b706f',1547,'__pycache__',2,1,2720,1496613463,1496613463,0,0,'5934824f6c270',31,''),(1588,19,'files_encryption/keys/files_trashbin/files/V 0.3.1.1.d1496613558/__pycache__/mechanikMain.cpython-36.pyc','181cf26368eaa553f7cba16d0b08dbaf',1587,'mechanikMain.cpython-36.pyc',2,1,544,1496613455,1496613455,0,0,'5934824f98041',31,''),(1589,19,'files_encryption/keys/files_trashbin/files/V 0.3.1.1.d1496613558/__pycache__/mechanikMain.cpython-36.pyc/OC_DEFAULT_MODULE','d0b2fe98955e768c48111227823da603',1588,'OC_DEFAULT_MODULE',2,1,544,1496613455,1496613455,0,0,'5934824fa2041',31,''),(1590,19,'files_trashbin/files/V 0.3.1.1.d1496613558/__pycache__/mechanikMain.cpython-36.pyc','9d4d76d114c4cdf6f81060ff88bc7325',1546,'mechanikMain.cpython-36.pyc',12,3,1847,1496613455,1496613455,1,0,'350ace42443650168a3d69f5aacf954d',27,''),(1591,19,'files_encryption/keys/files_trashbin/files/V 0.3.1.1.d1496613558/__pycache__/achsen.cpython-36.pyc','ee1505d578fe5aca0163ddb895ccfab7',1587,'achsen.cpython-36.pyc',2,1,544,1496613457,1496613457,0,0,'593482515c6da',31,''),(1592,19,'files_encryption/keys/files_trashbin/files/V 0.3.1.1.d1496613558/__pycache__/achsen.cpython-36.pyc/OC_DEFAULT_MODULE','6ab7da887f2f605e62ee89a78e89373b',1591,'OC_DEFAULT_MODULE',2,1,544,1496613457,1496613457,0,0,'593482517815b',31,''),(1593,19,'files_trashbin/files/V 0.3.1.1.d1496613558/__pycache__/achsen.cpython-36.pyc','df15a547edd36a5b96f2a1083f903bc2',1546,'achsen.cpython-36.pyc',12,3,6331,1496613457,1496613457,1,0,'219e408799bd0afcbe7f1c11791d3b43',27,''),(1594,19,'files_encryption/keys/files_trashbin/files/V 0.3.1.1.d1496613558/__pycache__/mechanikSchieferWurf.cpython-36.pyc','98b5a8c11e73fc1be8aa9cf7b3151daa',1587,'mechanikSchieferWurf.cpython-36.pyc',2,1,544,1496613460,1496613460,0,0,'5934825471c2a',31,''),(1595,19,'files_encryption/keys/files_trashbin/files/V 0.3.1.1.d1496613558/__pycache__/mechanikSchieferWurf.cpython-36.pyc/OC_DEFAULT_MODULE','e0de9393e7a8123360ee9460daeda22d',1594,'OC_DEFAULT_MODULE',2,1,544,1496613460,1496613460,0,0,'593482547cc3e',31,''),(1596,19,'files_trashbin/files/V 0.3.1.1.d1496613558/__pycache__/mechanikSchieferWurf.cpython-36.pyc','7442a6b889c64d6eb6c2960511dce397',1546,'mechanikSchieferWurf.cpython-36.pyc',12,3,4380,1496613460,1496613460,1,0,'5e8f477ac2b1689b490f1495754860d7',27,''),(1597,19,'files_encryption/keys/files_trashbin/files/V 0.3.1.1.d1496613558/__pycache__/mainLayout.cpython-36.pyc','b552927f988ac637aca7cbb43dc05013',1587,'mainLayout.cpython-36.pyc',2,1,544,1496613461,1496613461,0,0,'5934825607c83',31,''),(1598,19,'files_encryption/keys/files_trashbin/files/V 0.3.1.1.d1496613558/__pycache__/mainLayout.cpython-36.pyc/OC_DEFAULT_MODULE','c9cf6f71abaeb856151b34e3be72d7f3',1597,'OC_DEFAULT_MODULE',2,1,544,1496613461,1496613461,0,0,'593482560fab2',31,''),(1599,19,'files_trashbin/files/V 0.3.1.1.d1496613558/__pycache__/mainLayout.cpython-36.pyc','355260b1d1f5de0656f9fea4a8f00a99',1546,'mainLayout.cpython-36.pyc',12,3,1568,1496613461,1496613461,1,0,'ee9eed821a1b732ad96e1afb802a376f',27,''),(1600,19,'files_encryption/keys/files_trashbin/files/V 0.3.1.1.d1496613558/__pycache__/kontrollpanel.cpython-36.pyc','0403b8663813b3edd9eefab6695256fb',1587,'kontrollpanel.cpython-36.pyc',2,1,544,1496613463,1496613463,0,0,'593482576a317',31,''),(1601,19,'files_encryption/keys/files_trashbin/files/V 0.3.1.1.d1496613558/__pycache__/kontrollpanel.cpython-36.pyc/OC_DEFAULT_MODULE','5153352ff8533ae3e50a7b6dcb5ba05e',1600,'OC_DEFAULT_MODULE',2,1,544,1496613463,1496613463,0,0,'5934825773c4d',31,''),(1602,19,'files_trashbin/files/V 0.3.1.1.d1496613558/__pycache__/kontrollpanel.cpython-36.pyc','eb42fe15f59cf3e5eedda704c43d9f64',1546,'kontrollpanel.cpython-36.pyc',12,3,2390,1496613463,1496613463,1,0,'4bbb662f2fe683fdfed38d2c7ad05207',27,''),(1603,19,'files_trashbin/files/V 0.3.1.d1501021647','eeb3092cd6f3653d0da549fdea6c24ec',1321,'V 0.3.1.d1501021647',2,1,40511,1496613598,1496613589,0,0,'593482de4dde3',31,''),(1604,19,'files_trashbin/files/V 0.3.1.d1501021647/__pycache__','b2ea869878a9f4a36d8bee786e317a64',1603,'__pycache__',2,1,16516,1496613598,1496613597,0,0,'593482de4dde3',31,''),(1605,19,'files_trashbin/files/V 0.3.1.1.d1496614309','130eb62590332ed9bcdf1674c0db6e65',1321,'V 0.3.1.1.d1496614309',2,1,40994,1496613645,1496613629,0,0,'5934830e4f354',31,''),(1606,19,'files_trashbin/files/V 0.3.1.1.d1496614309/__pycache__','9399b2724660c96a440b893db2562d24',1605,'__pycache__',2,1,16676,1496613645,1496613645,0,0,'5934830e4f354',31,''),(1607,19,'files_encryption/keys/files_trashbin/files/V 0.3.1.d1501021647','11c2e9c58c7f78b1588b9a9d4a2c4fdf',1327,'V 0.3.1.d1501021647',2,1,2720,1500991721,1500991721,0,0,'593482bfe3e3a',31,''),(1610,19,'files_trashbin/files/V 0.3.1.d1501021647/mainLayout.py','af310429ed7566cf1ed502381b4e11cb',1603,'mainLayout.py',37,10,1012,1496613568,1496613568,1,0,'15b25c06a1a88922fce127a0335931c3',27,''),(1613,19,'files_trashbin/files/V 0.3.1.d1501021647/.directory','064bd2bdabf386ae49ee77b427bc6835',1603,'.directory',12,3,59,1496613569,1496613569,1,0,'909a0e1053e3dd8010b8c0b1d675b28e',27,''),(1616,19,'files_trashbin/files/V 0.3.1.d1501021647/achsen.py','567e2875df8f73abe5c93527610dffa2',1603,'achsen.py',37,10,8492,1496613571,1496613571,1,0,'fe60b8347f7aa6c02fbca454170612a5',27,''),(1619,19,'files_trashbin/files/V 0.3.1.d1501021647/resetIcon.png','d0dc1e22d293f188c34dbb5409d17686',1603,'resetIcon.png',18,5,4269,1496613572,1496613572,1,0,'994022d3a2e3bdb3e1018e0ce9a3ce15',27,''),(1622,19,'files_trashbin/files/V 0.3.1.d1501021647/refreshIcon.png','83ea65064256420dd1144ea219563865',1603,'refreshIcon.png',18,5,671,1496613573,1496613573,1,0,'d429812ca4dc20e5b562631b7d0ea92a',27,''),(1625,19,'files_trashbin/files/V 0.3.1.d1501021647/playIcon.png','87c5a5eb8ae985ecb64b1948a940af50',1603,'playIcon.png',18,5,495,1496613576,1496613576,1,0,'f442545218ec6a4601f7fb27a7038913',27,''),(1628,19,'files_trashbin/files/V 0.3.1.d1501021647/.main.py.kate-swp','9bff22740058bc2262b15582019a0a0a',1603,'.main.py.kate-swp',12,3,48,1496613579,1496613579,1,0,'6528b57692b018f26c152ba6493369e2',27,''),(1631,19,'files_trashbin/files/V 0.3.1.d1501021647/kontrollpanel.py','c9bae0e4c203f3d42bd46f00cd41aff6',1603,'kontrollpanel.py',37,10,2128,1496613581,1496613581,1,0,'497666f14dca815a55dbe3a131be0599',27,''),(1634,19,'files_trashbin/files/V 0.3.1.d1501021647/main.py','89aec80d034bddae714f4a88e5478e98',1603,'main.py',37,10,876,1496613583,1496613583,1,0,'988d28bb3a3873baffb06aed4096e475',27,''),(1637,19,'files_trashbin/files/V 0.3.1.d1501021647/run-application.sh','8732c322e5583b40d64abd9f215f8a14',1603,'run-application.sh',36,10,30,1496613584,1496613584,1,0,'3b23c2e7a22e22f813b4bf6f1608df63',27,''),(1640,19,'files_trashbin/files/V 0.3.1.d1501021647/mechanikMain.py','d73af8431baa6256c16773e73b441acf',1603,'mechanikMain.py',37,10,1384,1496613586,1496613586,1,0,'ad5705363093fbdfa29b31d0a68836c6',27,''),(1643,19,'files_trashbin/files/V 0.3.1.d1501021647/pauseIcon.png','3dbaf4e4ce1bf5707d71e72dd09493b4',1603,'pauseIcon.png',18,5,542,1496613588,1496613588,1,0,'00e6c60061d5ce0b2044d0609a648237',27,''),(1646,19,'files_trashbin/files/V 0.3.1.d1501021647/mechanikSchieferWurf.py','973f691bb06d960aabf099979f61ace2',1603,'mechanikSchieferWurf.py',37,10,3989,1496613589,1496613589,1,0,'bd0b77d05f415503f6b05ace76a6a22d',27,''),(1647,19,'files_encryption/keys/files_trashbin/files/V 0.3.1.d1501021647/__pycache__','c2c87eba10747f4076bac90b30de45c6',1607,'__pycache__',2,1,2720,1500991724,1500991724,0,0,'593482d6c2c7d',31,''),(1650,19,'files_trashbin/files/V 0.3.1.d1501021647/__pycache__/mechanikMain.cpython-36.pyc','f9629bd5d3825315d731267e0eda708f',1604,'mechanikMain.cpython-36.pyc',12,3,1847,1496613590,1496613590,1,0,'ed9c1f9254dcdcdcff32760096b35ccb',27,''),(1653,19,'files_trashbin/files/V 0.3.1.d1501021647/__pycache__/achsen.cpython-36.pyc','8b2f99cad052778298bc27d3e7a91fc9',1604,'achsen.cpython-36.pyc',12,3,6331,1496613592,1496613592,1,0,'7db4dbb6118de551e6042f145ccd9d50',27,''),(1656,19,'files_trashbin/files/V 0.3.1.d1501021647/__pycache__/mechanikSchieferWurf.cpython-36.pyc','3bbfb3bcb4bcd8e92bda51024fba704f',1604,'mechanikSchieferWurf.cpython-36.pyc',12,3,4380,1496613594,1496613594,1,0,'51e67a7213474e19b1572a0e5146aef5',27,''),(1659,19,'files_trashbin/files/V 0.3.1.d1501021647/__pycache__/mainLayout.cpython-36.pyc','5e4a19f1e4fa007ab9e3f5fa92cee410',1604,'mainLayout.cpython-36.pyc',12,3,1568,1496613595,1496613595,1,0,'9d2fba45f92789e51ab56901145a4344',27,''),(1662,19,'files_trashbin/files/V 0.3.1.d1501021647/__pycache__/kontrollpanel.cpython-36.pyc','59954f27bcfbc9e1b1194773a759cf52',1604,'kontrollpanel.cpython-36.pyc',12,3,2390,1496613597,1496613597,1,0,'263e2ba11656784f2f41252078d0a92c',27,''),(1663,19,'files_encryption/keys/files_trashbin/files/V 0.3.1.1.d1496614309','02ef0dffd263763320aa6892fe3117da',1327,'V 0.3.1.1.d1496614309',2,1,9792,1496613632,1496613632,0,0,'593482df521c4',31,''),(1664,19,'files_encryption/keys/files_trashbin/files/V 0.3.1.1.d1496614309/mainLayout.py','402231363c323a50348956b519dc568a',1663,'mainLayout.py',2,1,544,1496613599,1496613599,0,0,'593482df8079a',31,''),(1665,19,'files_encryption/keys/files_trashbin/files/V 0.3.1.1.d1496614309/mainLayout.py/OC_DEFAULT_MODULE','f37ec25305fcacf49be09cdfdc83629b',1664,'OC_DEFAULT_MODULE',2,1,544,1496613599,1496613599,0,0,'593482df8c6a7',31,''),(1666,19,'files_trashbin/files/V 0.3.1.1.d1496614309/mainLayout.py','01eafa52a7f37631f3a2adf78bbe11b7',1605,'mainLayout.py',37,10,1012,1496613599,1496613599,1,0,'33532109fdeae9cf1fb2f4481773f9d5',27,''),(1667,19,'files_encryption/keys/files_trashbin/files/V 0.3.1.1.d1496614309/.directory','91c6f532ceb3a0b3ff1550250340b224',1663,'.directory',2,1,544,1496613600,1496613600,0,0,'593482e0e4740',31,''),(1668,19,'files_encryption/keys/files_trashbin/files/V 0.3.1.1.d1496614309/.directory/OC_DEFAULT_MODULE','27076ed9ba2b379b91457fd5c56edc4c',1667,'OC_DEFAULT_MODULE',2,1,544,1496613600,1496613600,0,0,'593482e0ef454',31,''),(1669,19,'files_trashbin/files/V 0.3.1.1.d1496614309/.directory','15d8776c485aaa22416541e3102cab3e',1605,'.directory',12,3,59,1496613600,1496613600,1,0,'ab316f0dc452a7f3dad295c8dc2e574a',27,''),(1670,19,'files_encryption/keys/files_trashbin/files/V 0.3.1.1.d1496614309/achsen.py','82c3621114b6f6490de7419c31c23ba5',1663,'achsen.py',2,1,544,1496613602,1496613602,0,0,'593482e2cd5ea',31,''),(1671,19,'files_encryption/keys/files_trashbin/files/V 0.3.1.1.d1496614309/achsen.py/OC_DEFAULT_MODULE','314deec15acffec20ebe2a2e1ce76a56',1670,'OC_DEFAULT_MODULE',2,1,544,1496613602,1496613602,0,0,'593482e2dd3c3',31,''),(1672,19,'files_trashbin/files/V 0.3.1.1.d1496614309/achsen.py','4f9c0b4d3de4f63ad06d24cd2590f8a2',1605,'achsen.py',37,10,8492,1496613602,1496613602,1,0,'8a5d2439900657c747e5881f4ecac937',27,''),(1673,19,'files_encryption/keys/files_trashbin/files/V 0.3.1.1.d1496614309/resetIcon.png','9bcb873d649dbb5087d79e663598e362',1663,'resetIcon.png',2,1,544,1496613604,1496613604,0,0,'593482e51331e',31,''),(1674,19,'files_encryption/keys/files_trashbin/files/V 0.3.1.1.d1496614309/resetIcon.png/OC_DEFAULT_MODULE','1ab572da76d09bb13453746778a92a19',1673,'OC_DEFAULT_MODULE',2,1,544,1496613604,1496613604,0,0,'593482e5254e1',31,''),(1675,19,'files_trashbin/files/V 0.3.1.1.d1496614309/resetIcon.png','5f36b617d7695e5f730c90d877fa7ed6',1605,'resetIcon.png',18,5,4269,1496613604,1496613604,1,0,'faa6b7c433aced04da844421ec44ae04',27,''),(1676,19,'files_encryption/keys/files_trashbin/files/V 0.3.1.1.d1496614309/resetIcon.png/OC_DEFAULT_MODULE/gregor.mitsch.shareKey','e0b8762e3e01d0820da89c87952c0a5c',1674,'gregor.mitsch.shareKey',12,3,512,1496613604,1496613604,0,0,'2da950d28a206fb5c21b6cbaebae9c57',27,''),(1677,19,'files_encryption/keys/files_trashbin/files/V 0.3.1.1.d1496614309/resetIcon.png/OC_DEFAULT_MODULE/fileKey','31af7315fed491405e91d7690b6d8df2',1674,'fileKey',12,3,32,1496613604,1496613604,0,0,'76b79b1d4bd181411d6a978ee1d81855',27,''),(1678,19,'files_encryption/keys/files_trashbin/files/V 0.3.1.1.d1496614309/achsen.py/OC_DEFAULT_MODULE/gregor.mitsch.shareKey','95a6187828a4b8d2d23f1387c5302fe6',1671,'gregor.mitsch.shareKey',12,3,512,1496613602,1496613602,0,0,'2a08ce25c37d19ea3f6b4a2c57c81971',27,''),(1679,19,'files_encryption/keys/files_trashbin/files/V 0.3.1.1.d1496614309/achsen.py/OC_DEFAULT_MODULE/fileKey','abb0fc93d7c4c1d091610a3302e8a173',1671,'fileKey',12,3,32,1496613602,1496613602,0,0,'c1fc196b8c4360c9b426e16dac3c9f56',27,''),(1680,19,'files_encryption/keys/files_trashbin/files/V 0.3.1.1.d1496614309/.directory/OC_DEFAULT_MODULE/gregor.mitsch.shareKey','0b2419066b487d2257f895ecfdff9389',1668,'gregor.mitsch.shareKey',12,3,512,1496613600,1496613600,0,0,'2ab7f94c9bb0ea17d3e7a7d9c23722cf',27,''),(1681,19,'files_encryption/keys/files_trashbin/files/V 0.3.1.1.d1496614309/.directory/OC_DEFAULT_MODULE/fileKey','b6e546ad2a6d54d113c936cda13a08e6',1668,'fileKey',12,3,32,1496613600,1496613600,0,0,'7d67be5c5b76f5dd7d1697e8fd25c342',27,''),(1682,19,'files_encryption/keys/files_trashbin/files/V 0.3.1.1.d1496614309/mainLayout.py/OC_DEFAULT_MODULE/gregor.mitsch.shareKey','2ef94ef28a0dd215021adabbf28183e3',1665,'gregor.mitsch.shareKey',12,3,512,1496613599,1496613599,0,0,'ee3b9c5c65d1d9640b33be3a1c14f06b',27,''),(1683,19,'files_encryption/keys/files_trashbin/files/V 0.3.1.1.d1496614309/mainLayout.py/OC_DEFAULT_MODULE/fileKey','c7fb21e00a94b605908906ac7099fe81',1665,'fileKey',12,3,32,1496613599,1496613599,0,0,'c581210d6a45e1ef85885fbc8fcb8bd5',27,''),(1684,19,'files_encryption/keys/files_trashbin/files/V 0.3.1.1.d1496614309/refreshIcon.png','501f1df38686800263512ba501ef71b9',1663,'refreshIcon.png',2,1,544,1496613607,1496613607,0,0,'593482e7706ef',31,''),(1685,19,'files_encryption/keys/files_trashbin/files/V 0.3.1.1.d1496614309/refreshIcon.png/OC_DEFAULT_MODULE','31a13829e7539825ec5d7e4ec7dcb6e7',1684,'OC_DEFAULT_MODULE',2,1,544,1496613607,1496613607,0,0,'593482e786f87',31,''),(1686,19,'files_trashbin/files/V 0.3.1.1.d1496614309/refreshIcon.png','4bac3797a2852bc843b60f2a65eb1a12',1605,'refreshIcon.png',18,5,671,1496613607,1496613607,1,0,'d9b144aaad42f2a61b557fa7bd1ee054',27,''),(1687,19,'files_encryption/keys/files_trashbin/files/V 0.3.1.1.d1496614309/refreshIcon.png/OC_DEFAULT_MODULE/gregor.mitsch.shareKey','9ae5ec48abcdebba055364a8be38463d',1685,'gregor.mitsch.shareKey',12,3,512,1496613607,1496613607,0,0,'645aacd4d1a9a66ed5debbc17aa80568',27,''),(1688,19,'files_encryption/keys/files_trashbin/files/V 0.3.1.1.d1496614309/refreshIcon.png/OC_DEFAULT_MODULE/fileKey','83a51ca86dcde12a3bd9b5e5b6ec16bf',1685,'fileKey',12,3,32,1496613607,1496613607,0,0,'b02769ee90e7c4b4c286420e7016cb5a',27,''),(1697,19,'files_encryption/keys/files_trashbin/files/V 0.3.1.1.d1496614309/playIcon.png','c85e19e338dc2e565e5293a74b254cd4',1663,'playIcon.png',2,1,544,1496613610,1496613610,0,0,'593482ea6a02a',31,''),(1698,19,'files_encryption/keys/files_trashbin/files/V 0.3.1.1.d1496614309/playIcon.png/OC_DEFAULT_MODULE','251164d1d13acf75c0cbea1081649ad8',1697,'OC_DEFAULT_MODULE',2,1,544,1496613610,1496613610,0,0,'593482ea79eea',31,''),(1699,19,'files_trashbin/files/V 0.3.1.1.d1496614309/playIcon.png','0a7473efb547a05b13b7e8c7526d107b',1605,'playIcon.png',18,5,495,1496613610,1496613610,1,0,'163cdcada5f0f413567ea1a5caef8406',27,''),(1700,19,'files_encryption/keys/files_trashbin/files/V 0.3.1.1.d1496614309/playIcon.png/OC_DEFAULT_MODULE/gregor.mitsch.shareKey','ffb19ad5aee6ec5a7614f5fc92e20cf2',1698,'gregor.mitsch.shareKey',12,3,512,1496613610,1496613610,0,0,'3b266410453be4295efe22ac863e53ca',27,''),(1701,19,'files_encryption/keys/files_trashbin/files/V 0.3.1.1.d1496614309/playIcon.png/OC_DEFAULT_MODULE/fileKey','073eb05bc3b6dc3d19ca81d334ee5da6',1698,'fileKey',12,3,32,1496613610,1496613610,0,0,'ca40fee5cdf5ee220c4f5c965a183ec0',27,''),(1710,19,'files_encryption/keys/files_trashbin/files/V 0.3.1.1.d1496614309/.main.py.kate-swp','f7356c51b9375b45483ce6bc6d87295c',1663,'.main.py.kate-swp',2,1,544,1496613612,1496613612,0,0,'593482ed0018a',31,''),(1711,19,'files_encryption/keys/files_trashbin/files/V 0.3.1.1.d1496614309/.main.py.kate-swp/OC_DEFAULT_MODULE','2e639a9d043c89c18fabec21a66ade03',1710,'OC_DEFAULT_MODULE',2,1,544,1496613612,1496613612,0,0,'593482ed10d63',31,''),(1712,19,'files_trashbin/files/V 0.3.1.1.d1496614309/.main.py.kate-swp','33cafe3663ccdda6c2a7e3ebfd740940',1605,'.main.py.kate-swp',12,3,48,1496613612,1496613612,1,0,'8c058b54d0841010d8285894dac88275',27,''),(1713,19,'files_encryption/keys/files_trashbin/files/V 0.3.1.1.d1496614309/.main.py.kate-swp/OC_DEFAULT_MODULE/gregor.mitsch.shareKey','23a6d421064eeda630c24d8fa102797d',1711,'gregor.mitsch.shareKey',12,3,512,1496613612,1496613612,0,0,'81a92e8217b09b7f0e6939da3c66b68c',27,''),(1714,19,'files_encryption/keys/files_trashbin/files/V 0.3.1.1.d1496614309/.main.py.kate-swp/OC_DEFAULT_MODULE/fileKey','e1d10683cd4b74ef2f66c70e7f25f297',1711,'fileKey',12,3,32,1496613612,1496613612,0,0,'07055c143c5ddcfcb42b47f3d04dea72',27,''),(1725,19,'files_encryption/keys/files_trashbin/files/V 0.3.1.1.d1496614309/kontrollpanel.py','b3bf8480fdb0855b793bdabbf1c545cf',1663,'kontrollpanel.py',2,1,544,1496613615,1496613615,0,0,'593482ef5cc00',31,''),(1726,19,'files_encryption/keys/files_trashbin/files/V 0.3.1.1.d1496614309/kontrollpanel.py/OC_DEFAULT_MODULE','2c645e17b33742e5f5069764adae42d5',1725,'OC_DEFAULT_MODULE',2,1,544,1496613615,1496613615,0,0,'593482ef71764',31,''),(1727,19,'files_trashbin/files/V 0.3.1.1.d1496614309/kontrollpanel.py','efb9ac58f7ba03a65b932a1a35f683d2',1605,'kontrollpanel.py',37,10,2128,1496613615,1496613615,1,0,'3fe3244241c0d0e843b6eec5721f6740',27,''),(1728,19,'files_encryption/keys/files_trashbin/files/V 0.3.1.1.d1496614309/kontrollpanel.py/OC_DEFAULT_MODULE/gregor.mitsch.shareKey','68e5392dd23fc2db704b0ce21f00a1e2',1726,'gregor.mitsch.shareKey',12,3,512,1496613615,1496613615,0,0,'70a2b193a828a574667ef92d29e1267e',27,''),(1729,19,'files_encryption/keys/files_trashbin/files/V 0.3.1.1.d1496614309/kontrollpanel.py/OC_DEFAULT_MODULE/fileKey','153f3fe87d37d517143493867bcdc71a',1726,'fileKey',12,3,32,1496613615,1496613615,0,0,'48c0c26542051b04bdd345b5ccc6c9da',27,''),(1738,19,'files_encryption/keys/files_trashbin/files/V 0.3.1.1.d1496614309/main.py','b00edc81de16d4d4bfcbdcd9329dea71',1663,'main.py',2,1,544,1496613617,1496613617,0,0,'593482f1c8096',31,''),(1739,19,'files_encryption/keys/files_trashbin/files/V 0.3.1.1.d1496614309/main.py/OC_DEFAULT_MODULE','9786db96d28554cee5bb684c98235179',1738,'OC_DEFAULT_MODULE',2,1,544,1496613617,1496613617,0,0,'593482f1dc41a',31,''),(1742,19,'files_trashbin/files/V 0.3.1.1.d1496614309/main.py','e948acc88b36445d1e1f4592c4fce7c2',1605,'main.py',37,10,876,1496613617,1496613617,1,0,'45030a8fd0a40fd17769c29e61530a36',27,''),(1743,19,'files_encryption/keys/files_trashbin/files/V 0.3.1.1.d1496614309/main.py/OC_DEFAULT_MODULE/gregor.mitsch.shareKey','b46bd4bdb7f53ee731fc7a55a77bf79d',1739,'gregor.mitsch.shareKey',12,3,512,1496613617,1496613617,0,0,'851a55540a6dd8417954fe43349bc30b',27,''),(1744,19,'files_encryption/keys/files_trashbin/files/V 0.3.1.1.d1496614309/main.py/OC_DEFAULT_MODULE/fileKey','fcac36f2eb8b9e66cc0facd1cfa49e35',1739,'fileKey',12,3,32,1496613617,1496613617,0,0,'6f799f0d22397f0033b3bebba39139ba',27,''),(1745,19,'files_encryption/keys/files_trashbin/files/V 0.3.1.1.d1496613558/__pycache__/kontrollpanel.cpython-36.pyc/OC_DEFAULT_MODULE/gregor.mitsch.shareKey','c22b5e013d454fb4f0c2688cdd1c3813',1601,'gregor.mitsch.shareKey',12,3,512,1496613463,1496613463,0,0,'30951f108a1316203d85d20325da6d33',27,''),(1746,19,'files_encryption/keys/files_trashbin/files/V 0.3.1.1.d1496613558/__pycache__/kontrollpanel.cpython-36.pyc/OC_DEFAULT_MODULE/fileKey','7cc6115a7c1eb674c757234619b1c2cb',1601,'fileKey',12,3,32,1496613463,1496613463,0,0,'f47ade10f581aa0501bdbb698262783d',27,''),(1747,19,'files_encryption/keys/files_trashbin/files/V 0.3.1.1.d1496613558/__pycache__/mainLayout.cpython-36.pyc/OC_DEFAULT_MODULE/gregor.mitsch.shareKey','e0c81efea245ec0c359598aa13b00f38',1598,'gregor.mitsch.shareKey',12,3,512,1496613461,1496613461,0,0,'b261cecded0d46e8c6cbfe7de2a08cca',27,''),(1748,19,'files_encryption/keys/files_trashbin/files/V 0.3.1.1.d1496613558/__pycache__/mainLayout.cpython-36.pyc/OC_DEFAULT_MODULE/fileKey','c4c669ab5031d165a7d4b7312c4b9006',1598,'fileKey',12,3,32,1496613461,1496613461,0,0,'a1ae97eb69bf736c2178a7ab28b01dc5',27,''),(1749,19,'files_encryption/keys/files_trashbin/files/V 0.3.1.1.d1496614309/run-application.sh','baa705297800ddb12e9c764ef017d096',1663,'run-application.sh',2,1,544,1496613620,1496613620,0,0,'593482f48ecaf',31,''),(1750,19,'files_encryption/keys/files_trashbin/files/V 0.3.1.1.d1496614309/run-application.sh/OC_DEFAULT_MODULE','de3c387e94e6895ea9be64afdc59b2e4',1749,'OC_DEFAULT_MODULE',2,1,544,1496613620,1496613620,0,0,'593482f4a0d5f',31,''),(1751,19,'files_trashbin/files/V 0.3.1.1.d1496614309/run-application.sh','80ed1c26b0f713d3834dab893a8a6504',1605,'run-application.sh',36,10,30,1496613620,1496613620,1,0,'38cefcbe3473f6b42b1b15cf132973ad',27,''),(1752,19,'files_encryption/keys/files_trashbin/files/V 0.3.1.1.d1496614309/run-application.sh/OC_DEFAULT_MODULE/gregor.mitsch.shareKey','5433ddf60b347803e6e397ceef5b9c24',1750,'gregor.mitsch.shareKey',12,3,512,1496613620,1496613620,0,0,'a59c39db5f499554b08dc4fff8fdedbd',27,''),(1753,19,'files_encryption/keys/files_trashbin/files/V 0.3.1.1.d1496614309/run-application.sh/OC_DEFAULT_MODULE/fileKey','168323b031644fa2c788dbee625d3d25',1750,'fileKey',12,3,32,1496613620,1496613620,0,0,'428a52e0bfcf1193daad99461207c27f',27,''),(1754,19,'files_encryption/keys/files_trashbin/files/V 0.3.1.1.d1496613558/__pycache__/mechanikSchieferWurf.cpython-36.pyc/OC_DEFAULT_MODULE/gregor.mitsch.shareKey','37a9e89511f131987295e9e770c4eff0',1595,'gregor.mitsch.shareKey',12,3,512,1496613460,1496613460,0,0,'46baa6cba56a6ec45cbdc136a0afa43b',27,''),(1755,19,'files_encryption/keys/files_trashbin/files/V 0.3.1.1.d1496613558/__pycache__/mechanikSchieferWurf.cpython-36.pyc/OC_DEFAULT_MODULE/fileKey','b9714d407d15d33e4e9c3bdd9a17c0e2',1595,'fileKey',12,3,32,1496613460,1496613460,0,0,'7aa68d9da8a1672e6653b76c886ad660',27,''),(1756,19,'files_encryption/keys/files_trashbin/files/V 0.3.1.1.d1496613558/__pycache__/achsen.cpython-36.pyc/OC_DEFAULT_MODULE/gregor.mitsch.shareKey','6e4bffb6ad3d28186fabc980cdbc8cb8',1592,'gregor.mitsch.shareKey',12,3,512,1496613457,1496613457,0,0,'d290f6a024e4d24890ea20d630efb1b2',27,''),(1757,19,'files_encryption/keys/files_trashbin/files/V 0.3.1.1.d1496613558/__pycache__/achsen.cpython-36.pyc/OC_DEFAULT_MODULE/fileKey','0e99c1adc30b9b48a1ab83108fe56dcb',1592,'fileKey',12,3,32,1496613457,1496613457,0,0,'ec5018407ad64a973e37b4f8f3c75a95',27,''),(1758,19,'files_encryption/keys/files_trashbin/files/V 0.3.1.1.d1496613558/__pycache__/mechanikMain.cpython-36.pyc/OC_DEFAULT_MODULE/gregor.mitsch.shareKey','5cda0ed18c24c9a511a8289facf46995',1589,'gregor.mitsch.shareKey',12,3,512,1496613455,1496613455,0,0,'6b802aa500edacd5e4687ec2e393b424',27,''),(1759,19,'files_encryption/keys/files_trashbin/files/V 0.3.1.1.d1496613558/__pycache__/mechanikMain.cpython-36.pyc/OC_DEFAULT_MODULE/fileKey','dd2360788cba9a542c9edcedfaac77a6',1589,'fileKey',12,3,32,1496613455,1496613455,0,0,'ae4ea38add347dddad5fc9c700cd98c9',27,''),(1760,19,'files_encryption/keys/files_trashbin/files/V 0.3.1.1.d1496613558/mechanikSchieferWurf.py/OC_DEFAULT_MODULE/gregor.mitsch.shareKey','732056007df4d858d8f1376127c292f9',1585,'gregor.mitsch.shareKey',12,3,512,1496613453,1496613453,0,0,'4abebfe73ad1e94cc6254784b47d00b7',27,''),(1761,19,'files_encryption/keys/files_trashbin/files/V 0.3.1.1.d1496613558/mechanikSchieferWurf.py/OC_DEFAULT_MODULE/fileKey','7a9609f722d2c22d3167520228b78a62',1585,'fileKey',12,3,32,1496613453,1496613453,0,0,'b2351f86f3ac7401e9673a69b339ff18',27,''),(1762,19,'files_encryption/keys/files_trashbin/files/V 0.3.1.1.d1496614309/mechanikMain.py','8b01b72c663816617f3d3dd4ea2780f6',1663,'mechanikMain.py',2,1,544,1496613623,1496613623,0,0,'593482f715a82',31,''),(1763,19,'files_encryption/keys/files_trashbin/files/V 0.3.1.1.d1496614309/mechanikMain.py/OC_DEFAULT_MODULE','62869651427454c53fc0a0d1b62e4c25',1762,'OC_DEFAULT_MODULE',2,1,544,1496613623,1496613623,0,0,'593482f729ea8',31,''),(1764,19,'files_trashbin/files/V 0.3.1.1.d1496614309/mechanikMain.py','83cd88e034ad8d0756b45950544b8a47',1605,'mechanikMain.py',37,10,1384,1496613623,1496613623,1,0,'5b93a627a1314108842ec20f22663c84',27,''),(1765,19,'files_encryption/keys/files_trashbin/files/V 0.3.1.1.d1496614309/mechanikMain.py/OC_DEFAULT_MODULE/gregor.mitsch.shareKey','6b0a6123da3b613e70515914f8b84fd2',1763,'gregor.mitsch.shareKey',12,3,512,1496613623,1496613623,0,0,'70f42ce98765411997368145c43bfb4e',27,''),(1766,19,'files_encryption/keys/files_trashbin/files/V 0.3.1.1.d1496614309/mechanikMain.py/OC_DEFAULT_MODULE/fileKey','dc68e5558679cd30ed40e71c663bde68',1763,'fileKey',12,3,32,1496613623,1496613623,0,0,'bc1005612e159184462c671b9a09deb1',27,''),(1767,19,'files_encryption/keys/files_trashbin/files/V 0.3.1.1.d1496613558/pauseIcon.png/OC_DEFAULT_MODULE/gregor.mitsch.shareKey','ef7aa7b825ba66b0410addae51aa33d7',1582,'gregor.mitsch.shareKey',12,3,512,1496613452,1496613452,0,0,'ca1c1e0b6b4846a16d3b12cc7521c41c',27,''),(1768,19,'files_encryption/keys/files_trashbin/files/V 0.3.1.1.d1496613558/pauseIcon.png/OC_DEFAULT_MODULE/fileKey','10e80ef82c018edee79c2dc3516e8845',1582,'fileKey',12,3,32,1496613452,1496613452,0,0,'cb154849ad8db17977994a67c5c7a06b',27,''),(1769,19,'files_encryption/keys/files_trashbin/files/V 0.3.1.1.d1496613558/mechanikMain.py/OC_DEFAULT_MODULE/gregor.mitsch.shareKey','44b7bba87774acb1f3872eab32a0a38d',1579,'gregor.mitsch.shareKey',12,3,512,1496613450,1496613450,0,0,'f916558d13744ba0127d1b131d10c34f',27,''),(1770,19,'files_encryption/keys/files_trashbin/files/V 0.3.1.1.d1496613558/mechanikMain.py/OC_DEFAULT_MODULE/fileKey','93a04bdd1454bf123519e408d3a16060',1579,'fileKey',12,3,32,1496613450,1496613450,0,0,'56a829271579bdef8689d92d795229a3',27,''),(1771,19,'files_encryption/keys/files_trashbin/files/V 0.3.1.1.d1496613558/run-application.sh/OC_DEFAULT_MODULE/gregor.mitsch.shareKey','f130d66034537bf3fb5c51867180049f',1576,'gregor.mitsch.shareKey',12,3,512,1496613448,1496613448,0,0,'bed15664baf4aa53a100c01df4764e8d',27,''),(1772,19,'files_encryption/keys/files_trashbin/files/V 0.3.1.1.d1496613558/run-application.sh/OC_DEFAULT_MODULE/fileKey','87e76859730fe7607a0173c23284c81d',1576,'fileKey',12,3,32,1496613448,1496613448,0,0,'da0a896d97efa38a9949b7c55891c39c',27,''),(1773,19,'files_encryption/keys/files_trashbin/files/V 0.3.1.1.d1496613558/main.py/OC_DEFAULT_MODULE/gregor.mitsch.shareKey','f3502f336d97f049820bc526ae21dec2',1573,'gregor.mitsch.shareKey',12,3,512,1496613447,1496613447,0,0,'49fb7c6487e1942f82bf1e663cd3c7e4',27,''),(1774,19,'files_encryption/keys/files_trashbin/files/V 0.3.1.1.d1496613558/main.py/OC_DEFAULT_MODULE/fileKey','21b396b4b0b91c84e00c81a14097adae',1573,'fileKey',12,3,32,1496613447,1496613447,0,0,'dd559c3a908083f3429fcb9067d3b010',27,''),(1775,19,'files_encryption/keys/files_trashbin/files/V 0.3.1.1.d1496614309/pauseIcon.png','06d24521548fd9154df16adb1042f5c3',1663,'pauseIcon.png',2,1,544,1496613625,1496613625,0,0,'593482f99e128',31,''),(1776,19,'files_encryption/keys/files_trashbin/files/V 0.3.1.1.d1496614309/pauseIcon.png/OC_DEFAULT_MODULE','db48096c10adcf4ddea80df2e4e8d61a',1775,'OC_DEFAULT_MODULE',2,1,544,1496613625,1496613625,0,0,'593482f9ae57b',31,''),(1777,19,'files_trashbin/files/V 0.3.1.1.d1496614309/pauseIcon.png','8d6aee77838e5e3b134d2aba0a3538e5',1605,'pauseIcon.png',18,5,542,1496613625,1496613625,1,0,'a766e850b2489e4d9d4bf16014d246f4',27,''),(1778,19,'files_encryption/keys/files_trashbin/files/V 0.3.1.1.d1496614309/pauseIcon.png/OC_DEFAULT_MODULE/gregor.mitsch.shareKey','8b59a320936cae418c9bee05d9ee40c5',1776,'gregor.mitsch.shareKey',12,3,512,1496613625,1496613625,0,0,'4cab4e6a80ccceef04c7c9005ae2be73',27,''),(1779,19,'files_encryption/keys/files_trashbin/files/V 0.3.1.1.d1496614309/pauseIcon.png/OC_DEFAULT_MODULE/fileKey','66684d11ae5af7b56ea76f43badb7d90',1776,'fileKey',12,3,32,1496613625,1496613625,0,0,'fe9826df91ba4ad4cd6e91eb60034171',27,''),(1780,19,'files_encryption/keys/files_trashbin/files/V 0.3.1.1.d1496613558/kontrollpanel.py/OC_DEFAULT_MODULE/gregor.mitsch.shareKey','0105a7e2a735e6b2485239fa0aa31d09',1570,'gregor.mitsch.shareKey',12,3,512,1496613445,1496613445,0,0,'12fe7560c6d29dec4ded2c6edec0bc8f',27,''),(1781,19,'files_encryption/keys/files_trashbin/files/V 0.3.1.1.d1496613558/kontrollpanel.py/OC_DEFAULT_MODULE/fileKey','5263d0189b8c34fda815d1dc0be93c58',1570,'fileKey',12,3,32,1496613445,1496613445,0,0,'77ff745f2bc3370c0613de5871742a60',27,''),(1782,19,'files_encryption/keys/files_trashbin/files/V 0.3.1.1.d1496613558/.main.py.kate-swp/OC_DEFAULT_MODULE/gregor.mitsch.shareKey','4f3039844019733b52338fa73939d85a',1567,'gregor.mitsch.shareKey',12,3,512,1496613443,1496613443,0,0,'b464d9ee9b9433ca8b48c27d155dc170',27,''),(1783,19,'files_encryption/keys/files_trashbin/files/V 0.3.1.1.d1496613558/.main.py.kate-swp/OC_DEFAULT_MODULE/fileKey','cc5f8be2d5c57a55702188d6afcdfe12',1567,'fileKey',12,3,32,1496613443,1496613443,0,0,'5057087e8009814e2697cb05cbc227d8',27,''),(1784,19,'files_encryption/keys/files_trashbin/files/V 0.3.1.1.d1496613558/playIcon.png/OC_DEFAULT_MODULE/gregor.mitsch.shareKey','fb0ad0def60f72ea7ef50e83185760c4',1564,'gregor.mitsch.shareKey',12,3,512,1496613442,1496613442,0,0,'0d4a093bc4ee26566a3a29e543e3ea41',27,''),(1785,19,'files_encryption/keys/files_trashbin/files/V 0.3.1.1.d1496613558/playIcon.png/OC_DEFAULT_MODULE/fileKey','95a46c788f2992db40cfa8abc7650d2d',1564,'fileKey',12,3,32,1496613442,1496613442,0,0,'f311f967fc75409a1765daa0bf8fd8a0',27,''),(1786,19,'files_encryption/keys/files_trashbin/files/V 0.3.1.1.d1496613558/refreshIcon.png/OC_DEFAULT_MODULE/gregor.mitsch.shareKey','9b6f6009c864b8df07ced8b94dfe1a3e',1561,'gregor.mitsch.shareKey',12,3,512,1496613440,1496613440,0,0,'a04d3caf7ed05f621b169618713cf079',27,''),(1787,19,'files_encryption/keys/files_trashbin/files/V 0.3.1.1.d1496613558/refreshIcon.png/OC_DEFAULT_MODULE/fileKey','3c4b05f54a469cfbad6f19e07daebd85',1561,'fileKey',12,3,32,1496613440,1496613440,0,0,'40da43178ed9df4ac211cd0761dd88ba',27,''),(1788,19,'files_encryption/keys/files_trashbin/files/V 0.3.1.1.d1496613558/resetIcon.png/OC_DEFAULT_MODULE/gregor.mitsch.shareKey','2b21cf77c8e01cbfa08cec9479ddc67b',1558,'gregor.mitsch.shareKey',12,3,512,1496613439,1496613439,0,0,'36067893941011133c9b8ac49375d4d8',27,''),(1789,19,'files_encryption/keys/files_trashbin/files/V 0.3.1.1.d1496613558/resetIcon.png/OC_DEFAULT_MODULE/fileKey','204ad24ac964d666456f82d459916ce8',1558,'fileKey',12,3,32,1496613439,1496613439,0,0,'c5752ff2fca9bcd5ec53681b905a67b7',27,''),(1790,19,'files_encryption/keys/files_trashbin/files/V 0.3.1.1.d1496614309/mechanikSchieferWurf.py','e6e4a7b3452cc39869763b1922fd0306',1663,'mechanikSchieferWurf.py',2,1,544,1496613629,1496613629,0,0,'593482fd60321',31,''),(1791,19,'files_encryption/keys/files_trashbin/files/V 0.3.1.1.d1496614309/mechanikSchieferWurf.py/OC_DEFAULT_MODULE','9f5848d79ceefa8fb48814aa8b0dcfb1',1790,'OC_DEFAULT_MODULE',2,1,544,1496613629,1496613629,0,0,'593482fd74884',31,''),(1792,19,'files_trashbin/files/V 0.3.1.1.d1496614309/mechanikSchieferWurf.py','12c7bcbf33203dd43e51cb375cab5c3a',1605,'mechanikSchieferWurf.py',37,10,4312,1496613629,1496613629,1,0,'a5d9106b41d5ddab71aba2ddf95b2aa9',27,''),(1793,19,'files_encryption/keys/files_trashbin/files/V 0.3.1.1.d1496614309/mechanikSchieferWurf.py/OC_DEFAULT_MODULE/gregor.mitsch.shareKey','e5b41d963487b3c17d580e6b9dbea3d0',1791,'gregor.mitsch.shareKey',12,3,512,1496613629,1496613629,0,0,'7b7b6659e0beb7f3fdabad79863b6eda',27,''),(1794,19,'files_encryption/keys/files_trashbin/files/V 0.3.1.1.d1496614309/mechanikSchieferWurf.py/OC_DEFAULT_MODULE/fileKey','7039b0b361411746db3137abf9e2fb40',1791,'fileKey',12,3,32,1496613629,1496613629,0,0,'18a31d4769f8561d3fcb50c7326c4834',27,''),(1795,19,'files_encryption/keys/files_trashbin/files/V 0.3.1.1.d1496613558/achsen.py/OC_DEFAULT_MODULE/gregor.mitsch.shareKey','40d883b3d0fa5eb2130ca0fcb17a8c3c',1555,'gregor.mitsch.shareKey',12,3,512,1496613437,1496613437,0,0,'bc41f9e1cdb40d0e251fde009a4d9a77',27,''),(1796,19,'files_encryption/keys/files_trashbin/files/V 0.3.1.1.d1496613558/achsen.py/OC_DEFAULT_MODULE/fileKey','c997eba08899d0e1cffbd4a1b3318144',1555,'fileKey',12,3,32,1496613437,1496613437,0,0,'8920d9748f88a5cf81ca485b53ae85a4',27,''),(1797,19,'files_encryption/keys/files_trashbin/files/V 0.3.1.1.d1496613558/.directory/OC_DEFAULT_MODULE/gregor.mitsch.shareKey','176b3f17f44c76b5fbbcfedf19dda0df',1552,'gregor.mitsch.shareKey',12,3,512,1496613435,1496613435,0,0,'6fa7d35b076e364a18fb205442235c6f',27,''),(1798,19,'files_encryption/keys/files_trashbin/files/V 0.3.1.1.d1496613558/.directory/OC_DEFAULT_MODULE/fileKey','c2c36418e0faa8e19fce5eee0a06492f',1552,'fileKey',12,3,32,1496613435,1496613435,0,0,'670972ed6e0b093fd81f75c233242842',27,''),(1799,19,'files_encryption/keys/files_trashbin/files/V 0.3.1.1.d1496613558/mainLayout.py/OC_DEFAULT_MODULE/gregor.mitsch.shareKey','bfb55776df35390036bd74be373ff93b',1549,'gregor.mitsch.shareKey',12,3,512,1496613434,1496613434,0,0,'6c4bef26817b2da7b6ceb8e1499a3d0b',27,''),(1800,19,'files_encryption/keys/files_trashbin/files/V 0.3.1.1.d1496613558/mainLayout.py/OC_DEFAULT_MODULE/fileKey','7c8f2e970ff8f5ee5cff6409a2df74cb',1549,'fileKey',12,3,32,1496613434,1496613434,0,0,'88f018e801d5cdc3909d728b14401bef',27,''),(1801,19,'files_encryption/keys/files_trashbin/files/V 0.3.2.d1496613422/__pycache__/kontrollpanel.cpython-36.pyc/OC_DEFAULT_MODULE/gregor.mitsch.shareKey','d29037776366e5f461af1341af74a01f',1543,'gregor.mitsch.shareKey',12,3,512,1496613388,1496613388,0,0,'397ad4828d3eb0ae2b0f834d1d84a26b',27,''),(1802,19,'files_encryption/keys/files_trashbin/files/V 0.3.2.d1496613422/__pycache__/kontrollpanel.cpython-36.pyc/OC_DEFAULT_MODULE/fileKey','8d9e2d6b9001585b201c0a763d450f31',1543,'fileKey',12,3,32,1496613388,1496613388,0,0,'04599f2039614ed04ca636951d326a64',27,''),(1803,19,'files_encryption/keys/files_trashbin/files/V 0.3.1.1.d1496614309/__pycache__','8bb054df0024a1f238555afe2685719f',1663,'__pycache__',2,1,2720,1496613645,1496613645,0,0,'593483002af10',31,''),(1804,19,'files_encryption/keys/files_trashbin/files/V 0.3.1.1.d1496614309/__pycache__/mechanikMain.cpython-36.pyc','0454606888ba421eb0cfe771a1510440',1803,'mechanikMain.cpython-36.pyc',2,1,544,1496613632,1496613632,0,0,'59348301f0ec1',31,''),(1805,19,'files_encryption/keys/files_trashbin/files/V 0.3.2.d1496613422/__pycache__/mainLayout.cpython-36.pyc/OC_DEFAULT_MODULE/gregor.mitsch.shareKey','231b3614320f1b2e9030de00cdeb4412',1540,'gregor.mitsch.shareKey',12,3,512,1496613387,1496613387,0,0,'96e0fd6f662851866d2cd2a9a6e454e1',27,''),(1806,19,'files_encryption/keys/files_trashbin/files/V 0.3.2.d1496613422/__pycache__/mainLayout.cpython-36.pyc/OC_DEFAULT_MODULE/fileKey','2771a68852299051c116e956f3300dce',1540,'fileKey',12,3,32,1496613387,1496613387,0,0,'3b6585c7c1cf35eff657ed296d96cb8e',27,''),(1807,19,'files_encryption/keys/files_trashbin/files/V 0.3.1.1.d1496614309/__pycache__/mechanikMain.cpython-36.pyc/OC_DEFAULT_MODULE','7560ffe9ab7c5e2aca44bd7766a58593',1804,'OC_DEFAULT_MODULE',2,1,544,1496613632,1496613632,0,0,'5934830211077',31,''),(1808,19,'files_trashbin/files/V 0.3.1.1.d1496614309/__pycache__/mechanikMain.cpython-36.pyc','f826aad1549c8438635a8f0dfbfaf0bf',1606,'mechanikMain.cpython-36.pyc',12,3,1847,1496613632,1496613632,1,0,'8aa8461407ad92954ffe13ef999ccdbd',27,''),(1809,19,'files_encryption/keys/files_trashbin/files/V 0.3.1.1.d1496614309/__pycache__/mechanikMain.cpython-36.pyc/OC_DEFAULT_MODULE/gregor.mitsch.shareKey','2349a3dc8f083656c66b9032d9810a6c',1807,'gregor.mitsch.shareKey',12,3,512,1496613632,1496613632,0,0,'e14eff60808a07cb27b5be99321e3bdd',27,''),(1810,19,'files_encryption/keys/files_trashbin/files/V 0.3.1.1.d1496614309/__pycache__/mechanikMain.cpython-36.pyc/OC_DEFAULT_MODULE/fileKey','04b2751822aa3c63d4064c4baa00cf98',1807,'fileKey',12,3,32,1496613632,1496613632,0,0,'62907dae02047a76e1cfa852e74ff501',27,''),(1811,19,'files_encryption/keys/files_trashbin/files/V 0.3.2.d1496613422/__pycache__/mechanikSchieferWurf.cpython-36.pyc/OC_DEFAULT_MODULE/gregor.mitsch.shareKey','834ec3a4071ff1a21c8786dfe2c08c25',1537,'gregor.mitsch.shareKey',12,3,512,1496613385,1496613385,0,0,'a3a2b1a4a6e7a24254547eccf688e6fd',27,''),(1812,19,'files_encryption/keys/files_trashbin/files/V 0.3.2.d1496613422/__pycache__/mechanikSchieferWurf.cpython-36.pyc/OC_DEFAULT_MODULE/fileKey','fdce217e0d71f44d42f1500ef53a76eb',1537,'fileKey',12,3,32,1496613385,1496613385,0,0,'23076e12ee2063ed5f2abf271c34a474',27,''),(1813,19,'files_encryption/keys/files_trashbin/files/V 0.3.2.d1496613422/__pycache__/achsen.cpython-36.pyc/OC_DEFAULT_MODULE/gregor.mitsch.shareKey','35ad63a5fc8503d1328f630ac1a886ee',1534,'gregor.mitsch.shareKey',12,3,512,1496613383,1496613383,0,0,'cf0bd19048796ff69ece087c8510bcf8',27,''),(1814,19,'files_encryption/keys/files_trashbin/files/V 0.3.2.d1496613422/__pycache__/achsen.cpython-36.pyc/OC_DEFAULT_MODULE/fileKey','b9a26dc98ae60390b207c0e523d7353a',1534,'fileKey',12,3,32,1496613383,1496613383,0,0,'f33fb824557f7030ca5ae4a4a6d4517b',27,''),(1815,19,'files_encryption/keys/files_trashbin/files/V 0.3.2.d1496613422/__pycache__/mechanikMain.cpython-36.pyc/OC_DEFAULT_MODULE/gregor.mitsch.shareKey','91088439307b0450570a8a7a23ea9e12',1531,'gregor.mitsch.shareKey',12,3,512,1496613382,1496613382,0,0,'e05ea69f3e4d8ba740699ad055ac3473',27,''),(1816,19,'files_encryption/keys/files_trashbin/files/V 0.3.2.d1496613422/__pycache__/mechanikMain.cpython-36.pyc/OC_DEFAULT_MODULE/fileKey','2e302493249012044ab9028ca421d80b',1531,'fileKey',12,3,32,1496613382,1496613382,0,0,'163d54730b0db4bca2c6e1fed71e740b',27,''),(1817,19,'files_encryption/keys/files_trashbin/files/V 0.3.2.d1496613422/mechanikSchieferWurf.py/OC_DEFAULT_MODULE/gregor.mitsch.shareKey','95afe98d8da8c66183e130256542a4f4',1527,'gregor.mitsch.shareKey',12,3,512,1496613380,1496613380,0,0,'a7d09e8b2e206528c7ca891592e9d877',27,''),(1818,19,'files_encryption/keys/files_trashbin/files/V 0.3.2.d1496613422/mechanikSchieferWurf.py/OC_DEFAULT_MODULE/fileKey','d91cb651d1ef6e037ccdfe12fcbe1b74',1527,'fileKey',12,3,32,1496613380,1496613380,0,0,'a3803ae31180957f490393b0d8d2e335',27,''),(1819,19,'files_encryption/keys/files_trashbin/files/V 0.3.1.1.d1496614309/__pycache__/achsen.cpython-36.pyc','fa875996b585be43ecd17dee62dd293c',1803,'achsen.cpython-36.pyc',2,1,544,1496613636,1496613636,0,0,'59348304c0834',31,''),(1820,19,'files_encryption/keys/files_trashbin/files/V 0.3.1.1.d1496614309/__pycache__/achsen.cpython-36.pyc/OC_DEFAULT_MODULE','ef8a2f9db7d72277a51400cfe84ca8e4',1819,'OC_DEFAULT_MODULE',2,1,544,1496613636,1496613636,0,0,'59348304d0a11',31,''),(1821,19,'files_trashbin/files/V 0.3.1.1.d1496614309/__pycache__/achsen.cpython-36.pyc','2cd5e67568aa90149d02ee73e934f9cb',1606,'achsen.cpython-36.pyc',12,3,6331,1496613636,1496613636,1,0,'dd8658ac85fa90f1a3123ec88d23250e',27,''),(1822,19,'files_encryption/keys/files_trashbin/files/V 0.3.1.1.d1496614309/__pycache__/achsen.cpython-36.pyc/OC_DEFAULT_MODULE/gregor.mitsch.shareKey','bd10c293607d88c42830f9083bb0bf95',1820,'gregor.mitsch.shareKey',12,3,512,1496613636,1496613636,0,0,'4d53ed6e41123a60b45e554cac0b213a',27,''),(1823,19,'files_encryption/keys/files_trashbin/files/V 0.3.1.1.d1496614309/__pycache__/achsen.cpython-36.pyc/OC_DEFAULT_MODULE/fileKey','ca4623b63bc1b4d1ecf2daf317dd8683',1820,'fileKey',12,3,32,1496613636,1496613636,0,0,'f3a15e18a71fe224582553c78c1117a0',27,''),(1824,19,'files_encryption/keys/files_trashbin/files/V 0.3.2.d1496613422/pauseIcon.png/OC_DEFAULT_MODULE/gregor.mitsch.shareKey','307f33d7025f099226204681fee3d6b0',1524,'gregor.mitsch.shareKey',12,3,512,1496613379,1496613379,0,0,'08091938fc3fdb32457bdd6a794aaeff',27,''),(1825,19,'files_encryption/keys/files_trashbin/files/V 0.3.2.d1496613422/pauseIcon.png/OC_DEFAULT_MODULE/fileKey','3b7702e838f84ee16700ac9b8ebf80ad',1524,'fileKey',12,3,32,1496613379,1496613379,0,0,'6cc5e54699d51385e02e8864495e5976',27,''),(1826,19,'files_encryption/keys/files_trashbin/files/V 0.3.2.d1496613422/mechanikMain.py/OC_DEFAULT_MODULE/gregor.mitsch.shareKey','5f58867bf99f5c3c76ab52af92ec53fb',1521,'gregor.mitsch.shareKey',12,3,512,1496613377,1496613377,0,0,'682f20bca3ab53122ac5444364d761c2',27,''),(1827,19,'files_encryption/keys/files_trashbin/files/V 0.3.2.d1496613422/mechanikMain.py/OC_DEFAULT_MODULE/fileKey','e88f789a153e7869d0881f64f422596a',1521,'fileKey',12,3,32,1496613377,1496613377,0,0,'7db0830bf798b3934cfcd924b27d37ce',27,''),(1828,19,'files_encryption/keys/files_trashbin/files/V 0.3.2.d1496613422/run-application.sh/OC_DEFAULT_MODULE/gregor.mitsch.shareKey','25ec129dd21a81339fb77ce49ea89acb',1518,'gregor.mitsch.shareKey',12,3,512,1496613376,1496613376,0,0,'ef9270e94fbbf9b79b849dc8fd3d305e',27,''),(1829,19,'files_encryption/keys/files_trashbin/files/V 0.3.2.d1496613422/run-application.sh/OC_DEFAULT_MODULE/fileKey','83f4f7153b560c082a74e32ca0f41527',1518,'fileKey',12,3,32,1496613376,1496613376,0,0,'5c16a1fe8648ffa54ceb0c150571309b',27,''),(1830,19,'files_encryption/keys/files_trashbin/files/V 0.3.2.d1496613422/main.py/OC_DEFAULT_MODULE/gregor.mitsch.shareKey','70bb778db7fc5b557fb8a49d1c5f4f2d',1515,'gregor.mitsch.shareKey',12,3,512,1496613374,1496613374,0,0,'c80ade663e838cf1497cd5d73c697d68',27,''),(1831,19,'files_encryption/keys/files_trashbin/files/V 0.3.2.d1496613422/main.py/OC_DEFAULT_MODULE/fileKey','a1a81c131a9deaf2d80b4538906b67a9',1515,'fileKey',12,3,32,1496613374,1496613374,0,0,'60f002c7d3804b597a0df2039209afdb',27,''),(1832,19,'files_encryption/keys/files_trashbin/files/V 0.3.1.1.d1496614309/__pycache__/mechanikSchieferWurf.cpython-36.pyc','227e2173256709b6870ff0dd7d53f628',1803,'mechanikSchieferWurf.cpython-36.pyc',2,1,544,1496613639,1496613639,0,0,'5934830795341',31,''),(1833,19,'files_encryption/keys/files_trashbin/files/V 0.3.1.1.d1496614309/__pycache__/mechanikSchieferWurf.cpython-36.pyc/OC_DEFAULT_MODULE','d90667ef3bc6e83cba25d0cc2decf7cf',1832,'OC_DEFAULT_MODULE',2,1,544,1496613639,1496613639,0,0,'59348307a951f',31,''),(1834,19,'files_trashbin/files/V 0.3.1.1.d1496614309/__pycache__/mechanikSchieferWurf.cpython-36.pyc','1f1dfa4e8b9f2ce1ea9f84c3908137b7',1606,'mechanikSchieferWurf.cpython-36.pyc',12,3,4540,1496613639,1496613639,1,0,'d0a867f59b1c77b473a57081309e6d8c',27,''),(1835,19,'files_encryption/keys/files_trashbin/files/V 0.3.1.1.d1496614309/__pycache__/mechanikSchieferWurf.cpython-36.pyc/OC_DEFAULT_MODULE/gregor.mitsch.shareKey','8943a279477ab6f2dadf6bee3eb24290',1833,'gregor.mitsch.shareKey',12,3,512,1496613639,1496613639,0,0,'4b34a5f7275be81d8e87922884669906',27,''),(1836,19,'files_encryption/keys/files_trashbin/files/V 0.3.1.1.d1496614309/__pycache__/mechanikSchieferWurf.cpython-36.pyc/OC_DEFAULT_MODULE/fileKey','cfaf78a5e199608e06d464919beff638',1833,'fileKey',12,3,32,1496613639,1496613639,0,0,'7f261a55aefe5e6c82ad50a7648ecd9e',27,''),(1837,19,'files_encryption/keys/files_trashbin/files/V 0.3.2.d1496613422/kontrollpanel.py/OC_DEFAULT_MODULE/gregor.mitsch.shareKey','b55fc11e19f6ec4f9c94d9a6e0c95ef3',1512,'gregor.mitsch.shareKey',12,3,512,1496613373,1496613373,0,0,'295077a1dc1f4768f1b63df38acf3643',27,''),(1838,19,'files_encryption/keys/files_trashbin/files/V 0.3.2.d1496613422/kontrollpanel.py/OC_DEFAULT_MODULE/fileKey','785e4871d9371f128e8636442543b343',1512,'fileKey',12,3,32,1496613373,1496613373,0,0,'91fd4e5a24ca2e4e9122121525432a73',27,''),(1839,19,'files_encryption/keys/files_trashbin/files/V 0.3.2.d1496613422/.main.py.kate-swp/OC_DEFAULT_MODULE/gregor.mitsch.shareKey','8905ffdc0cba53931e62e49fe8210ebc',1509,'gregor.mitsch.shareKey',12,3,512,1496613371,1496613371,0,0,'963a0c4cf54736e77ad81dfe863e1558',27,''),(1840,19,'files_encryption/keys/files_trashbin/files/V 0.3.2.d1496613422/.main.py.kate-swp/OC_DEFAULT_MODULE/fileKey','21d35f26cff8dc02e6ac87d9e341b106',1509,'fileKey',12,3,32,1496613371,1496613371,0,0,'7c299cf25e5d74ec23ae1e802d9d0831',27,''),(1841,19,'files_encryption/keys/files_trashbin/files/V 0.3.2.d1496613422/playIcon.png/OC_DEFAULT_MODULE/gregor.mitsch.shareKey','8d90ce670e59bb224ab261c979c6e7d0',1506,'gregor.mitsch.shareKey',12,3,512,1496613370,1496613370,0,0,'836d5434b48bb31ead572eece6979426',27,''),(1842,19,'files_encryption/keys/files_trashbin/files/V 0.3.2.d1496613422/playIcon.png/OC_DEFAULT_MODULE/fileKey','ec4f9e68700f27e4ee855faec555079d',1506,'fileKey',12,3,32,1496613370,1496613370,0,0,'b89ace7d25a6ba1e500623aee08446cf',27,''),(1843,19,'files_encryption/keys/files_trashbin/files/V 0.3.2.d1496613422/refreshIcon.png/OC_DEFAULT_MODULE/gregor.mitsch.shareKey','bec3f523a13264841382b1fb9c0622f8',1503,'gregor.mitsch.shareKey',12,3,512,1496613368,1496613368,0,0,'09dccb31edb5eacdc1b59ce025e777b1',27,''),(1844,19,'files_encryption/keys/files_trashbin/files/V 0.3.2.d1496613422/refreshIcon.png/OC_DEFAULT_MODULE/fileKey','2b31e7a7643f5b09df11219afd29f9b6',1503,'fileKey',12,3,32,1496613368,1496613368,0,0,'dff8bf5d1884bb32a19d919fa8f393fd',27,''),(1845,19,'files_encryption/keys/files_trashbin/files/V 0.3.2.d1496613422/resetIcon.png/OC_DEFAULT_MODULE/gregor.mitsch.shareKey','0bc0f0a523107fc738952406997a3713',1500,'gregor.mitsch.shareKey',12,3,512,1496613367,1496613367,0,0,'74195b7f1cfdb8e03d8344f4a1c8a568',27,''),(1846,19,'files_encryption/keys/files_trashbin/files/V 0.3.2.d1496613422/resetIcon.png/OC_DEFAULT_MODULE/fileKey','680deb9c1d5e48a6298a16849c381cd5',1500,'fileKey',12,3,32,1496613367,1496613367,0,0,'f1cf861a9b1da104c25d07dc5c0b8502',27,''),(1847,19,'files_encryption/keys/files_trashbin/files/V 0.3.1.1.d1496614309/__pycache__/mainLayout.cpython-36.pyc','2d5e011f832a5f2be1ea5c607a4d9f96',1803,'mainLayout.cpython-36.pyc',2,1,544,1496613642,1496613642,0,0,'5934830a9f666',31,''),(1848,19,'files_encryption/keys/files_trashbin/files/V 0.3.1.1.d1496614309/__pycache__/mainLayout.cpython-36.pyc/OC_DEFAULT_MODULE','8049434d689605191c7a52c451db80d3',1847,'OC_DEFAULT_MODULE',2,1,544,1496613642,1496613642,0,0,'5934830ab30fd',31,''),(1849,19,'files_trashbin/files/V 0.3.1.1.d1496614309/__pycache__/mainLayout.cpython-36.pyc','1ae319e903c8beebf8989ac89960d548',1606,'mainLayout.cpython-36.pyc',12,3,1568,1496613642,1496613642,1,0,'e6ddf60933ab6b2e96f853ec47c95771',27,''),(1850,19,'files_encryption/keys/files_trashbin/files/V 0.3.1.1.d1496614309/__pycache__/mainLayout.cpython-36.pyc/OC_DEFAULT_MODULE/gregor.mitsch.shareKey','6432bf01e30b31a0a5d6bcb7e0ebc5d7',1848,'gregor.mitsch.shareKey',12,3,512,1496613642,1496613642,0,0,'cd0d0eae3dd7e59c9f4632a8da5911f0',27,''),(1851,19,'files_encryption/keys/files_trashbin/files/V 0.3.1.1.d1496614309/__pycache__/mainLayout.cpython-36.pyc/OC_DEFAULT_MODULE/fileKey','7e53d0a0242783436d87e4c94ad7d0dd',1848,'fileKey',12,3,32,1496613642,1496613642,0,0,'a1a001b37012082b0c87b29ae6e6f2e0',27,''),(1852,19,'files_encryption/keys/files_trashbin/files/V 0.3.2.d1496613422/achsen.py/OC_DEFAULT_MODULE/gregor.mitsch.shareKey','8fe9a6abd32175f4307fe3447c90beb1',1497,'gregor.mitsch.shareKey',12,3,512,1496613366,1496613366,0,0,'5b3aa100c8e7ee4ded128a1ce31e0a73',27,''),(1853,19,'files_encryption/keys/files_trashbin/files/V 0.3.2.d1496613422/achsen.py/OC_DEFAULT_MODULE/fileKey','78c82ee2fb2dae98d85e134382bfa9f3',1497,'fileKey',12,3,32,1496613366,1496613366,0,0,'3b9c1a8bfe0fcdeda131fdb79445cf73',27,''),(1854,19,'files_encryption/keys/files_trashbin/files/V 0.3.2.d1496613422/.directory/OC_DEFAULT_MODULE/gregor.mitsch.shareKey','4a1d27a817074bbb4fff022e797ca12f',1494,'gregor.mitsch.shareKey',12,3,512,1496613364,1496613364,0,0,'f255136cc49ff3b8fc015dc266e478df',27,''),(1855,19,'files_encryption/keys/files_trashbin/files/V 0.3.2.d1496613422/.directory/OC_DEFAULT_MODULE/fileKey','cd7ce97af475f833a9a540fa7e49dd17',1494,'fileKey',12,3,32,1496613364,1496613364,0,0,'298ea3147898383febb354632a13817b',27,''),(1856,19,'files_encryption/keys/files_trashbin/files/V 0.3.2.d1496613422/mainLayout.py/OC_DEFAULT_MODULE/gregor.mitsch.shareKey','0cdef21da15bcbe531d79593be2a85c8',1491,'gregor.mitsch.shareKey',12,3,512,1496613362,1496613362,0,0,'9ab30b4b5a3ea99b70d3ec2230312db6',27,''),(1857,19,'files_encryption/keys/files_trashbin/files/V 0.3.2.d1496613422/mainLayout.py/OC_DEFAULT_MODULE/fileKey','79974bffe4ea4eec17de7b3820a88945',1491,'fileKey',12,3,32,1496613362,1496613362,0,0,'55f9dfe6346d6964f57423f9b5a57bda',27,''),(1858,19,'files_encryption/keys/files_trashbin/files/V 0.3.1.1.d1496614309/__pycache__/kontrollpanel.cpython-36.pyc','c30fee33d162b3ef701bf9c39f11dcba',1803,'kontrollpanel.cpython-36.pyc',2,1,544,1496613645,1496613645,0,0,'5934830da59f5',31,''),(1859,19,'files_encryption/keys/files_trashbin/files/V 0.3.1.1.d1496614309/__pycache__/kontrollpanel.cpython-36.pyc/OC_DEFAULT_MODULE','dea593b5b62e657af167febdbd761714',1858,'OC_DEFAULT_MODULE',2,1,544,1496613645,1496613645,0,0,'5934830db9c4f',31,''),(1860,19,'files_trashbin/files/V 0.3.1.1.d1496614309/__pycache__/kontrollpanel.cpython-36.pyc','94ea74417438dc936031a1ca1b351207',1606,'kontrollpanel.cpython-36.pyc',12,3,2390,1496613645,1496613645,1,0,'52964eea44e2db29aff82e182d0fb277',27,''),(1861,19,'files_trashbin/files/V 0.3.1.1.d1501021646','0d03d592ecdc5e2f6af33e109fb5a8d7',1321,'V 0.3.1.1.d1501021646',2,1,40791,1496614342,1496614333,0,0,'593485c65f0d6',31,''),(1862,19,'files_trashbin/files/V 0.3.1.1.d1501021646/__pycache__','244e45251db6f2d392ac14d99b8feea1',1861,'__pycache__',2,1,16598,1496614342,1496614341,0,0,'593485c65f0d6',31,''),(1863,19,'files_encryption/keys/files_trashbin/files/V 0.3.1.1.d1501021646','4296253d6538df7bf3cff2d6abef7ebf',1327,'V 0.3.1.1.d1501021646',2,1,9792,1496614335,1496614335,0,0,'593485ac2f733',31,''),(1864,19,'files_encryption/keys/files_trashbin/files/V 0.3.1.1.d1501021646/mainLayout.py','d5b4ad5e3efbf9bcae278dcd9638f523',1863,'mainLayout.py',2,1,544,1496614316,1496614316,0,0,'593485ac538af',31,''),(1865,19,'files_encryption/keys/files_trashbin/files/V 0.3.1.1.d1501021646/mainLayout.py/OC_DEFAULT_MODULE','94f44f3fb075ad7915ba84964b1069ed',1864,'OC_DEFAULT_MODULE',2,1,544,1496614316,1496614316,0,0,'593485ac5ce47',31,''),(1866,19,'files_trashbin/files/V 0.3.1.1.d1501021646/mainLayout.py','bcd46962fb91caa3f58f411325b0c59e',1861,'mainLayout.py',37,10,1012,1496614316,1496614316,1,0,'ac15aff0603dd2ea9e35dd672fc0f5fc',27,''),(1867,19,'files_encryption/keys/files_trashbin/files/V 0.3.1.1.d1501021646/.directory','2a6ffc94b47b74f6684a371cc7349fc8',1863,'.directory',2,1,544,1496614317,1496614317,0,0,'593485ada7309',31,''),(1868,19,'files_encryption/keys/files_trashbin/files/V 0.3.1.1.d1501021646/.directory/OC_DEFAULT_MODULE','857777921f47573cdc0ef79f98d9bc34',1867,'OC_DEFAULT_MODULE',2,1,544,1496614317,1496614317,0,0,'593485adb1687',31,''),(1869,19,'files_trashbin/files/V 0.3.1.1.d1501021646/.directory','8252f63e85396d7462124f52fcdbc882',1861,'.directory',12,3,59,1496614317,1496614317,1,0,'c28055d551a35893090bc1e457df0602',27,''),(1870,19,'files_encryption/keys/files_trashbin/files/V 0.3.1.1.d1501021646/achsen.py','468875c6f665aeabf81de865e254c55a',1863,'achsen.py',2,1,544,1496614319,1496614319,0,0,'593485af27f12',31,''),(1871,19,'files_encryption/keys/files_trashbin/files/V 0.3.1.1.d1501021646/achsen.py/OC_DEFAULT_MODULE','1d8e3c30cb05655823ebf6ac45db1202',1870,'OC_DEFAULT_MODULE',2,1,544,1496614319,1496614319,0,0,'593485af31cf0',31,''),(1872,19,'files_trashbin/files/V 0.3.1.1.d1501021646/achsen.py','085724e9319f82023bf29359ca75cad0',1861,'achsen.py',37,10,8492,1496614319,1496614319,1,0,'2bdeba0d32b3af29470a50fae5221545',27,''),(1873,19,'files_encryption/keys/files_trashbin/files/V 0.3.1.1.d1501021646/resetIcon.png','088df7235b15350660136d33618d5b37',1863,'resetIcon.png',2,1,544,1496614320,1496614320,0,0,'593485b0a999c',31,''),(1874,19,'files_encryption/keys/files_trashbin/files/V 0.3.1.1.d1501021646/resetIcon.png/OC_DEFAULT_MODULE','c33d935012f464ca96b665da853de5bc',1873,'OC_DEFAULT_MODULE',2,1,544,1496614320,1496614320,0,0,'593485b0b4cbd',31,''),(1875,19,'files_trashbin/files/V 0.3.1.1.d1501021646/resetIcon.png','8593b2b07477c6e357a48abe57b8ca07',1861,'resetIcon.png',18,5,4269,1496614320,1496614320,1,0,'5c6518cad3f85d44905afba4480e810d',27,''),(1876,19,'files_encryption/keys/files_trashbin/files/V 0.3.1.1.d1501021646/refreshIcon.png','95db2fb86e558e442f90217241b098b5',1863,'refreshIcon.png',2,1,544,1496614322,1496614322,0,0,'593485b22a43f',31,''),(1877,19,'files_encryption/keys/files_trashbin/files/V 0.3.1.1.d1501021646/refreshIcon.png/OC_DEFAULT_MODULE','d8f141db76396c3e0a451fe76bf5e961',1876,'OC_DEFAULT_MODULE',2,1,544,1496614322,1496614322,0,0,'593485b2358ab',31,''),(1878,19,'files_trashbin/files/V 0.3.1.1.d1501021646/refreshIcon.png','17af29166f1e36b1e2f78d25bf64d1d3',1861,'refreshIcon.png',18,5,671,1496614322,1496614322,1,0,'7a785b1f2fd3ff1041dc00ba709c687b',27,''),(1879,19,'files_encryption/keys/files_trashbin/files/V 0.3.1.1.d1501021646/playIcon.png','1df91c48c7fe7a6556138891d9e9c012',1863,'playIcon.png',2,1,544,1496614323,1496614323,0,0,'593485b391a5e',31,''),(1880,19,'files_encryption/keys/files_trashbin/files/V 0.3.1.1.d1501021646/playIcon.png/OC_DEFAULT_MODULE','e8a52e7eb6ef181ad9dbafa39759f057',1879,'OC_DEFAULT_MODULE',2,1,544,1496614323,1496614323,0,0,'593485b39a509',31,''),(1881,19,'files_trashbin/files/V 0.3.1.1.d1501021646/playIcon.png','ef7c276f8fd9112e1feb1900d76a5299',1861,'playIcon.png',18,5,495,1496614323,1496614323,1,0,'8b779b28faac42998e6d94f4fd75cf1a',27,''),(1882,19,'files_encryption/keys/files_trashbin/files/V 0.3.1.1.d1501021646/.main.py.kate-swp','8ab208974b46e279afc80080b94d8e22',1863,'.main.py.kate-swp',2,1,544,1496614324,1496614324,0,0,'593485b4d4107',31,''),(1883,19,'files_encryption/keys/files_trashbin/files/V 0.3.1.1.d1501021646/.main.py.kate-swp/OC_DEFAULT_MODULE','f2eb6d78422e7d2fe1872413d7d85bcc',1882,'OC_DEFAULT_MODULE',2,1,544,1496614324,1496614324,0,0,'593485b4e0032',31,''),(1884,19,'files_trashbin/files/V 0.3.1.1.d1501021646/.main.py.kate-swp','aa862955fa8b2ceb57c69edb9a7f1ea5',1861,'.main.py.kate-swp',12,3,48,1496614324,1496614324,1,0,'dbc02aafa717fa72d015acbec4fd457f',27,''),(1885,19,'files_encryption/keys/files_trashbin/files/V 0.3.1.1.d1501021646/kontrollpanel.py','f0f744b50f85f00c3009ffba531b1ed6',1863,'kontrollpanel.py',2,1,544,1496614326,1496614326,0,0,'593485b6e0562',31,''),(1886,19,'files_encryption/keys/files_trashbin/files/V 0.3.1.1.d1501021646/kontrollpanel.py/OC_DEFAULT_MODULE','b36586a74559188b180addaeb323d57a',1885,'OC_DEFAULT_MODULE',2,1,544,1496614326,1496614326,0,0,'593485b6e8471',31,''),(1887,19,'files_trashbin/files/V 0.3.1.1.d1501021646/kontrollpanel.py','42655f26c82d0b32b15e03b94ca462e2',1861,'kontrollpanel.py',37,10,2128,1496614326,1496614326,1,0,'b56e1f1d909de28cefe6aad171bfa389',27,''),(1888,19,'files_encryption/keys/files_trashbin/files/V 0.3.1.1.d1501021646/main.py','16bcbae685b8ef9de7ebabbde156c7c3',1863,'main.py',2,1,544,1496614328,1496614328,0,0,'593485b83231d',31,''),(1889,19,'files_encryption/keys/files_trashbin/files/V 0.3.1.1.d1501021646/main.py/OC_DEFAULT_MODULE','f725199dd5c0b61ab51b533557696352',1888,'OC_DEFAULT_MODULE',2,1,544,1496614328,1496614328,0,0,'593485b839fc0',31,''),(1890,19,'files_trashbin/files/V 0.3.1.1.d1501021646/main.py','82ff8dacb85865d57e61398bd8342d0e',1861,'main.py',37,10,876,1496614328,1496614328,1,0,'264101cd0af0a16841217153cff23583',27,''),(1891,19,'files_encryption/keys/files_trashbin/files/V 0.3.1.1.d1501021646/run-application.sh','e2f7b794c2094bd89f91f6c6c82021b6',1863,'run-application.sh',2,1,544,1496614329,1496614329,0,0,'593485b97b8ad',31,''),(1892,19,'files_encryption/keys/files_trashbin/files/V 0.3.1.1.d1501021646/run-application.sh/OC_DEFAULT_MODULE','4cd3f4a14c226d6e16c775f55e971b64',1891,'OC_DEFAULT_MODULE',2,1,544,1496614329,1496614329,0,0,'593485b98a15c',31,''),(1893,19,'files_trashbin/files/V 0.3.1.1.d1501021646/run-application.sh','38800817a35c04d1604c10ff7d24854b',1861,'run-application.sh',36,10,30,1496614329,1496614329,1,0,'94c4f5bcb3fefb9b8f05b8ca28a1052d',27,''),(1894,19,'files_encryption/keys/files_trashbin/files/V 0.3.1.1.d1501021646/mechanikMain.py','12f8b0b4da25ddb428711dee3f596b53',1863,'mechanikMain.py',2,1,544,1496614331,1496614331,0,0,'593485bb12faf',31,''),(1895,19,'files_encryption/keys/files_trashbin/files/V 0.3.1.1.d1501021646/mechanikMain.py/OC_DEFAULT_MODULE','92e2a008580fabf68eb33a6f9b640434',1894,'OC_DEFAULT_MODULE',2,1,544,1496614331,1496614331,0,0,'593485bb1c7ea',31,''),(1896,19,'files_trashbin/files/V 0.3.1.1.d1501021646/mechanikMain.py','cb5598f1082792b06132e65400ba0833',1861,'mechanikMain.py',37,10,1384,1496614331,1496614331,1,0,'ff0034956f67146961ec6c4d00e42ae1',27,''),(1897,19,'files_encryption/keys/files_trashbin/files/V 0.3.1.1.d1501021646/pauseIcon.png','e9aceda060f023bd34b3e5d21ea372a6',1863,'pauseIcon.png',2,1,544,1496614332,1496614332,0,0,'593485bc626c5',31,''),(1898,19,'files_encryption/keys/files_trashbin/files/V 0.3.1.1.d1501021646/pauseIcon.png/OC_DEFAULT_MODULE','a4dccdb6dac39e958f96fe686e95450c',1897,'OC_DEFAULT_MODULE',2,1,544,1496614332,1496614332,0,0,'593485bc6af74',31,''),(1899,19,'files_trashbin/files/V 0.3.1.1.d1501021646/pauseIcon.png','98768346d842a6293923b96ede8289d2',1861,'pauseIcon.png',18,5,542,1496614332,1496614332,1,0,'4b3006ebcf7f8de583fa8a51b60b2c19',27,''),(1900,19,'files_encryption/keys/files_trashbin/files/V 0.3.1.1.d1501021646/mechanikSchieferWurf.py','21a3600acd6f33eea8d3ea30e54e2beb',1863,'mechanikSchieferWurf.py',2,1,544,1496614333,1496614333,0,0,'593485bdc76e4',31,''),(1901,19,'files_encryption/keys/files_trashbin/files/V 0.3.1.1.d1501021646/mechanikSchieferWurf.py/OC_DEFAULT_MODULE','a86337cf633a00478439f0c4cbe53829',1900,'OC_DEFAULT_MODULE',2,1,544,1496614333,1496614333,0,0,'593485bdd4b13',31,''),(1902,19,'files_trashbin/files/V 0.3.1.1.d1501021646/mechanikSchieferWurf.py','27c98e6cbc1393861edf3d96f449c63e',1861,'mechanikSchieferWurf.py',37,10,4187,1496614333,1496614333,1,0,'5e3cc6bcc089570b3490504ef9461dcb',27,''),(1903,19,'files_encryption/keys/files_trashbin/files/V 0.3.1.1.d1501021646/__pycache__','9fd7cde7ee0fff8db1bc67d5027bc7a0',1863,'__pycache__',2,1,2720,1496614341,1496614341,0,0,'593485bf91837',31,''),(1904,19,'files_encryption/keys/files_trashbin/files/V 0.3.1.1.d1501021646/__pycache__/mechanikMain.cpython-36.pyc','032fbae676b198257b6bb900e30273db',1903,'mechanikMain.cpython-36.pyc',2,1,544,1496614335,1496614335,0,0,'593485bfbf05b',31,''),(1905,19,'files_encryption/keys/files_trashbin/files/V 0.3.1.1.d1501021646/__pycache__/mechanikMain.cpython-36.pyc/OC_DEFAULT_MODULE','03272256e86273cc9dfe9e6d6c17749d',1904,'OC_DEFAULT_MODULE',2,1,544,1496614335,1496614335,0,0,'593485bfc816f',31,''),(1906,19,'files_trashbin/files/V 0.3.1.1.d1501021646/__pycache__/mechanikMain.cpython-36.pyc','6137c12db5a4a2ef02ca77ff568de187',1862,'mechanikMain.cpython-36.pyc',12,3,1847,1496614335,1496614335,1,0,'e136f7e8d20915e37e91bbaae3d3baa2',27,''),(1907,19,'files_encryption/keys/files_trashbin/files/V 0.3.1.1.d1501021646/__pycache__/achsen.cpython-36.pyc','cdde15726882d74bfecdfe18c32f7542',1903,'achsen.cpython-36.pyc',2,1,544,1496614337,1496614337,0,0,'593485c174ada',31,''),(1908,19,'files_encryption/keys/files_trashbin/files/V 0.3.1.1.d1501021646/__pycache__/achsen.cpython-36.pyc/OC_DEFAULT_MODULE','7876386071c8bfeb5ea121ebdb589801',1907,'OC_DEFAULT_MODULE',2,1,544,1496614337,1496614337,0,0,'593485c17ddf0',31,''),(1909,19,'files_trashbin/files/V 0.3.1.1.d1501021646/__pycache__/achsen.cpython-36.pyc','8ddaed73c81fe3a6ed757ba8fdcd4679',1862,'achsen.cpython-36.pyc',12,3,6331,1496614337,1496614337,1,0,'08c36a84311c6c8603274c8dc99b691c',27,''),(1910,19,'files_encryption/keys/files_trashbin/files/V 0.3.1.1.d1501021646/__pycache__/mechanikSchieferWurf.cpython-36.pyc','289849e090149700f7b06f623cc17789',1903,'mechanikSchieferWurf.cpython-36.pyc',2,1,544,1496614339,1496614339,0,0,'593485c31ee83',31,''),(1911,19,'files_encryption/keys/files_trashbin/files/V 0.3.1.1.d1501021646/__pycache__/mechanikSchieferWurf.cpython-36.pyc/OC_DEFAULT_MODULE','173eb02c728fc8df885dc26bada05da6',1910,'OC_DEFAULT_MODULE',2,1,544,1496614339,1496614339,0,0,'593485c328bc4',31,''),(1912,19,'files_trashbin/files/V 0.3.1.1.d1501021646/__pycache__/mechanikSchieferWurf.cpython-36.pyc','dd9e0919f8a03671bd1fd9ebb98b3472',1862,'mechanikSchieferWurf.cpython-36.pyc',12,3,4462,1496614339,1496614339,1,0,'8c206df1b04753544b553972a68265b2',27,''),(1913,19,'files_encryption/keys/files_trashbin/files/V 0.3.1.1.d1501021646/__pycache__/mainLayout.cpython-36.pyc','1304a19a37670725537762acaee85366',1903,'mainLayout.cpython-36.pyc',2,1,544,1496614340,1496614340,0,0,'593485c47789a',31,''),(1914,19,'files_encryption/keys/files_trashbin/files/V 0.3.1.1.d1501021646/__pycache__/mainLayout.cpython-36.pyc/OC_DEFAULT_MODULE','9de7cd649a5264b3770c36a5b988f8fc',1913,'OC_DEFAULT_MODULE',2,1,544,1496614340,1496614340,0,0,'593485c4800cc',31,''),(1915,19,'files_trashbin/files/V 0.3.1.1.d1501021646/__pycache__/mainLayout.cpython-36.pyc','6fbfe2aa19f6878f410e6975f329e7f1',1862,'mainLayout.cpython-36.pyc',12,3,1568,1496614340,1496614340,1,0,'b07d2c9fb114230c21eb67c173d73434',27,''),(1916,19,'files_encryption/keys/files_trashbin/files/V 0.3.1.1.d1501021646/__pycache__/kontrollpanel.cpython-36.pyc','7bddecf4cb63b0aab0cd1e3733dd2fb4',1903,'kontrollpanel.cpython-36.pyc',2,1,544,1496614341,1496614341,0,0,'593485c5e9d27',31,''),(1917,19,'files_encryption/keys/files_trashbin/files/V 0.3.1.1.d1501021646/__pycache__/kontrollpanel.cpython-36.pyc/OC_DEFAULT_MODULE','cc0a496a85ba2870c722623577facf1a',1916,'OC_DEFAULT_MODULE',2,1,544,1496614341,1496614341,0,0,'593485c601a9e',31,''),(1918,19,'files_trashbin/files/V 0.3.1.1.d1501021646/__pycache__/kontrollpanel.cpython-36.pyc','7ee6cb92a54ee16b5b1fd8d83d4a8cd7',1862,'kontrollpanel.cpython-36.pyc',12,3,2390,1496614341,1496614341,1,0,'72bae9cc7d780a4eba1bad06c7c0eb8f',27,''),(1919,19,'files_encryption/keys/files_trashbin/files/V 0.3.1.1.d1501021646/__pycache__/kontrollpanel.cpython-36.pyc/OC_DEFAULT_MODULE/gregor.mitsch.shareKey','5ef81a46789ab128f220be267f9d4698',1917,'gregor.mitsch.shareKey',12,3,512,1496614341,1496614341,0,0,'cdbc0b9f57f7510ff1ef03ae1c9f31c3',27,''),(1920,19,'files_encryption/keys/files_trashbin/files/V 0.3.1.1.d1501021646/__pycache__/kontrollpanel.cpython-36.pyc/OC_DEFAULT_MODULE/fileKey','c17ecdfee0950904ac88bc802128ed17',1917,'fileKey',12,3,32,1496614341,1496614341,0,0,'4e24d1dfb56970e8d2bafc004d174878',27,''),(1921,19,'files_encryption/keys/files_trashbin/files/V 0.3.1.1.d1501021646/__pycache__/mainLayout.cpython-36.pyc/OC_DEFAULT_MODULE/gregor.mitsch.shareKey','389406b1eaf3df7acb79c5cccda5aeb2',1914,'gregor.mitsch.shareKey',12,3,512,1496614340,1496614340,0,0,'bc6c83ac667e572b2a8780a140093119',27,''),(1922,19,'files_encryption/keys/files_trashbin/files/V 0.3.1.1.d1501021646/__pycache__/mainLayout.cpython-36.pyc/OC_DEFAULT_MODULE/fileKey','3550656fb1d09fd0fed93406feb4a377',1914,'fileKey',12,3,32,1496614340,1496614340,0,0,'5c44025fc18df4e3b58e32093929dcbc',27,''),(1923,19,'files_encryption/keys/files_trashbin/files/V 0.3.1.1.d1501021646/__pycache__/mechanikSchieferWurf.cpython-36.pyc/OC_DEFAULT_MODULE/gregor.mitsch.shareKey','d2465d0405673f509745018a86446c6a',1911,'gregor.mitsch.shareKey',12,3,512,1496614339,1496614339,0,0,'e028414f88bc857572b52046c906db77',27,''),(1924,19,'files_encryption/keys/files_trashbin/files/V 0.3.1.1.d1501021646/__pycache__/mechanikSchieferWurf.cpython-36.pyc/OC_DEFAULT_MODULE/fileKey','a43f583dd1caf4a24157f2614985d54c',1911,'fileKey',12,3,32,1496614339,1496614339,0,0,'bfd9d971c74d33ab32cae77fb1e12d83',27,''),(1925,19,'files_encryption/keys/files_trashbin/files/V 0.3.1.1.d1501021646/__pycache__/achsen.cpython-36.pyc/OC_DEFAULT_MODULE/gregor.mitsch.shareKey','07e8b2bc34c7baf6ec9216006521f526',1908,'gregor.mitsch.shareKey',12,3,512,1496614337,1496614337,0,0,'85f2d11aba72b6f597de26ae09352e6b',27,''),(1926,19,'files_encryption/keys/files_trashbin/files/V 0.3.1.1.d1501021646/__pycache__/achsen.cpython-36.pyc/OC_DEFAULT_MODULE/fileKey','86c5e9aa0853f8fbceac974de01dc27a',1908,'fileKey',12,3,32,1496614337,1496614337,0,0,'2abc5f617c1771f82bd1bc9f9f5a7af8',27,''),(1927,19,'files_encryption/keys/files_trashbin/files/V 0.3.1.1.d1501021646/__pycache__/mechanikMain.cpython-36.pyc/OC_DEFAULT_MODULE/gregor.mitsch.shareKey','69e98ecbd05695cdf6e531391a5c9f7f',1905,'gregor.mitsch.shareKey',12,3,512,1496614335,1496614335,0,0,'6f86c9843d75325e72c4374e48319539',27,''),(1928,19,'files_encryption/keys/files_trashbin/files/V 0.3.1.1.d1501021646/__pycache__/mechanikMain.cpython-36.pyc/OC_DEFAULT_MODULE/fileKey','0912a4dd28f5836b0589eda55f3aa707',1905,'fileKey',12,3,32,1496614335,1496614335,0,0,'58ee2827ff77ca5d41faa4f6924073f3',27,''),(1929,19,'files_encryption/keys/files_trashbin/files/V 0.3.1.1.d1501021646/mechanikSchieferWurf.py/OC_DEFAULT_MODULE/gregor.mitsch.shareKey','831d38a0ee48caf3965bcd182f7ef3e0',1901,'gregor.mitsch.shareKey',12,3,512,1496614333,1496614333,0,0,'3a209b7ff606618095703f119256409c',27,''),(1930,19,'files_encryption/keys/files_trashbin/files/V 0.3.1.1.d1501021646/mechanikSchieferWurf.py/OC_DEFAULT_MODULE/fileKey','3ab7d5b091c320c3b71cbd1e3549ac66',1901,'fileKey',12,3,32,1496614333,1496614333,0,0,'87f20d5d433e47d89ae5862211b23964',27,''),(1931,19,'files_encryption/keys/files_trashbin/files/V 0.3.1.1.d1501021646/pauseIcon.png/OC_DEFAULT_MODULE/gregor.mitsch.shareKey','2f4ba639eac37ccfe4c88208e50d6a70',1898,'gregor.mitsch.shareKey',12,3,512,1496614332,1496614332,0,0,'262f2c25b9dc0b96474b2507b0ef7b61',27,''),(1932,19,'files_encryption/keys/files_trashbin/files/V 0.3.1.1.d1501021646/pauseIcon.png/OC_DEFAULT_MODULE/fileKey','099efc2c82f858722948191b73a8b540',1898,'fileKey',12,3,32,1496614332,1496614332,0,0,'b1411c6ff2175f28c6e2b0f0faf098bf',27,''),(1933,19,'files_encryption/keys/files_trashbin/files/V 0.3.1.1.d1501021646/mechanikMain.py/OC_DEFAULT_MODULE/gregor.mitsch.shareKey','391b5dfb79c12414c4d6ae43cc60fbd3',1895,'gregor.mitsch.shareKey',12,3,512,1496614331,1496614331,0,0,'559b8ea4a74408615d9b98f9916385bd',27,''),(1934,19,'files_encryption/keys/files_trashbin/files/V 0.3.1.1.d1501021646/mechanikMain.py/OC_DEFAULT_MODULE/fileKey','ffe93a0fc96e8fc7ae60b58e17c27c08',1895,'fileKey',12,3,32,1496614331,1496614331,0,0,'2973c88a90978247e19c63c2f8b36e19',27,''),(1935,19,'files_encryption/keys/files_trashbin/files/V 0.3.1.1.d1501021646/run-application.sh/OC_DEFAULT_MODULE/gregor.mitsch.shareKey','4b6ba16b4ca810831c155c502e1274f2',1892,'gregor.mitsch.shareKey',12,3,512,1496614329,1496614329,0,0,'862aff521686a8200ae973c476f152a2',27,''),(1936,19,'files_encryption/keys/files_trashbin/files/V 0.3.1.1.d1501021646/run-application.sh/OC_DEFAULT_MODULE/fileKey','e0595f8409ae4356d87ad161a42546fb',1892,'fileKey',12,3,32,1496614329,1496614329,0,0,'a9f054593a6fc57a493df94a291a6ee6',27,''),(1937,19,'files_encryption/keys/files_trashbin/files/V 0.3.1.1.d1501021646/main.py/OC_DEFAULT_MODULE/gregor.mitsch.shareKey','9eec09ba1bd36e4a79cd745f0b8bf61a',1889,'gregor.mitsch.shareKey',12,3,512,1496614328,1496614328,0,0,'d49121def488c448e7791f49ee5935eb',27,''),(1938,19,'files_encryption/keys/files_trashbin/files/V 0.3.1.1.d1501021646/main.py/OC_DEFAULT_MODULE/fileKey','e0d37d8207db94e8a2b7667422279e4a',1889,'fileKey',12,3,32,1496614328,1496614328,0,0,'1fd11222a64909d16f0e2263f749eec2',27,''),(1939,19,'files_encryption/keys/files_trashbin/files/V 0.3.1.1.d1501021646/kontrollpanel.py/OC_DEFAULT_MODULE/gregor.mitsch.shareKey','149d3c2418b4edaab82032970f25c3e4',1886,'gregor.mitsch.shareKey',12,3,512,1496614326,1496614326,0,0,'7c5c993798b64565f012eea60d02df1f',27,''),(1940,19,'files_encryption/keys/files_trashbin/files/V 0.3.1.1.d1501021646/kontrollpanel.py/OC_DEFAULT_MODULE/fileKey','70252767a3d31068f72311aa336dbb33',1886,'fileKey',12,3,32,1496614326,1496614326,0,0,'e0f4bdd0638f73630dea0157026a8013',27,''),(1941,19,'files_encryption/keys/files_trashbin/files/V 0.3.1.1.d1501021646/.main.py.kate-swp/OC_DEFAULT_MODULE/gregor.mitsch.shareKey','14ed53bbc3e3096f49be57616d73486f',1883,'gregor.mitsch.shareKey',12,3,512,1496614324,1496614324,0,0,'74e9bc2f26f8a8ecf4876ba6f9f1d137',27,''),(1942,19,'files_encryption/keys/files_trashbin/files/V 0.3.1.1.d1501021646/.main.py.kate-swp/OC_DEFAULT_MODULE/fileKey','51a8547498db076da87d826d0461ec91',1883,'fileKey',12,3,32,1496614324,1496614324,0,0,'18a80a2425879784c155254f9ab9aba0',27,''),(1943,19,'files_encryption/keys/files_trashbin/files/V 0.3.1.1.d1501021646/playIcon.png/OC_DEFAULT_MODULE/gregor.mitsch.shareKey','1bfcbf44c065b93b66002131b498df3b',1880,'gregor.mitsch.shareKey',12,3,512,1496614323,1496614323,0,0,'16385e6c7fe3e02419f168fb208731d6',27,''),(1944,19,'files_encryption/keys/files_trashbin/files/V 0.3.1.1.d1501021646/playIcon.png/OC_DEFAULT_MODULE/fileKey','972a9c161a58fa076aaeb62e5713a8c9',1880,'fileKey',12,3,32,1496614323,1496614323,0,0,'ed30e94725101bae314bb21a715c6f57',27,''),(1945,19,'files_encryption/keys/files_trashbin/files/V 0.3.1.1.d1501021646/refreshIcon.png/OC_DEFAULT_MODULE/gregor.mitsch.shareKey','f0776e9fbdbcdfcef0e882302ae48504',1877,'gregor.mitsch.shareKey',12,3,512,1496614322,1496614322,0,0,'3a2d0e0f5093b76e221235a196b8cf21',27,''),(1946,19,'files_encryption/keys/files_trashbin/files/V 0.3.1.1.d1501021646/refreshIcon.png/OC_DEFAULT_MODULE/fileKey','674fffac7596be34439d57939b885db0',1877,'fileKey',12,3,32,1496614322,1496614322,0,0,'2f5f77c4a514895ea4c94741ccadf5f1',27,''),(1947,19,'files_encryption/keys/files_trashbin/files/V 0.3.1.1.d1501021646/resetIcon.png/OC_DEFAULT_MODULE/gregor.mitsch.shareKey','af354541bac13476a04e2725b306dba3',1874,'gregor.mitsch.shareKey',12,3,512,1496614320,1496614320,0,0,'1a70d890d49ad05abeb4c1a80c9408b1',27,''),(1948,19,'files_encryption/keys/files_trashbin/files/V 0.3.1.1.d1501021646/resetIcon.png/OC_DEFAULT_MODULE/fileKey','088a688ba2148a7e3a8172565af96860',1874,'fileKey',12,3,32,1496614320,1496614320,0,0,'1263d35c5627b903ee627d5f96f4ef0c',27,''),(1949,19,'files_encryption/keys/files_trashbin/files/V 0.3.1.1.d1501021646/achsen.py/OC_DEFAULT_MODULE/gregor.mitsch.shareKey','342e595872598534497dba411b8e96f9',1871,'gregor.mitsch.shareKey',12,3,512,1496614319,1496614319,0,0,'9b2220edb802aa031fbbae5808650d1f',27,''),(1950,19,'files_encryption/keys/files_trashbin/files/V 0.3.1.1.d1501021646/achsen.py/OC_DEFAULT_MODULE/fileKey','5609b834beb910e7f1a487e3ef21ae56',1871,'fileKey',12,3,32,1496614319,1496614319,0,0,'53ea863ee92479ffd6444d83059a74b5',27,''),(1951,19,'files_encryption/keys/files_trashbin/files/V 0.3.1.1.d1501021646/.directory/OC_DEFAULT_MODULE/gregor.mitsch.shareKey','0eb0bec8efaf6b0058ad957958e012ed',1868,'gregor.mitsch.shareKey',12,3,512,1496614317,1496614317,0,0,'016932587894cb4643c831d8c2069744',27,''),(1952,19,'files_encryption/keys/files_trashbin/files/V 0.3.1.1.d1501021646/.directory/OC_DEFAULT_MODULE/fileKey','01cc44570bbb71e38480e0d9fd7c2b81',1868,'fileKey',12,3,32,1496614317,1496614317,0,0,'8d3caaa4db0b660c2de533967c22efdb',27,''),(1953,19,'files_encryption/keys/files_trashbin/files/V 0.3.1.1.d1501021646/mainLayout.py/OC_DEFAULT_MODULE/gregor.mitsch.shareKey','ccc9e10e85e0ff95963750bc942f8dc0',1865,'gregor.mitsch.shareKey',12,3,512,1496614316,1496614316,0,0,'774427d9b005c5528d28400c404baf17',27,''),(1954,19,'files_encryption/keys/files_trashbin/files/V 0.3.1.1.d1501021646/mainLayout.py/OC_DEFAULT_MODULE/fileKey','bb589f8b2b99fcce8394414cbfe82d97',1865,'fileKey',12,3,32,1496614316,1496614316,0,0,'39305a2fa371d02da49550f804a2b493',27,''),(1955,19,'files_encryption/keys/files_trashbin/files/V 0.3.1.1.d1496614309/__pycache__/kontrollpanel.cpython-36.pyc/OC_DEFAULT_MODULE/gregor.mitsch.shareKey','2d4df6eea6235f6085c44ffaee60f830',1859,'gregor.mitsch.shareKey',12,3,512,1496613645,1496613645,0,0,'b6081abebdc52ee2b927e393cbf89ea2',27,''),(1956,19,'files_encryption/keys/files_trashbin/files/V 0.3.1.1.d1496614309/__pycache__/kontrollpanel.cpython-36.pyc/OC_DEFAULT_MODULE/fileKey','52449d63b26fb2f0bc7ef05ca330b5aa',1859,'fileKey',12,3,32,1496613645,1496613645,0,0,'06619ebe2ed7b4180d80cd930e1194d8',27,''),(1957,19,'files_trashbin/files/V 0.3.1.2.d1501021644','ecf059a062ab436a35486f301e88bffd',1321,'V 0.3.1.2.d1501021644',2,1,40890,1496614961,1496614952,0,0,'59348831bffd7',31,''),(1958,19,'files_trashbin/files/V 0.3.1.2.d1501021644/__pycache__','d6266b5af7bbdc11f77a0f23959104b4',1957,'__pycache__',2,1,16651,1496614961,1496614961,0,0,'59348831bffd7',31,''),(1959,19,'files_encryption/keys/files_trashbin/files/V 0.3.1.2.d1501021644','da59d76acd5b51363fa11b4d9997775b',1327,'V 0.3.1.2.d1501021644',2,1,9248,1496614954,1496614954,0,0,'59348805b56f0',31,''),(1960,19,'files_encryption/keys/files_trashbin/files/V 0.3.1.2.d1501021644/mainLayout.py','d312a78b8610883dfa35a1dc96aeaf13',1959,'mainLayout.py',2,1,544,1496614917,1496614917,0,0,'59348805dcf46',31,''),(1961,19,'files_encryption/keys/files_trashbin/files/V 0.3.1.2.d1501021644/mainLayout.py/OC_DEFAULT_MODULE','92e82b8a6c6e39d870b73ab6f4bc2194',1960,'OC_DEFAULT_MODULE',2,1,544,1496614917,1496614917,0,0,'59348805e8c6d',31,''),(1962,19,'files_trashbin/files/V 0.3.1.2.d1501021644/mainLayout.py','a3b878f6a361a03c3ea591a13607d832',1957,'mainLayout.py',37,10,1012,1496614917,1496614917,1,0,'c3521265ac467dff6d83f4c6a925880f',27,''),(1963,19,'files_encryption/keys/files_trashbin/files/V 0.3.1.2.d1501021644/.directory','49406c710eaf2d91f40ea06d28a95ed1',1959,'.directory',2,1,544,1496614919,1496614919,0,0,'59348807599e8',31,''),(1964,19,'files_encryption/keys/files_trashbin/files/V 0.3.1.2.d1501021644/.directory/OC_DEFAULT_MODULE','5f6ae8dc309c18c23c08acfbc4b4b4bd',1963,'OC_DEFAULT_MODULE',2,1,544,1496614919,1496614919,0,0,'59348807655fb',31,''),(1965,19,'files_trashbin/files/V 0.3.1.2.d1501021644/.directory','7cc7dc2cd631b392d80f4595989f92d3',1957,'.directory',12,3,59,1496614919,1496614919,1,0,'bcf6cb7614cf6a21d6ab9df15af585d6',27,''),(1966,19,'files_encryption/keys/files_trashbin/files/V 0.3.1.2.d1501021644/achsen.py','28b73158fcbefae45d2690176f527b39',1959,'achsen.py',2,1,544,1496614921,1496614921,0,0,'593488094dae4',31,''),(1967,19,'files_encryption/keys/files_trashbin/files/V 0.3.1.2.d1501021644/achsen.py/OC_DEFAULT_MODULE','2b85d4b5d7408ab0893d9a55079b0821',1966,'OC_DEFAULT_MODULE',2,1,544,1496614921,1496614921,0,0,'5934880955995',31,''),(1968,19,'files_trashbin/files/V 0.3.1.2.d1501021644/achsen.py','e6ed84ed71ea1d369633a5daedab8b25',1957,'achsen.py',37,10,8586,1496614921,1496614921,1,0,'6278ea84566704d8459684414cb4cd33',27,''),(1969,19,'files_encryption/keys/files_trashbin/files/V 0.3.1.2.d1501021644/resetIcon.png','d95b0912754a3184b143cf13395a4342',1959,'resetIcon.png',2,1,544,1496614922,1496614922,0,0,'5934880a9f6b7',31,''),(1970,19,'files_encryption/keys/files_trashbin/files/V 0.3.1.2.d1501021644/resetIcon.png/OC_DEFAULT_MODULE','0a89d7f271ef0d9e6cccc0dad3d1b7d7',1969,'OC_DEFAULT_MODULE',2,1,544,1496614922,1496614922,0,0,'5934880aa993d',31,''),(1971,19,'files_trashbin/files/V 0.3.1.2.d1501021644/resetIcon.png','2bee38922f38c3bd0f8207b41083789c',1957,'resetIcon.png',18,5,4269,1496614922,1496614922,1,0,'db1f5138dd31138ef0b05b5acd144fda',27,''),(1972,19,'files_encryption/keys/files_trashbin/files/V 0.3.1.2.d1501021644/refreshIcon.png','e164c9b313f62419f56ecc6f4d1b51aa',1959,'refreshIcon.png',2,1,544,1496614924,1496614924,0,0,'5934880c284f3',31,''),